 {"id":21,"date":"2014-01-20T13:31:02","date_gmt":"2014-01-20T12:31:02","guid":{"rendered":"https:\/\/blogs.univ-tlse2.fr\/jmel\/?page_id=21"},"modified":"2025-06-20T11:38:12","modified_gmt":"2025-06-20T09:38:12","slug":"liens","status":"publish","type":"page","link":"https:\/\/blogs.univ-tlse2.fr\/jmel\/liens\/","title":{"rendered":"Ressources Statistiques"},"content":{"rendered":"<p><strong>Documents p\u00e9dagogiques et cours en ligne<\/strong><\/p>\n<p><a href=\"https:\/\/github.com\/wikistat\">WikiStat<\/a><\/p>\n<p><a href=\"http:\/\/ricco-rakotomalala.blogspot.com\/\">Ricco Rakotomalala &#8211; Data Science<\/a><\/p>\n<p><a href=\"http:\/\/factominer.free.fr\/index_fr.html\">FactoMineR : Analyse de donn\u00e9es avec R<\/a><\/p>\n<p><a href=\"http:\/\/www.iramuteq.org\/\">Iramuteq<\/a> pour les Analyses Multidimensionnelles de Textes et de Questionnaires<\/p>\n<p><strong>Sur les Mod\u00e8les d&rsquo;\u00e9quations structurelles (SEM)<\/strong><\/p>\n<p><a href=\"http:\/\/lavaan.ugent.be\/\">lavaan\u00a0 <\/a>(Structural Equation Modeling with R<a href=\"http:\/\/lavaan.ugent.be\/\">)<\/a><\/p>\n<p><a href=\"http:\/\/www.ssicentral.com\/index.php\/product\/lisrel\"> LISREL<\/a><\/p>\n<p><a href=\"http:\/\/www.statmodel.com\/index.shtml\"> Mplus<\/a><\/p>\n<p>&#8230;<\/p>\n\n\n<p><\/p>\n","protected":false},"excerpt":{"rendered":"<p>Documents p\u00e9dagogiques et cours en ligne WikiStat Ricco Rakotomalala &#8211; Data Science FactoMineR : Analyse de donn\u00e9es avec R Iramuteq pour les Analyses Multidimensionnelles de Textes et de Questionnaires Sur les Mod\u00e8les d&rsquo;\u00e9quations structurelles (SEM) lavaan\u00a0 (Structural Equation Modeling with R) LISREL Mplus &#8230;<\/p>\n","protected":false},"author":1,"featured_media":0,"parent":0,"menu_order":0,"comment_status":"closed","ping_status":"closed","template":"","meta":{"footnotes":""},"class_list":["post-21","page","type-page","status-publish","hentry"],"_links":{"self":[{"href":"https:\/\/blogs.univ-tlse2.fr\/jmel\/wp-json\/wp\/v2\/pages\/21","targetHints":{"allow":["GET"]}}],"collection":[{"href":"https:\/\/blogs.univ-tlse2.fr\/jmel\/wp-json\/wp\/v2\/pages"}],"about":[{"href":"https:\/\/blogs.univ-tlse2.fr\/jmel\/wp-json\/wp\/v2\/types\/page"}],"author":[{"embeddable":true,"href":"https:\/\/blogs.univ-tlse2.fr\/jmel\/wp-json\/wp\/v2\/users\/1"}],"replies":[{"embeddable":true,"href":"https:\/\/blogs.univ-tlse2.fr\/jmel\/wp-json\/wp\/v2\/comments?post=21"}],"version-history":[{"count":32,"href":"https:\/\/blogs.univ-tlse2.fr\/jmel\/wp-json\/wp\/v2\/pages\/21\/revisions"}],"predecessor-version":[{"id":534,"href":"https:\/\/blogs.univ-tlse2.fr\/jmel\/wp-json\/wp\/v2\/pages\/21\/revisions\/534"}],"wp:attachment":[{"href":"https:\/\/blogs.univ-tlse2.fr\/jmel\/wp-json\/wp\/v2\/media?parent=21"}],"curies":[{"name":"wp","href":"https:\/\/api.w.org\/{rel}","templated":true}]}}