 {"id":131,"date":"2021-11-25T17:54:08","date_gmt":"2021-11-25T16:54:08","guid":{"rendered":"https:\/\/blogs.univ-tlse2.fr\/journeesanstia\/?page_id=131"},"modified":"2021-11-26T15:20:24","modified_gmt":"2021-11-26T14:20:24","slug":"jour-2","status":"publish","type":"page","link":"https:\/\/blogs.univ-tlse2.fr\/journeesanstia\/jour-2\/","title":{"rendered":"Jour 2"},"content":{"rendered":"\n<p>25 novembre 2021<\/p>\n\n\n\n<p><\/p>\n\n\n\n<div class=\"wp-block-media-text alignwide is-stacked-on-mobile\" style=\"grid-template-columns:57% auto\"><figure class=\"wp-block-media-text__media\"><img loading=\"lazy\" decoding=\"async\" width=\"1024\" height=\"648\" src=\"https:\/\/blogs.univ-tlse2.fr\/journeesanstia\/files\/2021\/11\/IMG_0058-1024x648.jpg\" alt=\"\" class=\"wp-image-227 size-full\" srcset=\"https:\/\/blogs.univ-tlse2.fr\/journeesanstia\/files\/2021\/11\/IMG_0058-1024x648.jpg 1024w, https:\/\/blogs.univ-tlse2.fr\/journeesanstia\/files\/2021\/11\/IMG_0058-300x190.jpg 300w, https:\/\/blogs.univ-tlse2.fr\/journeesanstia\/files\/2021\/11\/IMG_0058-768x486.jpg 768w, https:\/\/blogs.univ-tlse2.fr\/journeesanstia\/files\/2021\/11\/IMG_0058-1536x973.jpg 1536w, https:\/\/blogs.univ-tlse2.fr\/journeesanstia\/files\/2021\/11\/IMG_0058-2048x1297.jpg 2048w, https:\/\/blogs.univ-tlse2.fr\/journeesanstia\/files\/2021\/11\/IMG_0058-140x90.jpg 140w\" sizes=\"auto, (max-width: 1024px) 100vw, 1024px\" \/><\/figure><div class=\"wp-block-media-text__content\">\n<p><\/p>\n\n\n\n<p class=\"has-text-align-center\">A la suite d&rsquo;un accueil matinal rempli de caf\u00e9ine et de petites viennoiseries, les participants ont assist\u00e9 \u00e0 une restitution des ateliers pr\u00e9c\u00e9dents. Et ce afin de mettre en commun les diff\u00e9rents th\u00e8mes et notions abord\u00e9es lors du premier jour de cette rencontre annuelle. S&rsquo;en est suivi une cartographie des m\u00e9tiers des adh\u00e9rents, o\u00f9 les participants ont pu s&rsquo;informer et pr\u00e9senter les diff\u00e9rentes professions pr\u00e9sentes dans l&rsquo;association. Ensuite une table ronde fut mise en place afin de proposer un regard crois\u00e9 sur leurs diff\u00e9rents m\u00e9tiers. <\/p>\n\n\n\n<p><\/p>\n<\/div><\/div>\n\n\n\n<p><span class=\"has-inline-color has-white-color\">gghg<\/span><\/p>\n\n\n\n<p><\/p>\n\n\n\n<p>Les conf\u00e9rences et tables rondes de ce jeudi matin pluvieux et glacial, ont eu pour objectif d&rsquo;offrir un spectre global des m\u00e9tiers en lien avec l&rsquo;association nationale des services TICE et audiovisuels de l&rsquo;enseignement sup\u00e9rieur et de la recherche. Afin de conclure cette matin\u00e9e de rencontre inter crois\u00e9es les adh\u00e9rents et participants ont \u00e9t\u00e9 invit\u00e9s \u00e0 partager un moment de d\u00e9tente autour d&rsquo;un d\u00e9jeuner au sein du restaurant de l&rsquo;universit\u00e9 Jean Jaur\u00e8s. <\/p>\n\n\n\n<p><span class=\"has-inline-color has-white-color\">Atelier \u00ab\u00a0audiovisuel\u00a0\u00bb<\/span><\/p>\n\n\n\n<figure class=\"wp-block-gallery columns-3 is-cropped wp-block-gallery-1 is-layout-flex wp-block-gallery-is-layout-flex\"><ul class=\"blocks-gallery-grid\"><li class=\"blocks-gallery-item\"><figure><img loading=\"lazy\" decoding=\"async\" width=\"1024\" height=\"712\" src=\"https:\/\/blogs.univ-tlse2.fr\/journeesanstia\/files\/2021\/11\/IMG_0005-1024x712.jpg\" alt=\"\" data-id=\"231\" data-full-url=\"https:\/\/blogs.univ-tlse2.fr\/journeesanstia\/files\/2021\/11\/IMG_0005-scaled.jpg\" data-link=\"https:\/\/blogs.univ-tlse2.fr\/journeesanstia\/?attachment_id=231\" class=\"wp-image-231\" srcset=\"https:\/\/blogs.univ-tlse2.fr\/journeesanstia\/files\/2021\/11\/IMG_0005-1024x712.jpg 1024w, https:\/\/blogs.univ-tlse2.fr\/journeesanstia\/files\/2021\/11\/IMG_0005-300x209.jpg 300w, https:\/\/blogs.univ-tlse2.fr\/journeesanstia\/files\/2021\/11\/IMG_0005-768x534.jpg 768w, https:\/\/blogs.univ-tlse2.fr\/journeesanstia\/files\/2021\/11\/IMG_0005-1536x1068.jpg 1536w, https:\/\/blogs.univ-tlse2.fr\/journeesanstia\/files\/2021\/11\/IMG_0005-2048x1424.jpg 2048w, https:\/\/blogs.univ-tlse2.fr\/journeesanstia\/files\/2021\/11\/IMG_0005-100x70.jpg 100w\" sizes=\"auto, (max-width: 1024px) 100vw, 1024px\" \/><\/figure><\/li><li class=\"blocks-gallery-item\"><figure><img loading=\"lazy\" decoding=\"async\" width=\"1024\" height=\"712\" src=\"https:\/\/blogs.univ-tlse2.fr\/journeesanstia\/files\/2021\/11\/IMG_0064-1024x712.jpg\" alt=\"\" data-id=\"230\" data-full-url=\"https:\/\/blogs.univ-tlse2.fr\/journeesanstia\/files\/2021\/11\/IMG_0064-scaled.jpg\" data-link=\"https:\/\/blogs.univ-tlse2.fr\/journeesanstia\/?attachment_id=230\" class=\"wp-image-230\" srcset=\"https:\/\/blogs.univ-tlse2.fr\/journeesanstia\/files\/2021\/11\/IMG_0064-1024x712.jpg 1024w, https:\/\/blogs.univ-tlse2.fr\/journeesanstia\/files\/2021\/11\/IMG_0064-300x209.jpg 300w, https:\/\/blogs.univ-tlse2.fr\/journeesanstia\/files\/2021\/11\/IMG_0064-768x534.jpg 768w, https:\/\/blogs.univ-tlse2.fr\/journeesanstia\/files\/2021\/11\/IMG_0064-1536x1069.jpg 1536w, https:\/\/blogs.univ-tlse2.fr\/journeesanstia\/files\/2021\/11\/IMG_0064-2048x1425.jpg 2048w, https:\/\/blogs.univ-tlse2.fr\/journeesanstia\/files\/2021\/11\/IMG_0064-100x70.jpg 100w\" sizes=\"auto, (max-width: 1024px) 100vw, 1024px\" \/><\/figure><\/li><li class=\"blocks-gallery-item\"><figure><img loading=\"lazy\" decoding=\"async\" width=\"1024\" height=\"724\" src=\"https:\/\/blogs.univ-tlse2.fr\/journeesanstia\/files\/2021\/11\/IMG_0004-1024x724.jpg\" alt=\"\" data-id=\"232\" data-full-url=\"https:\/\/blogs.univ-tlse2.fr\/journeesanstia\/files\/2021\/11\/IMG_0004-scaled.jpg\" data-link=\"https:\/\/blogs.univ-tlse2.fr\/journeesanstia\/?attachment_id=232\" class=\"wp-image-232\" srcset=\"https:\/\/blogs.univ-tlse2.fr\/journeesanstia\/files\/2021\/11\/IMG_0004-1024x724.jpg 1024w, https:\/\/blogs.univ-tlse2.fr\/journeesanstia\/files\/2021\/11\/IMG_0004-300x212.jpg 300w, https:\/\/blogs.univ-tlse2.fr\/journeesanstia\/files\/2021\/11\/IMG_0004-768x543.jpg 768w, https:\/\/blogs.univ-tlse2.fr\/journeesanstia\/files\/2021\/11\/IMG_0004-1536x1086.jpg 1536w, https:\/\/blogs.univ-tlse2.fr\/journeesanstia\/files\/2021\/11\/IMG_0004-2048x1447.jpg 2048w, https:\/\/blogs.univ-tlse2.fr\/journeesanstia\/files\/2021\/11\/IMG_0004-100x70.jpg 100w\" sizes=\"auto, (max-width: 1024px) 100vw, 1024px\" \/><\/figure><\/li><\/ul><\/figure>\n\n\n\n<p><span class=\"has-inline-color has-white-color\">des Services TICE et Audiovisuels de l&rsquo;enseignement sup\u00e9rieur et de la recherche<\/span><\/p>\n\n\n\n<p><span class=\"has-inline-color has-white-color\">des Services TICE et Audiovisuels de l&rsquo;enseignement sup\u00e9rieur et <\/span><\/p>\n\n\n\n<p><strong>Ateliers<\/strong><\/p>\n\n\n\n<p>Les ateliers de cette apr\u00e8s-midi, ont mis en \u00e9vidence et ont tent\u00e9 d&rsquo;amener un travail de r\u00e9flexion active aux diff\u00e9rents acteurs. D\u00e9partag\u00e9s en trois groupes, pris en charge par le conseil d&rsquo;administration de l&rsquo;association, les participants de cette rencontre ont \u00e9chang\u00e9 ou assist\u00e9 \u00e0 des d\u00e9bats autour de diff\u00e9rentes questions concernant les nombreuses facettes de ces professions. <\/p>\n\n\n\n<p><span class=\"has-inline-color has-white-color\">, pr\u00e9sent\u00e9s par le conseil d&rsquo;administration,<\/span><\/p>\n\n\n\n<p><\/p>\n\n\n\n<div class=\"wp-block-columns is-layout-flex wp-container-core-columns-is-layout-9d6595d7 wp-block-columns-is-layout-flex\">\n<div class=\"wp-block-column is-layout-flow wp-block-column-is-layout-flow\" style=\"flex-basis:100%\">\n<div class=\"wp-block-columns is-layout-flex wp-container-core-columns-is-layout-9d6595d7 wp-block-columns-is-layout-flex\">\n<div class=\"wp-block-column is-layout-flow wp-block-column-is-layout-flow\">\n<p class=\"has-text-align-center\"><span class=\"has-inline-color has-primary-color\">Audiovisuel <\/span><\/p>\n\n\n\n<p class=\"has-text-align-center\"><em>P. Crave et F. Granero-G\u00e9rard<\/em><\/p>\n\n\n\n<p><span class=\"has-inline-color has-white-color\">Atelier \u00ab\u00a0audiovisuel\u00a0\u00bb<\/span> <\/p>\n\n\n\n<p class=\"has-text-align-center\">Dans cet atelier, les participants ont \u00e9t\u00e9 invit\u00e9s \u00e0 travailler sur les m\u00e9tiers et sur la typologie de production. A l&rsquo;aide d&rsquo;un d\u00e9bat ils ont pu mettre en confrontation, discussion ou tout simplement exposer leurs r\u00e9flexions propres autour des m\u00e9tiers de l&rsquo;audiovisuel. <\/p>\n<\/div>\n\n\n\n<div class=\"wp-block-column is-layout-flow wp-block-column-is-layout-flow\">\n<p class=\"has-text-align-center\"><span class=\"has-inline-color has-primary-color\">Ing\u00e9nierie p\u00e9dagogique<\/span> <\/p>\n\n\n\n<p class=\"has-text-align-center\"><em>N. Belin, B. Collington et J. Gallot<\/em><\/p>\n\n\n\n<p><span class=\"has-inline-color has-white-color\">Atelier \u00ab\u00a0audiovisuel\u00a0\u00bb<\/span> <\/p>\n\n\n\n<p class=\"has-text-align-center\">Ici, ils furent invit\u00e9s \u00e0 entreprendre des questions r\u00e9ponses autour du plan de formation, fonctionnements&#8230; concernant les aspects de cette profession. La question principale pos\u00e9e \u00e9tant \u00ab\u00a0quel avenir pour l&rsquo;APC?\u00a0\u00bb,  ou approches de comp\u00e9tences.   <\/p>\n<\/div>\n\n\n\n<div class=\"wp-block-column is-layout-flow wp-block-column-is-layout-flow\">\n<p class=\"has-text-align-center\"><span class=\"has-inline-color has-primary-color\">Duplex s\u00e9minaire ADSI<\/span> <\/p>\n\n\n\n<p class=\"has-text-align-center\"><em>S. Guichard, I. Olivier et F. Pomies<\/em> <\/p>\n\n\n\n<p><span class=\"has-inline-color has-white-color\">Atelier \u00ab\u00a0audiovisuel\u00a0\u00bb<\/span> <\/p>\n\n\n\n<p class=\"has-text-align-center\">Durant ce s\u00e9minaire, la question de l&rsquo;impact de la crise sur les m\u00e9tiers de support \u00e0 l&rsquo;enseignement fut \u00e9tablie. Outre le format diff\u00e9rent des autres ateliers, les participants furent tout de m\u00eame invit\u00e9s \u00e0 se questionner autour des enjeux et cons\u00e9quences                de la crise.   <\/p>\n\n\n\n<p><\/p>\n<\/div>\n<\/div>\n<\/div>\n<\/div>\n\n\n\n<p><span class=\"has-inline-color has-white-color\">Atelier \u00ab\u00a0audiovisuel\u00a0\u00bb<\/span> <\/p>\n\n\n\n<figure class=\"wp-block-gallery columns-2 is-cropped wp-block-gallery-2 is-layout-flex wp-block-gallery-is-layout-flex\"><ul class=\"blocks-gallery-grid\"><li class=\"blocks-gallery-item\"><figure><img loading=\"lazy\" decoding=\"async\" width=\"1024\" height=\"667\" src=\"https:\/\/blogs.univ-tlse2.fr\/journeesanstia\/files\/2021\/11\/IMG_0026-1024x667.jpg\" alt=\"\" data-id=\"260\" data-full-url=\"https:\/\/blogs.univ-tlse2.fr\/journeesanstia\/files\/2021\/11\/IMG_0026-scaled.jpg\" data-link=\"https:\/\/blogs.univ-tlse2.fr\/journeesanstia\/?attachment_id=260\" class=\"wp-image-260\" srcset=\"https:\/\/blogs.univ-tlse2.fr\/journeesanstia\/files\/2021\/11\/IMG_0026-1024x667.jpg 1024w, https:\/\/blogs.univ-tlse2.fr\/journeesanstia\/files\/2021\/11\/IMG_0026-300x195.jpg 300w, https:\/\/blogs.univ-tlse2.fr\/journeesanstia\/files\/2021\/11\/IMG_0026-768x500.jpg 768w, https:\/\/blogs.univ-tlse2.fr\/journeesanstia\/files\/2021\/11\/IMG_0026-1536x1001.jpg 1536w, https:\/\/blogs.univ-tlse2.fr\/journeesanstia\/files\/2021\/11\/IMG_0026-2048x1335.jpg 2048w, https:\/\/blogs.univ-tlse2.fr\/journeesanstia\/files\/2021\/11\/IMG_0026-140x90.jpg 140w\" sizes=\"auto, (max-width: 1024px) 100vw, 1024px\" \/><\/figure><\/li><li class=\"blocks-gallery-item\"><figure><img loading=\"lazy\" decoding=\"async\" width=\"1024\" height=\"769\" src=\"https:\/\/blogs.univ-tlse2.fr\/journeesanstia\/files\/2021\/11\/IMG_0028-1024x769.jpg\" alt=\"\" data-id=\"261\" data-full-url=\"https:\/\/blogs.univ-tlse2.fr\/journeesanstia\/files\/2021\/11\/IMG_0028-scaled.jpg\" data-link=\"https:\/\/blogs.univ-tlse2.fr\/journeesanstia\/?attachment_id=261\" class=\"wp-image-261\" srcset=\"https:\/\/blogs.univ-tlse2.fr\/journeesanstia\/files\/2021\/11\/IMG_0028-1024x769.jpg 1024w, https:\/\/blogs.univ-tlse2.fr\/journeesanstia\/files\/2021\/11\/IMG_0028-300x225.jpg 300w, https:\/\/blogs.univ-tlse2.fr\/journeesanstia\/files\/2021\/11\/IMG_0028-768x577.jpg 768w, https:\/\/blogs.univ-tlse2.fr\/journeesanstia\/files\/2021\/11\/IMG_0028-1536x1154.jpg 1536w, https:\/\/blogs.univ-tlse2.fr\/journeesanstia\/files\/2021\/11\/IMG_0028-2048x1538.jpg 2048w\" sizes=\"auto, (max-width: 1024px) 100vw, 1024px\" \/><\/figure><\/li><\/ul><\/figure>\n\n\n\n<p><\/p>\n\n\n\n<p>L&rsquo;assembl\u00e9e g\u00e9n\u00e9rale de l&rsquo;ANSTIA regroupant la quasi int\u00e9gralit\u00e9 des adh\u00e9rents de l&rsquo;association a finalement cl\u00f4tur\u00e9 la deuxi\u00e8me journ\u00e9e de conf\u00e9rences. <\/p>\n\n\n\n<p><span class=\"has-inline-color has-white-color\">Atelier \u00ab\u00a0audiovisuel\u00a0\u00bb<\/span> <\/p>\n\n\n\n<p><span class=\"has-inline-color has-white-color\">Atelier \u00ab\u00a0audiovisuel\u00a0\u00bb<\/span> <\/p>\n\n\n\n<p><span class=\"has-inline-color has-white-color\">Atelier \u00ab\u00a0audiovisuel\u00a0\u00bb<\/span>  <\/p>\n\n\n\n<p><strong>Soir\u00e9e festive au Bistro XIII  <\/strong><\/p>\n\n\n\n<div class=\"wp-block-media-text alignwide is-stacked-on-mobile\" style=\"grid-template-columns:47% auto\"><figure class=\"wp-block-media-text__media\"><img loading=\"lazy\" decoding=\"async\" width=\"960\" height=\"1024\" src=\"https:\/\/blogs.univ-tlse2.fr\/journeesanstia\/files\/2021\/11\/118739379_146220040494659_4779043936798064315_n-960x1024.jpg\" alt=\"\" class=\"wp-image-265 size-full\" srcset=\"https:\/\/blogs.univ-tlse2.fr\/journeesanstia\/files\/2021\/11\/118739379_146220040494659_4779043936798064315_n-960x1024.jpg 960w, https:\/\/blogs.univ-tlse2.fr\/journeesanstia\/files\/2021\/11\/118739379_146220040494659_4779043936798064315_n-281x300.jpg 281w, https:\/\/blogs.univ-tlse2.fr\/journeesanstia\/files\/2021\/11\/118739379_146220040494659_4779043936798064315_n-768x820.jpg 768w, https:\/\/blogs.univ-tlse2.fr\/journeesanstia\/files\/2021\/11\/118739379_146220040494659_4779043936798064315_n-1439x1536.jpg 1439w, https:\/\/blogs.univ-tlse2.fr\/journeesanstia\/files\/2021\/11\/118739379_146220040494659_4779043936798064315_n.jpg 1729w\" sizes=\"auto, (max-width: 960px) 100vw, 960px\" \/><\/figure><div class=\"wp-block-media-text__content\">\n<p class=\"has-text-align-center\">C&rsquo;est dans un petit bistrot typiquement toulousain que les participants aux journ\u00e9es 2021 de l&rsquo;ANSTIA se sont retrouv\u00e9s afin de c\u00e9l\u00e9brer leurs retrouvailles.<\/p>\n\n\n\n<p class=\"has-text-align-center\">Apr\u00e8s deux ans sans se voir, les diff\u00e9rents professionnels ont profit\u00e9 d&rsquo;une ambiance festive aux sons m\u00e9lodieux d&rsquo;une performance live. Profitant d&rsquo;un repas chaleureux et convivial, suivi d&rsquo;une danse bien m\u00e9rit\u00e9 !<\/p>\n<\/div><\/div>\n\n\n\n<p><span class=\"has-inline-color has-white-color\">Atelier \u00ab\u00a0audiovisuel\u00a0\u00bb<\/span> <\/p>\n\n\n\n<figure class=\"wp-block-gallery columns-3 is-cropped wp-block-gallery-3 is-layout-flex wp-block-gallery-is-layout-flex\"><ul class=\"blocks-gallery-grid\"><li class=\"blocks-gallery-item\"><figure><img loading=\"lazy\" decoding=\"async\" width=\"478\" height=\"321\" src=\"https:\/\/blogs.univ-tlse2.fr\/journeesanstia\/files\/2021\/11\/259581827_1102940430463186_8258771901754169209_n.jpg\" alt=\"\" data-id=\"270\" data-full-url=\"https:\/\/blogs.univ-tlse2.fr\/journeesanstia\/files\/2021\/11\/259581827_1102940430463186_8258771901754169209_n.jpg\" data-link=\"https:\/\/blogs.univ-tlse2.fr\/journeesanstia\/?attachment_id=270\" class=\"wp-image-270\" srcset=\"https:\/\/blogs.univ-tlse2.fr\/journeesanstia\/files\/2021\/11\/259581827_1102940430463186_8258771901754169209_n.jpg 478w, https:\/\/blogs.univ-tlse2.fr\/journeesanstia\/files\/2021\/11\/259581827_1102940430463186_8258771901754169209_n-300x201.jpg 300w\" sizes=\"auto, (max-width: 478px) 100vw, 478px\" \/><\/figure><\/li><li class=\"blocks-gallery-item\"><figure><img loading=\"lazy\" decoding=\"async\" width=\"750\" height=\"562\" src=\"https:\/\/blogs.univ-tlse2.fr\/journeesanstia\/files\/2021\/11\/257384375_455804149293278_2820331067492385437_n.jpg\" alt=\"\" data-id=\"272\" data-full-url=\"https:\/\/blogs.univ-tlse2.fr\/journeesanstia\/files\/2021\/11\/257384375_455804149293278_2820331067492385437_n.jpg\" data-link=\"https:\/\/blogs.univ-tlse2.fr\/journeesanstia\/?attachment_id=272\" class=\"wp-image-272\" srcset=\"https:\/\/blogs.univ-tlse2.fr\/journeesanstia\/files\/2021\/11\/257384375_455804149293278_2820331067492385437_n.jpg 750w, https:\/\/blogs.univ-tlse2.fr\/journeesanstia\/files\/2021\/11\/257384375_455804149293278_2820331067492385437_n-300x225.jpg 300w\" sizes=\"auto, (max-width: 750px) 100vw, 750px\" \/><\/figure><\/li><li class=\"blocks-gallery-item\"><figure><img loading=\"lazy\" decoding=\"async\" width=\"569\" height=\"473\" src=\"https:\/\/blogs.univ-tlse2.fr\/journeesanstia\/files\/2021\/11\/258842120_940111496598471_4638103673749205962_n.jpg\" alt=\"\" data-id=\"271\" data-full-url=\"https:\/\/blogs.univ-tlse2.fr\/journeesanstia\/files\/2021\/11\/258842120_940111496598471_4638103673749205962_n.jpg\" data-link=\"https:\/\/blogs.univ-tlse2.fr\/journeesanstia\/?attachment_id=271\" class=\"wp-image-271\" srcset=\"https:\/\/blogs.univ-tlse2.fr\/journeesanstia\/files\/2021\/11\/258842120_940111496598471_4638103673749205962_n.jpg 569w, https:\/\/blogs.univ-tlse2.fr\/journeesanstia\/files\/2021\/11\/258842120_940111496598471_4638103673749205962_n-300x249.jpg 300w\" sizes=\"auto, (max-width: 569px) 100vw, 569px\" \/><\/figure><\/li><\/ul><\/figure>\n\n\n\n<figure class=\"wp-block-gallery columns-3 is-cropped wp-block-gallery-4 is-layout-flex wp-block-gallery-is-layout-flex\"><ul class=\"blocks-gallery-grid\"><li class=\"blocks-gallery-item\"><figure><img loading=\"lazy\" decoding=\"async\" width=\"855\" height=\"626\" src=\"https:\/\/blogs.univ-tlse2.fr\/journeesanstia\/files\/2021\/11\/IMG_20211125_225200918.jpg.png\" alt=\"\" data-id=\"296\" data-full-url=\"https:\/\/blogs.univ-tlse2.fr\/journeesanstia\/files\/2021\/11\/IMG_20211125_225200918.jpg.png\" data-link=\"https:\/\/blogs.univ-tlse2.fr\/journeesanstia\/jour-2\/img_20211125_225200918-jpg\/\" class=\"wp-image-296\" srcset=\"https:\/\/blogs.univ-tlse2.fr\/journeesanstia\/files\/2021\/11\/IMG_20211125_225200918.jpg.png 855w, https:\/\/blogs.univ-tlse2.fr\/journeesanstia\/files\/2021\/11\/IMG_20211125_225200918.jpg-300x220.png 300w, https:\/\/blogs.univ-tlse2.fr\/journeesanstia\/files\/2021\/11\/IMG_20211125_225200918.jpg-768x562.png 768w\" sizes=\"auto, (max-width: 855px) 100vw, 855px\" \/><\/figure><\/li><li class=\"blocks-gallery-item\"><figure><img loading=\"lazy\" decoding=\"async\" width=\"884\" height=\"769\" src=\"https:\/\/blogs.univ-tlse2.fr\/journeesanstia\/files\/2021\/11\/IMG_20211125_225213011.jpg.png\" alt=\"\" data-id=\"298\" data-full-url=\"https:\/\/blogs.univ-tlse2.fr\/journeesanstia\/files\/2021\/11\/IMG_20211125_225213011.jpg.png\" data-link=\"https:\/\/blogs.univ-tlse2.fr\/journeesanstia\/jour-2\/img_20211125_225213011-jpg\/\" class=\"wp-image-298\" srcset=\"https:\/\/blogs.univ-tlse2.fr\/journeesanstia\/files\/2021\/11\/IMG_20211125_225213011.jpg.png 884w, https:\/\/blogs.univ-tlse2.fr\/journeesanstia\/files\/2021\/11\/IMG_20211125_225213011.jpg-300x261.png 300w, https:\/\/blogs.univ-tlse2.fr\/journeesanstia\/files\/2021\/11\/IMG_20211125_225213011.jpg-768x668.png 768w\" sizes=\"auto, (max-width: 884px) 100vw, 884px\" \/><\/figure><\/li><li class=\"blocks-gallery-item\"><figure><img loading=\"lazy\" decoding=\"async\" width=\"791\" height=\"577\" src=\"https:\/\/blogs.univ-tlse2.fr\/journeesanstia\/files\/2021\/11\/IMG_20211125_225153997.jpg.png\" alt=\"\" data-id=\"297\" data-full-url=\"https:\/\/blogs.univ-tlse2.fr\/journeesanstia\/files\/2021\/11\/IMG_20211125_225153997.jpg.png\" data-link=\"https:\/\/blogs.univ-tlse2.fr\/journeesanstia\/jour-2\/img_20211125_225153997-jpg\/\" class=\"wp-image-297\" srcset=\"https:\/\/blogs.univ-tlse2.fr\/journeesanstia\/files\/2021\/11\/IMG_20211125_225153997.jpg.png 791w, https:\/\/blogs.univ-tlse2.fr\/journeesanstia\/files\/2021\/11\/IMG_20211125_225153997.jpg-300x219.png 300w, https:\/\/blogs.univ-tlse2.fr\/journeesanstia\/files\/2021\/11\/IMG_20211125_225153997.jpg-768x560.png 768w\" sizes=\"auto, (max-width: 791px) 100vw, 791px\" \/><\/figure><\/li><\/ul><\/figure>\n","protected":false},"excerpt":{"rendered":"<p>25 novembre 2021 A la suite d&rsquo;un accueil matinal rempli de caf\u00e9ine et de petites viennoiseries, les participants ont assist\u00e9 \u00e0 une restitution des ateliers pr\u00e9c\u00e9dents. Et ce afin de mettre en commun les diff\u00e9rents th\u00e8mes et notions abord\u00e9es lors du premier jour de cette rencontre annuelle. S&rsquo;en est suivi une cartographie des m\u00e9tiers des adh\u00e9rents, o\u00f9 les participants ont [&hellip;]<\/p>\n","protected":false},"author":1075,"featured_media":0,"parent":0,"menu_order":0,"comment_status":"closed","ping_status":"closed","template":"","meta":{"footnotes":""},"class_list":["post-131","page","type-page","status-publish","hentry"],"_links":{"self":[{"href":"https:\/\/blogs.univ-tlse2.fr\/journeesanstia\/wp-json\/wp\/v2\/pages\/131","targetHints":{"allow":["GET"]}}],"collection":[{"href":"https:\/\/blogs.univ-tlse2.fr\/journeesanstia\/wp-json\/wp\/v2\/pages"}],"about":[{"href":"https:\/\/blogs.univ-tlse2.fr\/journeesanstia\/wp-json\/wp\/v2\/types\/page"}],"author":[{"embeddable":true,"href":"https:\/\/blogs.univ-tlse2.fr\/journeesanstia\/wp-json\/wp\/v2\/users\/1075"}],"replies":[{"embeddable":true,"href":"https:\/\/blogs.univ-tlse2.fr\/journeesanstia\/wp-json\/wp\/v2\/comments?post=131"}],"version-history":[{"count":47,"href":"https:\/\/blogs.univ-tlse2.fr\/journeesanstia\/wp-json\/wp\/v2\/pages\/131\/revisions"}],"predecessor-version":[{"id":304,"href":"https:\/\/blogs.univ-tlse2.fr\/journeesanstia\/wp-json\/wp\/v2\/pages\/131\/revisions\/304"}],"wp:attachment":[{"href":"https:\/\/blogs.univ-tlse2.fr\/journeesanstia\/wp-json\/wp\/v2\/media?parent=131"}],"curies":[{"name":"wp","href":"https:\/\/api.w.org\/{rel}","templated":true}]}}