 {"id":11,"date":"2014-11-25T14:18:16","date_gmt":"2014-11-25T13:18:16","guid":{"rendered":"https:\/\/blogs.univ-tlse2.fr\/jouve\/?page_id=11"},"modified":"2026-04-10T10:27:32","modified_gmt":"2026-04-10T09:27:32","slug":"responsabilites","status":"publish","type":"page","link":"https:\/\/blogs.univ-tlse2.fr\/jouve\/responsabilites\/","title":{"rendered":"Activity and CV"},"content":{"rendered":"<p><a href=\"https:\/\/blogs.univ-tlse2.fr\/jouve\/files\/2026\/04\/CV-BJ-mars-26.pdf\"> Detailed CV (in french)<\/a><\/p>\n<p><strong>Positions:<\/strong><\/p>\n<ul>\n<li>2025- : Vice-President of Toulouse University<\/li>\n<li>2024- : CNRS Senior Researcher in Mathematics (DR1)<\/li>\n<li>2023- : <a href=\"https:\/\/www.univ-toulouse.fr\/tiris\">TIRIS<\/a> (Toulouse Initiative for Research&#8217;s Impact on Society) Programme Coordinator (PIA 4 ExcellenceS)<\/li>\n<li>2020-2023: Vice-President Treasurer of <a href=\"https:\/\/cssociety.org\/\"><em>Complex Systems Society<\/em><\/a><\/li>\n<li>2020-2022: Founder and Board Member of <a href=\"https:\/\/networksci.peercommunityin.org\/\"><em>Peer Community In Network Science <\/em><\/a><\/li>\n<li>2018-: CNRS Senior Researcher in Mathematics (DR2) at the <a href=\"http:\/\/lisst.univ-tlse2.fr\/\">LISST<\/a> lab and associate member of the <a href=\"http:\/\/www.math.univ-toulouse.fr\/\">IMT<\/a> lab (Toulouse) and <a href=\"https:\/\/irmcmaghreb.org\/\">IRMC<\/a> (Tunis, Tunisie).<\/li>\n<li>2016-2018 : President of the &#8220;R\u00e9seau National des MSH&#8221; [National Network of Humanities &amp; Social Sciences Institutes]<\/li>\n<li>2015-2018 : Coordinator of the <a href=\"http:\/\/xsys.fr\">Toulouse Institute for complex System Studies<\/a> (XSYS)<\/li>\n<li>2013-2018: CNRS Senior Researcher in Mathematics (DR2) at the <a href=\"http:\/\/framespa.univ-tlse2.fr\/\">FRAMESPA<\/a> lab and associate member of the <a href=\"http:\/\/www.math.univ-toulouse.fr\/\">IMT<\/a> lab (Toulouse)<\/li>\n<li>2011-2016 : Scientific Deputy Director at the CNRS Humanities &amp; Social Sciences Institute (PMA, Paris)<\/li>\n<li>2011-2013: Full Professor of Applied Mathematics, University of Lyon 2 (ERIC, Lyon)<\/li>\n<li>2005-2011: Director of the &#8220;Maison de la Recherche&#8221; of the Toulouse 2 University and Director of the Toulouse Institute of Humanities &amp; Social Sciences.<\/li>\n<li>1999-2011: Associate Professor of Applied Mathematics, University of Toulouse 2 (IMT, Toulouse)<\/li>\n<li>1997-1999: &#8220;Professeur agr\u00e9g\u00e9&#8221; (PRAG) of Applied Mathematics, University of Toulouse 2.<\/li>\n<\/ul>\n<p><strong>Qualifications:<\/strong><\/p>\n<ul>\n<li>25\/11\/2009: Habilitation \u00e0 Diriger des Recherches de l&#8217;Universit\u00e9 de Toulouse &#8220;Math\u00e9matiques pour l&#8217;\u00e9tude de graphes de tailles moyennes: approches th\u00e9oriques et cas d&#8217;\u00e9tudes&#8221;.<\/li>\n<li>08\/01\/1999: PhD Thesis of the Ecole des Hautes Etudes en Sciences Sociales (EHESS) &#8220;La multiplicit\u00e9 des aires visuelles du cortex: approche par la th\u00e9orie des graphes&#8221;.<\/li>\n<li>1992: Dipl\u00f4me d&#8217;Etudes Approfondies (Master of Advanced Studies) in Cognitive Science of Paris 6 University<\/li>\n<li>1991: Agr\u00e9gation de Math\u00e9matiques<\/li>\n<\/ul>\n<p><strong>PhD Students:<\/strong><\/p>\n<ul>\n<li>Aya El Hussein: &#8220;About the king degree of a tournament&#8221;, PhD in Mathematics, University of Toulouse and Lebanon University, 2023-2026 (co-supervision Amin El Sahili and Maydoun Mortada)<\/li>\n<li>Mohamadou Salifou: &#8220;Vers une Mobilit\u00e9 urbaine plus Durable : quel Mod\u00e8le de D\u00e9tour ?&#8221;, PhD in Applied Mathematics, University of Toulouse, 2023-2026 (co-supervision Paul Rochet and Bruno Revelli)<\/li>\n<li>Mehdi Djellabi: &#8220;Dynamiques des parties non-denses des r\u00e9seaux complexes&#8221;, PhD in Computer Science, University of Toulouse, 2016-2020 (co-supervision Frederic Amblard)<\/li>\n<li><a href=\"http:\/\/albertolumbreras.net\/\">Alberto Lumbreras<\/a>: &#8220;Latent group dynamics: evolution of emergent roles in social networks&#8221;, PhD in Computer Science, University of Lyon and Technicolor, 2013-2016 (co-supervision with Julien Velcin).<\/li>\n<li><a href=\"http:\/\/romainboulet.wordpress.com\/\">Romain Boulet<\/a>: &#8220;Comparaison de graphes, applications \u00e0 l&#8217;\u00e9tude d&#8217;un r\u00e9seau de sociabilit\u00e9 paysan au moyen \u00e2ge&#8221;, PhD in Mathematics, University of Toulouse, 2005-2008 (co-supervision with Jean-Loup Abb\u00e9).<\/li>\n<li><a href=\"https:\/\/www.researchgate.net\/profile\/Jean-Francois_Culus\">Jean-Fran\u00e7ois Culus<\/a>: &#8220;D\u00e9compositions acircuitiques de grands graphes : des aspects algorithmiques aux aspects combinatoires&#8221;, PhD in Mathematics, University of Toulouse, 2002-2006 (co-supervision with Louis Ferr\u00e9).<\/li>\n<\/ul>\n","protected":false},"excerpt":{"rendered":"<p>Detailed CV (in french) Positions: 2025- : Vice-President of Toulouse University 2024- : CNRS Senior Researcher in Mathematics (DR1) 2023- : TIRIS (Toulouse Initiative for Research&#8217;s Impact on Society) Programme Coordinator (PIA 4 ExcellenceS) 2020-2023: Vice-President Treasurer of Complex Systems Society 2020-2022: Founder and Board Member of Peer Community In Network Science 2018-: CNRS Senior [&hellip;]<\/p>\n","protected":false},"author":254,"featured_media":0,"parent":0,"menu_order":0,"comment_status":"closed","ping_status":"closed","template":"","meta":{"footnotes":""},"class_list":["post-11","page","type-page","status-publish","hentry"],"_links":{"self":[{"href":"https:\/\/blogs.univ-tlse2.fr\/jouve\/wp-json\/wp\/v2\/pages\/11","targetHints":{"allow":["GET"]}}],"collection":[{"href":"https:\/\/blogs.univ-tlse2.fr\/jouve\/wp-json\/wp\/v2\/pages"}],"about":[{"href":"https:\/\/blogs.univ-tlse2.fr\/jouve\/wp-json\/wp\/v2\/types\/page"}],"author":[{"embeddable":true,"href":"https:\/\/blogs.univ-tlse2.fr\/jouve\/wp-json\/wp\/v2\/users\/254"}],"replies":[{"embeddable":true,"href":"https:\/\/blogs.univ-tlse2.fr\/jouve\/wp-json\/wp\/v2\/comments?post=11"}],"version-history":[{"count":56,"href":"https:\/\/blogs.univ-tlse2.fr\/jouve\/wp-json\/wp\/v2\/pages\/11\/revisions"}],"predecessor-version":[{"id":655,"href":"https:\/\/blogs.univ-tlse2.fr\/jouve\/wp-json\/wp\/v2\/pages\/11\/revisions\/655"}],"wp:attachment":[{"href":"https:\/\/blogs.univ-tlse2.fr\/jouve\/wp-json\/wp\/v2\/media?parent=11"}],"curies":[{"name":"wp","href":"https:\/\/api.w.org\/{rel}","templated":true}]}}