 {"id":240,"date":"2022-05-17T12:16:26","date_gmt":"2022-05-17T10:16:26","guid":{"rendered":"https:\/\/blogs.univ-tlse2.fr\/julia-hidalgo\/?page_id=240"},"modified":"2022-05-17T12:33:29","modified_gmt":"2022-05-17T10:33:29","slug":"mapuce","status":"publish","type":"page","link":"https:\/\/blogs.univ-tlse2.fr\/julia-hidalgo\/les-projets-de-recherche-2\/mapuce\/","title":{"rendered":"MApUCE (2014-2019)"},"content":{"rendered":"\n<figure class=\"wp-block-image size-full is-resized\"><img loading=\"lazy\" decoding=\"async\" src=\"https:\/\/blogs.univ-tlse2.fr\/julia-hidalgo\/files\/2022\/05\/Logo-MAPUCE-2017.png\" alt=\"\" class=\"wp-image-241\" width=\"157\" height=\"99\" srcset=\"https:\/\/blogs.univ-tlse2.fr\/julia-hidalgo\/files\/2022\/05\/Logo-MAPUCE-2017.png 588w, https:\/\/blogs.univ-tlse2.fr\/julia-hidalgo\/files\/2022\/05\/Logo-MAPUCE-2017-300x189.png 300w\" sizes=\"auto, (max-width: 157px) 100vw, 157px\" \/><figcaption><em>contacts : valery &#x6d;as&#x73;on&#x40;me&#x74;eo&#x2e;fr et jul&#105;&#97;&#x2e;&#x68;&#x69;&#x64;&#x61;lgo&#64;&#117;&#x6e;&#x69;&#x76;&#x2d;&#x74;lse&#50;&#46;&#x66;&#x72;<\/em><\/figcaption><\/figure>\n\n\n\n<p><strong>2014-2019 :<\/strong> <strong><a rel=\"noreferrer noopener\" href=\"http:\/\/www.cnrm.meteo.fr\/ville.climat\/spip.php?rubrique120\" target=\"_blank\">ANR MAPUCE<\/a><\/strong> \u2013 Mod\u00e9lisation Appliqu\u00e9e et droit de l\u2019Urbanisme : Climat urbain et \u00c9nergie. Appel B\u00e2timents et Villes Durables 2013. Partenaires&nbsp;: CNRM (porteur), FNAU, LABSTTIC, LATTS, LIENSs, LIEU, LISST (co-porteur), LRA<\/p>\n\n\n\n<p>Le projet MApUCE vise \u00e0 am\u00e9liorer les d\u00e9marches d\u2019int\u00e9gration des enjeux climatiques dans les politiques urbaines. On s\u2019attache pour cela \u00e0 obtenir, \u00e0 partir de simulations num\u00e9riques, des donn\u00e9es quantitatives de microclimat urbain, climat et \u00e9nergie pour n\u2019importe quelle ville de France et ce jusqu\u2019\u00e0 l\u2019\u00e9chelle des quartiers, puis \u00e0 d\u00e9finir une m\u00e9thodologie pour les int\u00e9grer dans les documents juridiques et les politiques urbaines les plus pertinentes.<\/p>\n\n\n\n<p><\/p>\n\n\n\n<h2 class=\"wp-block-heading\">Apports du LISST<\/h2>\n\n\n\n<ul class=\"wp-block-list\"><li><strong>Portage : <\/strong><\/li><li>Analyse des jeux d&rsquo;acteurs et de la gouvernance climatique \u00e0 l&rsquo;\u00e9chelle locale<\/li><li>Accompagnement de Toulouse M\u00e9tropole dans l&rsquo;\u00e9laboration du PLUi-H <\/li><li>Proposition d&rsquo;une m\u00e9thodologie d&rsquo;\u00e9laboration de cartes climatiques de l&rsquo;environnement urbain \u00e0 destination de l&rsquo;urbanisme op\u00e9rationnel <\/li><li><em>Quelques productions :<\/em> <\/li><li>Atlas Climatique https:\/\/www.aua-toulouse.org\/wp-content\/uploads\/2020\/06\/AtlasClimatique-v2light.pdf<\/li><li>Guide de recommandations https:\/\/www.toulouse-metropole.fr\/documents\/10180\/26954502\/Guide_ICU_priseencompteclimaturbain+2021.pdf\/d71ceaa2-8839-4c83-8669-cdc85545b675                                     <\/li><li><strong>Contribution \u00e0 la BD- urbaine MApUCE :<\/strong><\/li><li>Mise en place d&rsquo;une m\u00e9thode de calcul des Zones Climatiques Locales \u00e0 partir de la BD-MApUCE<\/li><li><strong>Contribution aux mod\u00e9lisations microclimatiques :<\/strong><\/li><li>Identification des situations m\u00e9t\u00e9orologiques (types de temps sensibles) \u00e0 mod\u00e9liser<\/li><li><strong>Contribution \u00e0 l&rsquo;analyse r\u00e9glementaire<\/strong><\/li><li>collaboration avec les juristes du projet pour articuler levier d&rsquo;action d&rsquo;adaptation \u00e0 la chaleur et article du code de l&rsquo;urbanisme ou de l&rsquo;environnement<\/li><li><em>Quelques productions :<\/em><\/li><li><em>https:\/\/www.adaptation-changement-climatique.gouv.fr\/centre-ressources\/fiche-methodologique-climat-urbain-energie-et-droit-lurbanisme-plui-reglement<\/em><\/li><li>http:\/\/iuar-lieu-amu.fr\/wp-content\/uploads\/2019\/07\/MapUCE_guide-methodologique_BD_48p.pdf<\/li><li><strong>co-portage du projet avec le CNRM<\/strong><\/li><\/ul>\n\n\n\n<p><strong>Publications scientifiques du LISST associ\u00e9es au projet<\/strong><\/p>\n\n\n\n<p>2020 Touati, N., Gardes, T. and J. Hidalgo. A GIS plugin to model the Urban Heat Island from urban meteorological networks, Urban Climate, 34, Elsevier, <a rel=\"noreferrer noopener\" href=\"https:\/\/doi.org\/10.1016\/j.uclim.2020.100692\" target=\"_blank\">https:\/\/doi.org\/10.1016\/j.uclim.2020.100692<\/a><\/p>\n\n\n\n<p>2020<strong> <\/strong>Thomas Gardes, Robert Schoetter, Julia Hidalgo, Nathalie Long, Eva Marqu\u00e8s, et al.. Statistical prediction of the nocturnal urban heat island intensity based on urban morphology and geographical factors &#8211; An investigation based on numerical model results for a large ensemble of French cities. Science of the Total Environment, Elsevier, 2020, 737, pp.139253. \u27e810.1016\/j.scitotenv.2020.139253\u27e9. \u27e8halshs-02955556\u27e9<\/p>\n\n\n\n<p>2020 Robert Schoetter, Julia Hidalgo, Renaud Jougla, Val\u00e9ry Masson, Mario Rega, et al.. A statistical-dynamical downscaling for the urban heat island and building energy consumption &#8211; Analysis of Its uncertainties. Journal of Applied Meteorology and Climatology, American Meteorological Society, 2020, 59 (5), pp.859-883. \u27e810.1175\/JAMC-D-19-0182.1\u27e9. \u27e8hal-02970910\u27e9<\/p>\n\n\n\n<p>2019 Bechtel, B., Alexander, P. et al.&nbsp; Generating WUDAPT Level 0 data \u2013 Current status of production and evaluation. Urban Climate, Elsevier, 27 , p. 24-45. (10.1016\/j.uclim.2018.10.001) https:\/\/www.sciencedirect.com\/science\/article\/pii\/S221209551830302X<\/p>\n\n\n\n<p>2019 Hidalgo J., G. Dumas, V. Masson, G. Petit, B. Betchtel, E. Bocher, M. Foley, R. Schoetter, G. Mills: Comparison between Local Climate Zones maps derived from administrative datasets and satellite observations, Urban Climate, Elsevier, 27, p.64-89.<\/p>\n\n\n\n<p>2019 Kwok Y.-T., R. Schoetter, K. Lau, J. Hidalgo, C. Ren, G. Pigeon, V. Masson 2019 : How well does the Local Climate Zone scheme discern the thermal environment of Toulouse (France) ? An analysis using numerical simulation data, International Journal of Climatology, published online, doi:10.1002\/joc.6140<\/p>\n\n\n\n<p>2018 Hidalgo, J. et Jougla, R. On the use of local weather types classification to improve climate understanding: An application on the urban climate of Toulouse. PLoS ONE, 13 (12) https:\/\/journals.plos.org\/plosone\/<\/p>\n\n\n\n<p><\/p>\n\n\n\n<p>Pour plus d&rsquo;information, visiter le site officiel du projet <\/p>\n\n\n\n<p><a href=\"https:\/\/www.umr-cnrm.fr\/spip.php?article787\">https:\/\/www.umr-cnrm.fr\/spip.php?article787<\/a><\/p>\n","protected":false},"excerpt":{"rendered":"<p>2014-2019 : ANR MAPUCE \u2013 Mod\u00e9lisation Appliqu\u00e9e et droit de l\u2019Urbanisme : Climat urbain et \u00c9nergie. Appel B\u00e2timents et Villes Durables 2013. Partenaires&nbsp;: CNRM (porteur), FNAU, LABSTTIC, LATTS, LIENSs, LIEU, LISST (co-porteur), LRA Le projet MApUCE vise \u00e0 am\u00e9liorer les d\u00e9marches d\u2019int\u00e9gration des enjeux climatiques dans les politiques urbaines. On s\u2019attache pour cela \u00e0 obtenir, [&hellip;]<\/p>\n","protected":false},"author":407,"featured_media":0,"parent":234,"menu_order":2,"comment_status":"closed","ping_status":"closed","template":"","meta":{"footnotes":""},"class_list":["post-240","page","type-page","status-publish","hentry"],"_links":{"self":[{"href":"https:\/\/blogs.univ-tlse2.fr\/julia-hidalgo\/wp-json\/wp\/v2\/pages\/240","targetHints":{"allow":["GET"]}}],"collection":[{"href":"https:\/\/blogs.univ-tlse2.fr\/julia-hidalgo\/wp-json\/wp\/v2\/pages"}],"about":[{"href":"https:\/\/blogs.univ-tlse2.fr\/julia-hidalgo\/wp-json\/wp\/v2\/types\/page"}],"author":[{"embeddable":true,"href":"https:\/\/blogs.univ-tlse2.fr\/julia-hidalgo\/wp-json\/wp\/v2\/users\/407"}],"replies":[{"embeddable":true,"href":"https:\/\/blogs.univ-tlse2.fr\/julia-hidalgo\/wp-json\/wp\/v2\/comments?post=240"}],"version-history":[{"count":8,"href":"https:\/\/blogs.univ-tlse2.fr\/julia-hidalgo\/wp-json\/wp\/v2\/pages\/240\/revisions"}],"predecessor-version":[{"id":251,"href":"https:\/\/blogs.univ-tlse2.fr\/julia-hidalgo\/wp-json\/wp\/v2\/pages\/240\/revisions\/251"}],"up":[{"embeddable":true,"href":"https:\/\/blogs.univ-tlse2.fr\/julia-hidalgo\/wp-json\/wp\/v2\/pages\/234"}],"wp:attachment":[{"href":"https:\/\/blogs.univ-tlse2.fr\/julia-hidalgo\/wp-json\/wp\/v2\/media?parent=240"}],"curies":[{"name":"wp","href":"https:\/\/api.w.org\/{rel}","templated":true}]}}