 {"id":96,"date":"2013-11-19T11:55:22","date_gmt":"2013-11-19T09:55:22","guid":{"rendered":"https:\/\/blogs.univ-tlse2.fr\/la-main-de-thot\/?page_id=96"},"modified":"2015-05-18T10:41:43","modified_gmt":"2015-05-18T08:41:43","slug":"contacts","status":"publish","type":"page","link":"https:\/\/blogs.univ-tlse2.fr\/la-main-de-thot\/contacts\/","title":{"rendered":"Contacts"},"content":{"rendered":"<p><strong>Directrice\u00a0<\/strong>:\u00a0Carole Filli\u00e8re<\/p>\n<p>c&#97;&#x72;ol&#x65;&#x2e;f&#105;&#x6c;&#x6c;i&#101;&#x72;e&#64;&#x75;&#x6e;i&#118;&#x2d;&#x74;l&#115;&#x65;2&#46;&#x66;&#x72;<\/p>\n<p>&nbsp;<\/p>\n<p><strong>Gestion des contenus en LSF<\/strong> : Elise Leroy<\/p>\n<p>elise&#46;leroy&#64;u&#110;&#105;&#118;&#45;&#116;&#x6c;&#x73;&#x65;&#x32;&#x2e;&#x66;&#x72;<\/p>\n<p>&nbsp;<\/p>\n<p>La Main de Th\u00f4t &#8211; CeTIM, Universit\u00e9 de Toulouse 2 &#8211; Jean Jaur\u00e8s<\/p>\n<p>5 all\u00e9e Antonio Machado, 31100 Toulouse<\/p>\n<p>&nbsp;<\/p>\n<p>URL :\u00a0http:\/\/e-revues.pum.univ-tlse2.fr\/sdx2\/la-main-de-thot\/index.xsp<\/p>\n","protected":false},"excerpt":{"rendered":"<p>Directrice\u00a0:\u00a0Carole Filli\u00e8re ca&#114;&#x6f;&#x6c;e&#46;f&#105;&#x6c;&#x6c;ier&#101;&#x40;&#x75;ni&#118;&#x2d;&#x74;&#x6c;se&#50;&#x2e;&#x66;&#x72; &nbsp; Gestion des contenus en LSF : Elise Leroy el&#105;&#x73;&#x65;&#x2e;ler&#111;&#x79;&#x40;&#x75;ni&#118;&#45;&#x74;&#x6c;&#x73;e2&#46;&#x66;&#x72; &nbsp; La Main de Th\u00f4t &#8211; CeTIM, Universit\u00e9 de Toulouse 2 &#8211; Jean Jaur\u00e8s 5 all\u00e9e Antonio Machado, 31100 Toulouse &nbsp; URL :\u00a0http:\/\/e-revues.pum.univ-tlse2.fr\/sdx2\/la-main-de-thot\/index.xsp<\/p>\n","protected":false},"author":122,"featured_media":0,"parent":0,"menu_order":0,"comment_status":"closed","ping_status":"closed","template":"","meta":{"footnotes":""},"class_list":["post-96","page","type-page","status-publish","hentry"],"_links":{"self":[{"href":"https:\/\/blogs.univ-tlse2.fr\/la-main-de-thot\/wp-json\/wp\/v2\/pages\/96","targetHints":{"allow":["GET"]}}],"collection":[{"href":"https:\/\/blogs.univ-tlse2.fr\/la-main-de-thot\/wp-json\/wp\/v2\/pages"}],"about":[{"href":"https:\/\/blogs.univ-tlse2.fr\/la-main-de-thot\/wp-json\/wp\/v2\/types\/page"}],"author":[{"embeddable":true,"href":"https:\/\/blogs.univ-tlse2.fr\/la-main-de-thot\/wp-json\/wp\/v2\/users\/122"}],"replies":[{"embeddable":true,"href":"https:\/\/blogs.univ-tlse2.fr\/la-main-de-thot\/wp-json\/wp\/v2\/comments?post=96"}],"version-history":[{"count":4,"href":"https:\/\/blogs.univ-tlse2.fr\/la-main-de-thot\/wp-json\/wp\/v2\/pages\/96\/revisions"}],"predecessor-version":[{"id":136,"href":"https:\/\/blogs.univ-tlse2.fr\/la-main-de-thot\/wp-json\/wp\/v2\/pages\/96\/revisions\/136"}],"wp:attachment":[{"href":"https:\/\/blogs.univ-tlse2.fr\/la-main-de-thot\/wp-json\/wp\/v2\/media?parent=96"}],"curies":[{"name":"wp","href":"https:\/\/api.w.org\/{rel}","templated":true}]}}