 {"id":2,"date":"2016-01-15T14:13:47","date_gmt":"2016-01-15T13:13:47","guid":{"rendered":"https:\/\/blogs.univ-tlse2.fr\/lapena\/?page_id=2"},"modified":"2019-09-16T16:24:38","modified_gmt":"2019-09-16T14:24:38","slug":"page-d-exemple","status":"publish","type":"page","link":"https:\/\/blogs.univ-tlse2.fr\/lapena\/","title":{"rendered":"Presentaci\u00f3n"},"content":{"rendered":"<p>&nbsp;<\/p>\n<h2><img loading=\"lazy\" decoding=\"async\" class=\"alignnone wp-image-325\" src=\"https:\/\/blogs.univ-tlse2.fr\/lapena\/files\/2016\/01\/1-foyer-3-300x204.jpg\" alt=\"1-foyer\" width=\"574\" height=\"390\" srcset=\"https:\/\/blogs.univ-tlse2.fr\/lapena\/files\/2016\/01\/1-foyer-3-300x204.jpg 300w, https:\/\/blogs.univ-tlse2.fr\/lapena\/files\/2016\/01\/1-foyer-3.jpg 590w\" sizes=\"auto, (max-width: 574px) 100vw, 574px\" \/><\/h2>\n<h2>\u00bf Qu\u00e9 es la PE\u00d1A? (Secci\u00f3n de France-Ib\u00e9rie. Association Loi 1901.)<\/h2>\n<p>Es un lugar de encuentro y convivencia para los estudiantes de nuestra Universidad que desean ampliar sus conocimientos de civilizaci\u00f3n, cultura y lenguas ib\u00e9ricas, relacion\u00e1ndose entre s\u00ed y acogiendo a los estudiantes espa\u00f1oles o hispano-americanos matriculados en Toulouse, o de paso por la ciudad.<\/p>\n<p>En la Pe\u00f1a se organizan actividades de tipo cultural o l\u00fadico que se realizan en funci\u00f3n de la disponibilidad, sentido de responsabilidad e iniciativa de los estudiantes que quieren integrar el n\u00facleo organizador.<\/p>\n<h2>Actividades propuestas :<\/h2>\n<ul>\n<li>ACOGIDA de los estudiantes en el Foyer d&#8217;Espagnol<\/li>\n<li>bebidas fr\u00edas y calientes,<\/li>\n<li>m\u00fasica<\/li>\n<li>charlas con profesores franceses o espa\u00f1oles e hispano-americanos, o con periodistas, realizadores, actores, cantantes espa\u00f1oles o hispano-americanos de paso por Toulouse<\/li>\n<li>iniciaci\u00f3n al tratamiento de textos, (inform\u00e1tica).<\/li>\n<li>actuaci\u00f3n de grupos musicales,<\/li>\n<li>actuaci\u00f3n de grupos de baile espa\u00f1ol,<\/li>\n<li>entrevistas con grupos de teatro,<\/li>\n<li>celebraci\u00f3n de los Reyes,<\/li>\n<li>Loto, etc..<\/li>\n<li>Participaci\u00f3n en la Semana del Cine hispano americano, etc.<\/li>\n<li>Visita de Museos y Exposiciones (Castres, Auch, Instituto Cervantes.<\/li>\n<li>GUATEQUES : fiesta que organizamos en la Universidad o en un bar musical de Toulouse, donde nos reunimos para charlar, cantar y bailar con ritmos de Espa\u00f1a y de America Latina.<\/li>\n<\/ul>\n<p>Para integrarse en la Pe\u00f1a basta con llegar hasta el Foyer d&#8217;Espagnol (Sala n\u00b0 271 Nuevo edificio Langues \u00e9trang\u00e8res), y ponerse en contacto con los responsables.<\/p>\n<p>\u00a1 CONTAMOS CONTIGO !<\/p>","protected":false},"excerpt":{"rendered":"<p>&nbsp; \u00bf Qu\u00e9 es la PE\u00d1A? (Secci\u00f3n de France-Ib\u00e9rie. Association Loi 1901.) Es un lugar de encuentro y convivencia para los estudiantes de nuestra Universidad que desean ampliar sus conocimientos de civilizaci\u00f3n, cultura y lenguas ib\u00e9ricas, relacion\u00e1ndose entre s\u00ed y acogiendo a los estudiantes espa\u00f1oles o hispano-americanos matriculados en Toulouse, o de paso por la [&hellip;]<\/p>\n","protected":false},"author":295,"featured_media":0,"parent":0,"menu_order":0,"comment_status":"closed","ping_status":"open","template":"","meta":{"footnotes":""},"class_list":["post-2","page","type-page","status-publish","hentry","post-preview"],"_links":{"self":[{"href":"https:\/\/blogs.univ-tlse2.fr\/lapena\/wp-json\/wp\/v2\/pages\/2","targetHints":{"allow":["GET"]}}],"collection":[{"href":"https:\/\/blogs.univ-tlse2.fr\/lapena\/wp-json\/wp\/v2\/pages"}],"about":[{"href":"https:\/\/blogs.univ-tlse2.fr\/lapena\/wp-json\/wp\/v2\/types\/page"}],"author":[{"embeddable":true,"href":"https:\/\/blogs.univ-tlse2.fr\/lapena\/wp-json\/wp\/v2\/users\/295"}],"replies":[{"embeddable":true,"href":"https:\/\/blogs.univ-tlse2.fr\/lapena\/wp-json\/wp\/v2\/comments?post=2"}],"version-history":[{"count":10,"href":"https:\/\/blogs.univ-tlse2.fr\/lapena\/wp-json\/wp\/v2\/pages\/2\/revisions"}],"predecessor-version":[{"id":872,"href":"https:\/\/blogs.univ-tlse2.fr\/lapena\/wp-json\/wp\/v2\/pages\/2\/revisions\/872"}],"wp:attachment":[{"href":"https:\/\/blogs.univ-tlse2.fr\/lapena\/wp-json\/wp\/v2\/media?parent=2"}],"curies":[{"name":"wp","href":"https:\/\/api.w.org\/{rel}","templated":true}]}}