 {"id":292,"date":"2015-02-06T17:41:23","date_gmt":"2015-02-06T16:41:23","guid":{"rendered":"https:\/\/blogs.univ-tlse2.fr\/latling\/?page_id=292"},"modified":"2015-06-27T19:24:28","modified_gmt":"2015-06-27T17:24:28","slug":"programme","status":"publish","type":"page","link":"https:\/\/blogs.univ-tlse2.fr\/latling\/programme\/","title":{"rendered":"Programme"},"content":{"rendered":"<p>Programme en pdf:\u00a0<a href=\"https:\/\/blogs.univ-tlse2.fr\/latling\/files\/2015\/02\/ICLL-Toulouse-PROGRAMME-mis-a-jour.pdf\">ICLL Toulouse PROGRAMME mis a jour<\/a><\/p>\n<p>&nbsp;<\/p>\n<p>Les communications en sessions g\u00e9n\u00e9rales sont limit\u00e9es \u00e0 20 min. de parole + 8 min. de discussion; en pl\u00e9ni\u00e8res, \u00e0 45 min. de parole + 10 min. de discussion.<\/p>\n<p>Presentations in general sessions are limited to 20 min. of talk + 8 min. of discussion; in plenary sessions, to 45 min. of talk + 10 min. of discussion.<\/p>\n<p>The proceedings of the 14<sup>th<\/sup> International Colloquium on Latin Linguistics, Erfurt 2007,<br \/>\nCabrillana, Concepci\u00f3n &amp; Lehmann, Christian (edd.) 2014, <i>Acta XIV Colloquii Internationalis Linguisticae Latinae<\/i>. Madrid: Ediciones Cl\u00e1sicas (Bibliotheca Linguae Latinae, 5) [publicata anno 2015].<br \/>\nwill be on sale\u00a0at the registration desk of the 18<sup>th<\/sup> International Colloquium on Latin Linguistics in Toulouse at cost price: 27 \u20ac.\u00a0Copies can also\u00a0be obtained from the editors.<br \/>\nClick for the table of contents: <a href=\"https:\/\/blogs.univ-tlse2.fr\/latling\/files\/2015\/02\/Erfurt-proceedings.pdf\">Erfurt proceedings<\/a>.<\/p>\n<p>Livret d&rsquo;abstracts\/<a href=\"https:\/\/blogs.univ-tlse2.fr\/latling\/files\/2015\/02\/Book-of-abstracts.pdf\">Book of abstracts<\/a><\/p>\n<h4><\/h4>\n<p>&nbsp;<\/p>\n","protected":false},"excerpt":{"rendered":"<p>Programme en pdf:\u00a0ICLL Toulouse PROGRAMME mis a jour &nbsp; Les communications en sessions g\u00e9n\u00e9rales sont limit\u00e9es \u00e0 20 min. de parole + 8 min. de discussion; en pl\u00e9ni\u00e8res, \u00e0 45 min. de parole + 10 min. de discussion. Presentations in general sessions are limited to 20 min. of talk + 8 min. of discussion; in [&hellip;]<\/p>\n","protected":false},"author":211,"featured_media":0,"parent":0,"menu_order":0,"comment_status":"closed","ping_status":"closed","template":"","meta":{"footnotes":""},"class_list":["post-292","page","type-page","status-publish","hentry"],"_links":{"self":[{"href":"https:\/\/blogs.univ-tlse2.fr\/latling\/wp-json\/wp\/v2\/pages\/292","targetHints":{"allow":["GET"]}}],"collection":[{"href":"https:\/\/blogs.univ-tlse2.fr\/latling\/wp-json\/wp\/v2\/pages"}],"about":[{"href":"https:\/\/blogs.univ-tlse2.fr\/latling\/wp-json\/wp\/v2\/types\/page"}],"author":[{"embeddable":true,"href":"https:\/\/blogs.univ-tlse2.fr\/latling\/wp-json\/wp\/v2\/users\/211"}],"replies":[{"embeddable":true,"href":"https:\/\/blogs.univ-tlse2.fr\/latling\/wp-json\/wp\/v2\/comments?post=292"}],"version-history":[{"count":38,"href":"https:\/\/blogs.univ-tlse2.fr\/latling\/wp-json\/wp\/v2\/pages\/292\/revisions"}],"predecessor-version":[{"id":482,"href":"https:\/\/blogs.univ-tlse2.fr\/latling\/wp-json\/wp\/v2\/pages\/292\/revisions\/482"}],"wp:attachment":[{"href":"https:\/\/blogs.univ-tlse2.fr\/latling\/wp-json\/wp\/v2\/media?parent=292"}],"curies":[{"name":"wp","href":"https:\/\/api.w.org\/{rel}","templated":true}]}}