 {"id":316,"date":"2015-02-09T16:40:38","date_gmt":"2015-02-09T15:40:38","guid":{"rendered":"https:\/\/blogs.univ-tlse2.fr\/latling\/?page_id=316"},"modified":"2015-09-03T15:13:07","modified_gmt":"2015-09-03T13:13:07","slug":"hebergement-accommodation","status":"publish","type":"page","link":"https:\/\/blogs.univ-tlse2.fr\/latling\/hebergement-accommodation\/","title":{"rendered":"H\u00e9bergement \/ Accommodation"},"content":{"rendered":"<p>Nous vous conseillons de prendre un h\u00f4tel au centre ville. L\u2019Universit\u00e9 Toulouse Le Mirail (Jean-Jaur\u00e8s) est desservie par le m\u00e9tro A (\u00ab\u00a0Mirail-Universit\u00e9\u00a0\u00bb), le trajet prend 10-15 minutes.<br \/>\nConseil\u00a0: \u00e9vitez les h\u00f4tels en face de la gare.<br \/>\nLes bus pour Albi vont partir de la place Esquirol\u00a0; de m\u00eame, pour l\u2019excursion samedi.<\/p>\n<p>You are advised to book your hotel in the centre of Toulouse. University of Toulouse The Mirail (Jean-Jaur\u00e8s) can be easily reached by the metro line A (\u201cMirail-Universit\u00e9\u201d); the trip takes 10-15 minutes.<br \/>\nRecommendation: do not take a hotel in the area of the train station (Marengo).<br \/>\nBuses to Albi will depart from the place Esquirol; the same meeting point will be for the excursion on Saturday.<\/p>\n<p><strong><span style=\"color: #ff6600\">H\u00f4tels propos\u00e9s\u00a0\/ Recommended hotels:<\/span><\/strong><\/p>\n<p>Vous pouvez r\u00e9server votre chambre directement en s\u2019adressant \u00e0 l\u2019h\u00f4tel (et en pr\u00e9cisant <em>que vous participez \u00e0 une manifestation organis\u00e9e par l&rsquo;Universit\u00e9 de Toulouse II- Le Mirail \/ Maison de la Recherche<\/em>) ou utiliser un site de r\u00e9servations (tel booking.com).<\/p>\n<p>You can book your room by contacting directly the hotel (please indicate that you are participating in a colloquium organised by Universit\u00e9 de Toulouse Le Mirail) or by using a reservation site (such as booking.com).<\/p>\n<p><strong>\u00a0<\/strong>Les tarifs ci-dessous sont mentionn\u00e9s \u00e0 titre indicatif (tarifs en 2014) et ne peuvent \u00eatre garantis.<\/p>\n<p>The rates below are indicated for information (prices in 2014); they cannot be guaranteed. Please note that in France breakfast is usually not included in the price of the room.<\/p>\n<ul>\n<li><strong>\u00a0<\/strong>HOTEL CAPITOLE **<\/li>\n<\/ul>\n<p><em>Adresse<\/em><em>\u00a0: 10, rue Rivals \u00a0&#8211; tel. 05 61 23 21 28 &#8211; fax. 05 61 23 67 48<\/em><br \/>\n<em>Acc\u00e8s<\/em><em> : <\/em><em>m\u00e9tro ligne A arr\u00eat \u201cCapitole\u201d<\/em><br \/>\n<em>Ma<\/em><em>il<\/em><strong><em> :<\/em><\/strong><em> <a href=\"&#x6d;ai&#x6c;&#116;o&#x3a;&#104;o&#x74;&#x65;l&#x63;&#x61;pi&#x74;&#111;l&#x65;&#64;w&#x61;&#x6e;a&#x64;&#x6f;o&#46;&#x66;r\">h&#x6f;&#x74;e&#108;&#x63;a&#112;&#x69;t&#111;&#x6c;e&#64;&#x77;&#x61;n&#x61;&#x64;o&#111;&#x2e;f&#114;<\/a><\/em><br \/>\n<em>Site web :<\/em><em> <a href=\"http:\/\/www.capitole-hotel.com\/\">www.capitole-hotel.com<\/a><\/em><br \/>\nChambre simple standard<strong> (<\/strong>grand lit mais petite chambre): 56 \u20ac <em>(<\/em>i <em>tarif w-e (V, S, D): 49\u20ac)<\/em><br \/>\nChambre simple confort<strong>\u00a0<\/strong>: 67 \u20ac <em>(<\/em>i <em>tarif w-e: 57 \u20ac)<\/em><br \/>\nChambre double ou twin : 78 \u20ac <em>(<\/em>i <em>tarif w-e\u00a0: 67 \u20ac)<\/em><br \/>\nChambre double prestige (grande chambre)<strong>\u00a0<\/strong>: 89 \u20ac <em>(<\/em>i <em>tarif w-e: 67\u20ac)<\/em><br \/>\nPetit d\u00e9jeuner : 9 \u20ac<br \/>\nParking\u00a0: NON \u00e0 mais parking public\u00a0 V.Hugo \u00e0 proximit\u00e9 avec tarif pr\u00e9f\u00e9rentiel\u00a0: entre 18h00 et 10h00 uniquement \u00a0: 11\u20ac au lieu de 19\u20ac.<\/p>\n<ul>\n<li>\u00a0HOTEL CASTELLANE**<\/li>\n<\/ul>\n<p><em>Adr<\/em><em>esse<\/em><strong><em>\u00a0: <\/em><\/strong><em>17, rue Castellane &#8211; t\u00e9l. 05 61 62 18 82 &#8211; fax. 05 61 62 58 04<\/em><br \/>\n<em>Ac<\/em><em>c\u00e8s<\/em><strong><em>\u00a0: <\/em><\/strong><em>m\u00e9tro ligne A arr\u00eat \u00ab\u00a0Jean Jaur\u00e8s\u00a0\u00bb<\/em><br \/>\n<em>M<\/em><em>ail<\/em><strong><em>\u00a0<\/em><\/strong><em>: <a href=\"&#x6d;&#x61;&#x69;&#x6c;&#x74;&#x6f;&#x3a;&#x63;&#x61;&#x73;&#x74;&#x65;&#x6c;&#x6c;&#97;&#110;&#101;&#104;&#111;&#116;el&#64;wanadoo&#46;fr\">&#x63;&#x61;&#115;te&#x6c;&#x6c;&#x61;neh&#x6f;&#x74;&#101;l&#64;&#x77;&#x61;&#x6e;&#97;do&#x6f;&#x2e;&#102;r<\/a> <\/em><br \/>\n<em>S<\/em><em>ite<\/em><em> web<\/em><em>\u00a0: <a href=\"http:\/\/www.castellanehotel.com\/site.php?langue=fr\">http:\/\/www.castellanehotel.com\/site.php?langue=fr<\/a><\/em><br \/>\n<em>\u00a0<\/em>Chambre single ou double standard\u00a0: 88 \u20ac<br \/>\nChambre single ou double sup\u00e9rieure (spacieuse, balcon)\u00a0: 94 \u20ac<br \/>\nChambre twin : 94 \u20ac<br \/>\nPetit-d\u00e9jeuner\u00a0 buffet \u00e0 volont\u00e9\u00a0: 8,50 \u20ac<br \/>\nParking\u00a0: OUI \u00e0 10 \u20ac \/ 24h<\/p>\n<ul>\n<li>\u00a0HOTEL ROYAL WILSON **<\/li>\n<\/ul>\n<p><em>Adresse<\/em><em>\u00a0: <\/em><em>6 rue Labeda &#8211; t\u00e9l. 05 61 12 41 41 &#8211; fax 05 61 12 41 53<\/em><br \/>\n<em>Acc\u00e8s<\/em><em> : <\/em><em>m\u00e9tro ligne A arr\u00eat \u201cCapitole\u201d ou \u201cJean Jaur\u00e8s\u201d<\/em><br \/>\n<em>M<\/em><em>ail<\/em><strong><em> :<\/em><\/strong> <em><a href=\"&#x6d;&#x61;il&#x74;&#x6f;&#58;ro&#x79;&#x61;&#108;wi&#x6c;&#x73;&#111;nh&#x6f;&#x74;el&#x2e;&#x74;&#111;ul&#x6f;&#x75;&#115;e&#64;&#x77;&#x61;&#110;ad&#x6f;&#x6f;&#46;f&#x72;\">&#x72;oy&#x61;lw&#x69;ls&#x6f;nh&#x6f;te&#x6c;&#46;t&#x6f;&#117;l&#x6f;&#117;s&#x65;&#64;w&#x61;&#110;a&#x64;&#111;o&#x2e;&#102;r<\/a><\/em><br \/>\n<em>S<\/em><em>ite<\/em><em> w<\/em><em>eb<\/em><strong><em> :<\/em><\/strong> <em>www royal-wilson.com<\/em><br \/>\nChambre simple <strong>(<\/strong>petit lit): 71 \u20ac<br \/>\nChambre simple (grand lit)\u00a0: 73 \u20ac<br \/>\nChambre double\u00a0: 80 \u20ac<br \/>\nPetit d\u00e9jeuner : 9 \u20ac<br \/>\nParking\u00a0: 9 \u20ac<\/p>\n<ul>\n<li>HOTEL BEST WESTERN ATHENEE ***<\/li>\n<\/ul>\n<p><em>Ad<\/em><em>resse<\/em><strong><em>\u00a0:<\/em><\/strong><em> 1 bis rue Matabiau \u00a0&#8211; t\u00e9l. 05 61 63 10 63 &#8211; fax. 05 61 63 87 80<\/em><br \/>\n<em>Ac<\/em><em>c\u00e8s<\/em><strong><em>\u00a0:<\/em><\/strong><em> m\u00e9tro Ligne B arr\u00eat \u00ab\u00a0Jeanne d\u2019Arc\u00a0\u00bb<\/em><br \/>\n<em>M<\/em><em>ail<\/em><strong><em>\u00a0:<\/em><\/strong><em> <a href=\"&#109;&#x61;i&#x6c;t&#x6f;:&#99;&#x6f;n&#x74;a&#x63;t&#64;&#x68;o&#x74;e&#x6c;-&#116;&#x6f;u&#x6c;o&#x75;s&#101;&#x2d;a&#x74;h&#x65;n&#101;&#x65;&#46;&#x63;o&#x6d;\">&#99;o&#x6e;t&#x61;c&#x74;&#64;&#x68;&#111;&#x74;&#101;l&#x2d;t&#x6f;u&#x6c;o&#x75;s&#x65;&#45;&#x61;&#116;h&#x65;n&#x65;e&#x2e;c&#x6f;m<\/a><\/em><br \/>\n<em>Site web\u00a0: <\/em><em><a href=\"http:\/\/www.hotel-toulouse-athenee.com\/\">http:\/\/www.hotel-toulouse-athenee.com\/<\/a><\/em><strong><em>\u00a0<\/em><\/strong><br \/>\nchambre single (bain &#8211; WC)\u00a0: 90 \u20ac<br \/>\nchambre double (bain -WC)\u00a0: 90 \u20ac<br \/>\npetit-d\u00e9jeuner compris<br \/>\nparking\u00a0: OUI \u00e0 15 places non r\u00e9servables \u00e0 10 \u20ac\/24h<br \/>\naccueil 24h\/24<\/p>\n<ul>\n<li>HOTEL DU TAUR **<\/li>\n<\/ul>\n<p><em>Ad<\/em><em>resse<\/em><strong><em>\u00a0:<\/em><\/strong><em>\u00a0 2, rue du Taur &#8211; tel. 05 61 21 17 54 &#8211; fax. 05 61 13 78 41<\/em><br \/>\n<em>Ac<\/em><em>c\u00e8s<\/em><strong><em> :<\/em><\/strong><em> m\u00e9tro ligne A arr\u00eat \u201cCapitole\u201d<\/em><br \/>\n<em>Ma<\/em><em>il<\/em><strong><em> : <\/em><\/strong><em><a href=\"&#x6d;a&#x69;&#x6c;t&#x6f;&#58;c&#x6f;&#110;t&#x61;c&#x74;&#x40;h&#x6f;&#116;e&#x6c;&#45;d&#x75;t&#x61;&#x75;r&#x2e;&#x63;o&#x6d;\">&#x68;&#x6f;&#116;eld&#x75;&#x74;&#x61;&#117;r&#64;&#x77;&#x61;&#x6e;&#97;do&#x6f;&#x2e;&#x66;&#114;<\/a> <\/em><br \/>\n<em>Site web :<\/em><em> <a href=\"http:\/\/www.hotel-du-taur.com\/index.htm\">http:\/\/www.hotel-du-taur.com\/index.htm<\/a><\/em><br \/>\n<strong>\u00a0<\/strong><br \/>\nChambre single avec lit simple\u00a0: 62 \u20ac<br \/>\nChambre single standard avec lit double\u00a0: 72 \u20ac<br \/>\nChambre sup\u00e9rieure double ou twin\u00a0: 82 \u20ac<br \/>\nChambre triple\u00a0: 92\u20ac (1ch)<br \/>\nPetit-d\u00e9jeuner\u00a0: non-inclus\u00a0: 9 \u20ac<br \/>\nParking\u00a0: NON mais parking du Capitole public\u00a0 \u00e0 proximit\u00e9 au tarif de 10 \u20ac\/24h et 9 \u20ac\/24h le w-e<\/p>\n<ul>\n<li>HOTEL VICTOR HUGO**<\/li>\n<\/ul>\n<p><i>26 boulevard de Strasbourg \u00a0&#8211;\u00a0Tel: 05 61 63 40 41 Fax: 05 61 62 66 31<\/i><br \/>\nChambre single grand lit + petit d\u00e9jeuner :\u00a0 75\u00a0\u20ac<br \/>\nChambre Double grand lit + petit d\u00e9jeuner :\u00a0 84\u00a0\u20ac<br \/>\nChambre twin ( 2 lits) + petit d\u00e9jeuner : 86\u00a0\u20ac<br \/>\nTarif pr\u00e9ferenciel avec le parking Jean Jaur\u00e8s<br \/>\n*code reservation* : Latin-Linguistics\u00a0 Toulouse 2015<br \/>\nMail: <a class=\"fixed\" href=\"https:\/\/webmail.univ-tlse2.fr\/horde\/imp\/message.php?index=43311#\">&#x63;&#x6f;&#x6e;&#116;&#97;ct&#64;&#x76;&#x69;&#x63;&#x74;&#111;rhu&#x67;&#x6f;&#x2d;&#x68;&#111;tel&#x2e;&#x63;&#x6f;&#x6d;<\/a><br \/>\nweb: www.victorhugo-hotel.com<\/p>\n<ul>\n<li><em>\u00a0<\/em>ADAGIO ACCESS JOLIMONT **(formule studio \u2013 avec kitchenette)<\/li>\n<\/ul>\n<p><em>11 avenue L\u00e9on Blum \u2013 t\u00e9l. 05 34 30 28 00 \u2013 fax\u00a0: 05 34 30 28 01<\/em><br \/>\n<em>Mail\u00a0: <a href=\"mai&#108;&#116;&#x6f;&#x3a;&#x74;&#x6f;ulo&#117;&#115;&#x65;&#x40;&#x63;&#x69;tea&#46;&#99;&#x6f;&#x6d;\">&#x68;&#x38;&#51;&#56;8&#64;&#x61;&#x64;&#x61;&#103;io-&#x63;&#x69;&#x74;&#121;&#46;c&#x6f;&#x6d;<\/a> \u2013 m\u00e9tro Jolimont<\/em><br \/>\nChambre simple\u00a0: 59 \u20ac le w-e et 75 \u20ac \u00a0la semaine<br \/>\nChambre double \/ twin\u00a0: idem chambre simple<br \/>\nPetit d\u00e9jeuner\u00a0: 7,50 \u20ac<br \/>\nParking\u00a0: NON mais pkg public \u00e0 proximit\u00e9<\/p>\n<ul>\n<li><strong>\u00a0<\/strong>HOTEL A PROXIMITE DE L\u2019UNIVERSITE (en face )\u00a0:<\/li>\n<\/ul>\n<p><strong>\u00a0<\/strong>H\u00f4tel Formule 1<br \/>\n44 r Jacques Babinet<br \/>\n31100 TOULOUSE<br \/>\nfax : 05 61 43 67 48<br \/>\nN\u00b0 \u00e0 tarif sp\u00e9cial : 08 91 70 54 14<\/p>\n<ul>\n<li>\u00a0H\u00d4TEL IBIS<\/li>\n<\/ul>\n<p>44 r Jacques Babinet<br \/>\n31100 TOULOUSE<br \/>\nTel\u00a0: 05 61 40 86 86<br \/>\nfax : 05 61 43 07 26<\/p>\n","protected":false},"excerpt":{"rendered":"<p>Nous vous conseillons de prendre un h\u00f4tel au centre ville. L\u2019Universit\u00e9 Toulouse Le Mirail (Jean-Jaur\u00e8s) est desservie par le m\u00e9tro A (\u00ab\u00a0Mirail-Universit\u00e9\u00a0\u00bb), le trajet prend 10-15 minutes. Conseil\u00a0: \u00e9vitez les h\u00f4tels en face de la gare. Les bus pour Albi vont partir de la place Esquirol\u00a0; de m\u00eame, pour l\u2019excursion samedi. You are advised to [&hellip;]<\/p>\n","protected":false},"author":211,"featured_media":0,"parent":0,"menu_order":0,"comment_status":"closed","ping_status":"closed","template":"","meta":{"footnotes":""},"class_list":["post-316","page","type-page","status-publish","hentry"],"_links":{"self":[{"href":"https:\/\/blogs.univ-tlse2.fr\/latling\/wp-json\/wp\/v2\/pages\/316","targetHints":{"allow":["GET"]}}],"collection":[{"href":"https:\/\/blogs.univ-tlse2.fr\/latling\/wp-json\/wp\/v2\/pages"}],"about":[{"href":"https:\/\/blogs.univ-tlse2.fr\/latling\/wp-json\/wp\/v2\/types\/page"}],"author":[{"embeddable":true,"href":"https:\/\/blogs.univ-tlse2.fr\/latling\/wp-json\/wp\/v2\/users\/211"}],"replies":[{"embeddable":true,"href":"https:\/\/blogs.univ-tlse2.fr\/latling\/wp-json\/wp\/v2\/comments?post=316"}],"version-history":[{"count":7,"href":"https:\/\/blogs.univ-tlse2.fr\/latling\/wp-json\/wp\/v2\/pages\/316\/revisions"}],"predecessor-version":[{"id":434,"href":"https:\/\/blogs.univ-tlse2.fr\/latling\/wp-json\/wp\/v2\/pages\/316\/revisions\/434"}],"wp:attachment":[{"href":"https:\/\/blogs.univ-tlse2.fr\/latling\/wp-json\/wp\/v2\/media?parent=316"}],"curies":[{"name":"wp","href":"https:\/\/api.w.org\/{rel}","templated":true}]}}