 {"id":36,"date":"2013-12-01T16:13:43","date_gmt":"2013-12-01T15:13:43","guid":{"rendered":"https:\/\/blogs.univ-tlse2.fr\/latling\/?page_id=36"},"modified":"2014-02-24T11:23:14","modified_gmt":"2014-02-24T10:23:14","slug":"a-propos-about","status":"publish","type":"page","link":"https:\/\/blogs.univ-tlse2.fr\/latling\/a-propos-about\/","title":{"rendered":"ICLL"},"content":{"rendered":"<p style=\"text-align: justify\" align=\"left\"><a title=\"ICLL\" href=\"http:\/\/www.cipl.ulg.ac.be\/cill\/\" target=\"_blank\">Site officiel<\/a><\/p>\n<p style=\"text-align: justify\" align=\"left\">Depuis avril 1981, les Colloques internationaux de Linguistique latine se sont tenus \u00e0\u00a0 Amsterdam (1981), Aix-en-Provence (1983), Bologne (1985), Cambridge (1987), Louvain-la-Neuve (1989), Budapest (1991), J\u00e9rusalem (1993), Eichst\u00e4tt (1995), Madrid (1997), Paris (1999), Amsterdam (2001), Bologne (2003), Bruxelles (2005), Erfurt (2007), Innsbruck (2009), Uppsala (2011) et Rome (2013). Chacun de ces colloques a donn\u00e9 lieu\u00a0 \u00e0 la publication d\u2019un ou plusieurs volumes sur une vaste s\u00e9rie de sujets en linguistique latine, en phonologie, morphosyntaxe, s\u00e9mantique, pragmatique et stylistique, avec ou sans r\u00e9f\u00e9rence explicite aux d\u00e9veloppements de la linguistique g\u00e9n\u00e9rale. Pour les participants, chaque rencontre a \u00e9t\u00e9 une exp\u00e9rience stimulante et gratifiante.<\/p>\n<p style=\"text-align: justify\" align=\"left\">Ces rencontres sont organis\u00e9es sous les auspices du Comit\u00e9 international de Linguistique latine\u00a0: Philip Baldi (The Pennsylvania State University), Gualtiero Calboli (Universit\u00e0 degli Studi di Bologna), Mich\u00e8le Fruyt (Universit\u00e9 de Paris IV-Sorbonne), Benjamin Garc\u00eda Hern\u00e1ndez (Universidad Aut\u00f3noma de Madrid), Gerd V. M. Haverling (Uppsala Universitet), Manfred Kienpointner (Universit\u00e4t Innsbruck), Caroline Kroon (Universiteit van Amsterdam &amp; Vrije Universiteit van Amsterdam), Dominique Longr\u00e9e (Universit\u00e9 de Li\u00e8ge et Universit\u00e9 Saint-Louis-Bruxelles), Paolo Poccetti (Universit\u00e0 di Roma Tor Vergata), Hannah Ros\u00e9n (The Hebrew University of Jerusalem).<\/p>\n<p style=\"text-align: center\" align=\"left\">\u2248\u2248\u2248<\/p>\n<p style=\"text-align: justify\" align=\"left\"><!--more--><\/p>\n<p style=\"text-align: justify\" align=\"left\"><a title=\"ICLL\" href=\"http:\/\/www.cipl.ulg.ac.be\/cill\/\" target=\"_blank\">Official website<\/a><\/p>\n<p style=\"text-align: justify\" align=\"left\">Since April 1981, biennial International Colloquia on Latin Linguistics have taken place in Amsterdam (1981), Aix-en-Provence (1983), Bologna (1985), Cambridge (1987), Louvain-la-Neuve (1989), Budapest (1991), Jerusalem (1993), Eichst\u00e4tt (1995), Madrid (1997), Paris (1999), Amsterdam (2001) Bologna (2003), Bruxelles (2005), Erfurt (2007), Innsbruck (2009), Uppsala (2011) and Rome (2013). Each of these conferences resulted in one or more volumes of proceedings on a wide range of issues in Latin linguistics, in phonology, morphosyntax, semantics, pragmatics, and text structure, with or without explicit reference to developments in general linguistic theory. Participants found each of these meetings a stimulating and rewarding experience.<\/p>\n<p style=\"text-align: justify\">The meetings are organized under the auspices of the International Committee on Latin Linguistics: Philip Baldi (The Pennsylvania State University), Gualtiero Calboli (Universit\u00e0 degli Studi di Bologna), Mich\u00e8le Fruyt (Universit\u00e9 de Paris IV-Sorbonne), Benjamin Garc\u00eda Hern\u00e1ndez (Universidad Aut\u00f3noma de Madrid), Gerd V. M. Haverling (Uppsala Universitet), Manfred Kienpointner (Universit\u00e4t Innsbruck), Caroline Kroon (Universiteit van Amsterdam &amp; Vrije Universiteit van Amsterdam), Dominique Longr\u00e9e (Universit\u00e9 de Li\u00e8ge et Universit\u00e9 Saint-Louis-Bruxelles), Paolo Poccetti (Universit\u00e0 di Roma Tor Vergata), Hannah Ros\u00e9n (The Hebrew University of Jerusalem).<\/p>\n<p>&nbsp;<\/p>\n<p style=\"text-align: justify\" align=\"left\"><strong>Comit\u00e9 ex\u00e9cutif \/ Executive committee:\u00a0<\/strong>Dominique Longr\u00e9e,\u00a0Gerd Haverling,\u00a0Manfred Kienpointner<\/p>\n<p style=\"text-align: justify\" align=\"left\"><strong>Comit\u00e9 scientifique \/ Scientific committee :\u00a0<\/strong>Philip Baldi, Gualtiero Calboli, Mich\u00e8le Fruyt, Benjamin Garc\u00eda Hern\u00e1ndez, Caroline Kroon, Paolo Poccetti, Hannah Ros\u00e9n.<\/p>\n<p style=\"text-align: justify\" align=\"left\"><strong>Comit\u00e9 de lecture \/ Evaluation committee:\u00a0<\/strong>B\u00e9la Adamik (University ELTE-Budapest), Alessandra Bertocchi &amp; Mirka Maraldi (Universit\u00e0 di Bologna), Colette Bodelot (Universit\u00e9 de Clermont-Ferrand), Bernard Bortolussi (Universit\u00e9 de Paris X Nanterre),\u00a0Claude Brunet (Universit\u00e9 de Franche-Comt\u00e9), Concepci\u00f3n Cabrillana (Universidad de Santiago de Compostela), Pierluigi Cuzzolin (Universit\u00e0 degli studi di Bergamo), Jes\u00fas de la Villa<em> (<\/em>Universidad Aut\u00f3noma de Madrid<em>), <\/em>Hilla Halla-aho (University of Helsinki), Friedrich Heberlein (Universit\u00e4t Eichst\u00e4tt-Ingolstadt), Rolland Hoffmann (Mainz), Marie-Dominique Joffre (Universit\u00e9 de Poitiers), David Langslow (University of\u00a0Manchester), Antonio Mar\u00eda Mart\u00edn Rodr\u00edguez (Universidad de Las Palmas de Gran Canaria), Piera Molinelli (Universit\u00e0 degli studi di Bergamo), Rodie Risselada (Universiteit van Amsterdam), Jean-Fran\u00e7ois Thomas (Universit\u00e9 de Montpellier 3).<\/p>\n","protected":false},"excerpt":{"rendered":"<p>Site officiel Depuis avril 1981, les Colloques internationaux de Linguistique latine se sont tenus \u00e0\u00a0 Amsterdam (1981), Aix-en-Provence (1983), Bologne (1985), Cambridge (1987), Louvain-la-Neuve (1989), Budapest (1991), J\u00e9rusalem (1993), Eichst\u00e4tt (1995), Madrid (1997), Paris (1999), Amsterdam (2001), Bologne (2003), Bruxelles (2005), Erfurt (2007), Innsbruck (2009), Uppsala (2011) et Rome (2013). Chacun de ces colloques a [&hellip;]<\/p>\n","protected":false},"author":211,"featured_media":0,"parent":0,"menu_order":0,"comment_status":"closed","ping_status":"closed","template":"","meta":{"footnotes":""},"class_list":["post-36","page","type-page","status-publish","hentry"],"_links":{"self":[{"href":"https:\/\/blogs.univ-tlse2.fr\/latling\/wp-json\/wp\/v2\/pages\/36","targetHints":{"allow":["GET"]}}],"collection":[{"href":"https:\/\/blogs.univ-tlse2.fr\/latling\/wp-json\/wp\/v2\/pages"}],"about":[{"href":"https:\/\/blogs.univ-tlse2.fr\/latling\/wp-json\/wp\/v2\/types\/page"}],"author":[{"embeddable":true,"href":"https:\/\/blogs.univ-tlse2.fr\/latling\/wp-json\/wp\/v2\/users\/211"}],"replies":[{"embeddable":true,"href":"https:\/\/blogs.univ-tlse2.fr\/latling\/wp-json\/wp\/v2\/comments?post=36"}],"version-history":[{"count":11,"href":"https:\/\/blogs.univ-tlse2.fr\/latling\/wp-json\/wp\/v2\/pages\/36\/revisions"}],"predecessor-version":[{"id":240,"href":"https:\/\/blogs.univ-tlse2.fr\/latling\/wp-json\/wp\/v2\/pages\/36\/revisions\/240"}],"wp:attachment":[{"href":"https:\/\/blogs.univ-tlse2.fr\/latling\/wp-json\/wp\/v2\/media?parent=36"}],"curies":[{"name":"wp","href":"https:\/\/api.w.org\/{rel}","templated":true}]}}