 {"id":50,"date":"2022-02-23T09:45:52","date_gmt":"2022-02-23T08:45:52","guid":{"rendered":"https:\/\/blogs.univ-tlse2.fr\/lfa2022\/?page_id=50"},"modified":"2022-07-20T07:50:29","modified_gmt":"2022-07-20T05:50:29","slug":"dates-et-venue","status":"publish","type":"page","link":"https:\/\/blogs.univ-tlse2.fr\/lfa2022\/dates-et-venue\/","title":{"rendered":"Dates et venue"},"content":{"rendered":"\n<h2 class=\"wp-block-heading\">Dates importantes<\/h2>\n\n\n\n<p>Soumission des articles :\u00a0<s>29 mai 2022<\/s> 19 juin 2022<br>Notification aux auteurs :\u00a0<s>26 juin 2022<\/s> <mark class=\"has-inline-color has-vivid-red-color\">25 juillet 2022<\/mark><br>Soumission des versions finales :<s>17 juillet 2022<\/s> <mark class=\"has-inline-color has-vivid-red-color\">31 ao\u00fbt 2022<\/mark><\/p>\n\n\n\n<p>Tenue de la conf\u00e9rence :&nbsp;<strong>20 \u2013 21 octobre 2022<\/strong>&nbsp;\u00e0 l&rsquo;IRIT.<\/p>\n\n\n\n<p><\/p>\n\n\n\n<p><\/p>\n\n\n\n<h2 class=\"wp-block-heading\">Venue<\/h2>\n\n\n\n<p>LFA 2022 se d\u00e9roulera \u00e0 l&rsquo;Institut de Recherche en Informatique de Toulouse <strong>sur le site de l&rsquo;universit\u00e9 Toulouse 3 Paul Sabatier<\/strong><\/p>\n\n\n\n<p><strong>Adresse :<\/strong> 118 Route de Narbonne, F-31062 Toulouse Cedex 9<br><strong>Contact :<\/strong> +(33) 5 61 55 67 65 \/ info at irit.fr<\/p>\n\n\n\n<p><a href=\"https:\/\/www.irit.fr\/informations-pratiques\/acceder-a-lirit\/\">Acc\u00e9der \u00e0 l&rsquo;IRIT<\/a><\/p>\n\n\n\n<p><strong>Acc\u00e8s depuis le centre ville de Toulouse (20min environ) :<\/strong> m\u00e9tro ligne B direction \u201cRamonville\u201d, arr\u00eat \u201cUniversit\u00e9 Paul Sabatier\u201d.<\/p>\n\n\n\n<p><strong>Acc\u00e8s depuis l\u2019a\u00e9roport Toulouse Blagnac (50min environ en navette + m\u00e9tro, 25min en taxi) :<\/strong> prendre la navette a\u00e9roport Tiss\u00e9o et descendre \u00e0 la station \u201cCompans Caffarelli\u201d. Prendre le m\u00e9tro ligne B direction \u201cRamonville\u201d, arr\u00eat \u201cUniversit\u00e9 Paul Sabatier\u201d.<\/p>\n\n\n\n<p><strong>Acc\u00e8s depuis la gare ferroviaire Toulouse Matabiau (30min environ) :<\/strong> m\u00e9tro ligne A direction \u201cBasso-Cambo\u201d ; changement \u00e0 la station \u201cJean-Jaur\u00e8s\u201d pour la ligne B direction \u201cRamonville\u201d, arr\u00eat \u201cUniversit\u00e9 Paul Sabatier\u201d.<\/p>\n\n\n\n<h4 class=\"wp-block-heading\">Google Map :<\/h4>\n\n\n\n<div class=\"wp-block-columns is-layout-flex wp-container-core-columns-is-layout-9d6595d7 wp-block-columns-is-layout-flex\">\n<div class=\"wp-block-column is-layout-flow wp-block-column-is-layout-flow\" style=\"flex-basis:100%\">\n<div class=\"wp-block-columns is-layout-flex wp-container-core-columns-is-layout-9d6595d7 wp-block-columns-is-layout-flex\">\n<div class=\"wp-block-column is-layout-flow wp-block-column-is-layout-flow\" style=\"flex-basis:100%\">\n<div class=\"wp-block-group\"><div class=\"wp-block-group__inner-container is-layout-flow wp-block-group-is-layout-flow\">\n<div class=\"wp-block-group\"><div class=\"wp-block-group__inner-container is-layout-flow wp-block-group-is-layout-flow\">\n\n<\/div><\/div>\n<\/div><\/div>\n<\/div>\n<\/div>\n<\/div>\n<\/div>\n\n\n\n<h2 class=\"wp-block-heading\">Quelque h\u00f4tels \u00e0 proximit\u00e9 de la ligne B du m\u00e9tro et du centre ville<\/h2>\n\n\n\n<ul class=\"wp-block-list\"><li><strong><a href=\"https:\/\/www.discoverasr.com\/en\/citadines\/france\/citadines-wilson-toulouse?utm_source=google&amp;utm_medium=gmb&amp;utm_campaign=CitadinesWilsonToulouse\">Citadines Wilson Toulouse<\/a><\/strong> 8 boulevard de Strasbourg, Toulouse<\/li><li><strong><a href=\"https:\/\/hotelriquet.com\/\">H\u00f4tel Riquet Toulouse<\/a><\/strong> 92 Rue Riquet Toulouse<\/li><li><strong><a href=\"https:\/\/www.hotelroyalwilson-toulouse.com\/\">H\u00f4tel Royal Wilson<\/a><\/strong> 6 Rue Lab\u00e9da Toulouse<\/li><li><strong><a href=\"https:\/\/hotel-oursblanc.com\/\">Hotel Ours Blanc Place Wilson<\/a><\/strong> 2 Rue Victor Hugo Toulouse<\/li><li><strong><a href=\"https:\/\/www.hotel-clocher-toulouse.com\/\">Hotel Le Clocher de Rodez<\/a><\/strong> 14-15 Place Jeanne d&rsquo;Arc Toulouse<\/li><li><strong><a href=\"https:\/\/hotelraymond4toulouse.com\/\">Hotel Raymond 4 Toulouse<\/a><\/strong> 16 Rue Raymond IV Toulouse <\/li><li><strong><a href=\"https:\/\/www.citizhotel.com\/\">Citiz H\u00f4tel<\/a><\/strong> 18 All\u00e9e Jean Jaur\u00e8s Toulouse<\/li><\/ul>\n","protected":false},"excerpt":{"rendered":"<p>Dates importantes Soumission des articles :\u00a029 mai 2022 19 juin 2022Notification aux auteurs :\u00a026 juin 2022 25 juillet 2022Soumission des versions finales :17 juillet 2022 31 ao\u00fbt 2022 Tenue de la conf\u00e9rence :&nbsp;20 \u2013 21 octobre 2022&nbsp;\u00e0 l&rsquo;IRIT. Venue LFA 2022 se d\u00e9roulera \u00e0 l&rsquo;Institut de Recherche en Informatique de Toulouse sur le site de [&hellip;]<\/p>\n","protected":false},"author":1124,"featured_media":0,"parent":0,"menu_order":0,"comment_status":"closed","ping_status":"closed","template":"","meta":{"footnotes":""},"class_list":["post-50","page","type-page","status-publish","hentry"],"_links":{"self":[{"href":"https:\/\/blogs.univ-tlse2.fr\/lfa2022\/wp-json\/wp\/v2\/pages\/50","targetHints":{"allow":["GET"]}}],"collection":[{"href":"https:\/\/blogs.univ-tlse2.fr\/lfa2022\/wp-json\/wp\/v2\/pages"}],"about":[{"href":"https:\/\/blogs.univ-tlse2.fr\/lfa2022\/wp-json\/wp\/v2\/types\/page"}],"author":[{"embeddable":true,"href":"https:\/\/blogs.univ-tlse2.fr\/lfa2022\/wp-json\/wp\/v2\/users\/1124"}],"replies":[{"embeddable":true,"href":"https:\/\/blogs.univ-tlse2.fr\/lfa2022\/wp-json\/wp\/v2\/comments?post=50"}],"version-history":[{"count":28,"href":"https:\/\/blogs.univ-tlse2.fr\/lfa2022\/wp-json\/wp\/v2\/pages\/50\/revisions"}],"predecessor-version":[{"id":187,"href":"https:\/\/blogs.univ-tlse2.fr\/lfa2022\/wp-json\/wp\/v2\/pages\/50\/revisions\/187"}],"wp:attachment":[{"href":"https:\/\/blogs.univ-tlse2.fr\/lfa2022\/wp-json\/wp\/v2\/media?parent=50"}],"curies":[{"name":"wp","href":"https:\/\/api.w.org\/{rel}","templated":true}]}}