 {"id":12,"date":"2022-03-09T15:27:27","date_gmt":"2022-03-09T14:27:27","guid":{"rendered":"https:\/\/blogs.univ-tlse2.fr\/licenceproanimation\/?page_id=12"},"modified":"2022-04-27T14:10:04","modified_gmt":"2022-04-27T12:10:04","slug":"accueil","status":"publish","type":"page","link":"https:\/\/blogs.univ-tlse2.fr\/licenceproanimation\/","title":{"rendered":"Pr\u00e9sentation"},"content":{"rendered":"\n<p><strong>Vous recherchez une formation d\u00e9veloppant une dimension sociale, culturelle et de loisirs?<\/strong><br><strong>Vous voulez acqu\u00e9rir une exp\u00e9rience professionnelle tout au long de votre ann\u00e9e d&rsquo;\u00e9tude ?<\/strong><br><strong>Vous souhaitez une formation ayant pour vocation \u00e0 mener vers une insertion professionnelle imm\u00e9diate?<\/strong><\/p>\n\n\n\n<p class=\"has-text-align-left\">Le <a href=\"http:\/\/histoire.univ-tlse2.fr\/\">d\u00e9partement sciences de l&rsquo;\u00e9ducation et de la formation de l&rsquo;universit\u00e9 de Jean Jaures<\/a>&nbsp;propose depuis 2004 une licence professionnelle Mention M\u00e9tiers de l&rsquo;animation sociale, socio-\u00e9ducative et socioculturelle. <\/p>\n\n\n\n<p class=\"has-text-align-left\">Elle s&rsquo;adresse \u00e0 des candidats titulaires d\u2019un BTS, d\u2019un DUT ou des deux premi\u00e8res ann\u00e9es de licence valid\u00e9es. Mais aussi \u00e0 des candidats faisant une validation des acquis de l&rsquo;exp\u00e9rience.<\/p>\n\n\n\n<p class=\"has-text-align-left\">Cette formation permet d\u2019acqu\u00e9rir les comp\u00e9tences et savoirs fondamentaux afin de pouvoir pr\u00e9tendre \u00e0 des postes d\u2019administrateur, coordonnateur ou encore gestionnaire de projets.<strong>&nbsp;<\/strong>Elle vise \u00e0 former les futurs responsables de dispositifs ou de structures \u0153uvrant dans le champ de l\u2019animation sociale, socio-\u00e9ducative et socio culturelle et du tourisme comme du sport.<\/p>\n\n\n\n<figure class=\"wp-block-gallery alignleft has-nested-images columns-default is-cropped wp-block-gallery-1 is-layout-flex wp-block-gallery-is-layout-flex\">\n<figure class=\"wp-block-image size-full is-style-rounded\"><img loading=\"lazy\" decoding=\"async\" width=\"1024\" height=\"634\" data-id=\"70\" src=\"https:\/\/blogs.univ-tlse2.fr\/licenceproanimation\/files\/2022\/03\/275162357_1295786344165508_7006300850898872829_n-1-1024x634.jpg\" alt=\"\" class=\"wp-image-70\" srcset=\"https:\/\/blogs.univ-tlse2.fr\/licenceproanimation\/files\/2022\/03\/275162357_1295786344165508_7006300850898872829_n-1-1024x634.jpg 1024w, https:\/\/blogs.univ-tlse2.fr\/licenceproanimation\/files\/2022\/03\/275162357_1295786344165508_7006300850898872829_n-1-300x186.jpg 300w, https:\/\/blogs.univ-tlse2.fr\/licenceproanimation\/files\/2022\/03\/275162357_1295786344165508_7006300850898872829_n-1-768x475.jpg 768w, https:\/\/blogs.univ-tlse2.fr\/licenceproanimation\/files\/2022\/03\/275162357_1295786344165508_7006300850898872829_n-1-1536x950.jpg 1536w, https:\/\/blogs.univ-tlse2.fr\/licenceproanimation\/files\/2022\/03\/275162357_1295786344165508_7006300850898872829_n-1-676x418.jpg 676w, https:\/\/blogs.univ-tlse2.fr\/licenceproanimation\/files\/2022\/03\/275162357_1295786344165508_7006300850898872829_n-1.jpg 2048w\" sizes=\"auto, (max-width: 1024px) 100vw, 1024px\" \/><figcaption>Classe de la licence pro animation<\/figcaption><\/figure>\n<\/figure>\n\n\n\n<p class=\"has-text-align-left\">Les cours sont dispens\u00e9s par une&nbsp;\u00e9quipe d&rsquo; enseignants dynamique  mais aussi des professionnels qui nous transmettent leurs exp\u00e9riences, leurs pratiques et permettent aux \u00e9tudiants de devenir de vrais cadres de l\u2019animation. <\/p>\n\n\n\n<p><\/p>\n\n\n\n<p class=\"has-white-color has-text-color\">&#8230;&#8230;&#8230;&#8230;&#8230;&#8230;&#8230;&#8230;&#8230;&#8230;&#8230;&#8230;&#8230;&#8230;&#8230;&#8230;&#8230;&#8230;&#8230;&#8230;&#8230;&#8230;&#8230;&#8230;&#8230;&#8230;&#8230;&#8230;&#8230;&#8230;&#8230;&#8230;&#8230;&#8230;&#8230;&#8230;&#8230;&#8230;&#8230;&#8230;&#8230;&#8230;&#8230;&#8230;&#8230;&#8230;&#8230;&#8230;&#8230;&#8230;&#8230;&#8230;&#8230;&#8230;&#8230;..<\/p>\n\n\n\n<p><strong>L&rsquo;organisation de l&rsquo;ann\u00e9e :<\/strong><\/p>\n\n\n\n<p>Les cours de la licence pro sont sur 12 semaines en pr\u00e9sentiel + 300h de stage autour de ces semaines, ils commencent g\u00e9n\u00e9ralement d\u00e9but septembre pour se terminer fin mai. Le moi de Juin est r\u00e9serv\u00e9 pour les soutenances du m\u00e9moire. <\/p>\n\n\n\n<p>Le stage se d\u00e9roule durant les semaines hors regroupement \u00e0 l\u2019universit\u00e9. Il s\u2019effectue en alternance avec les cours de l\u2019universit\u00e9.  Il s\u2019agit de la mise en \u0153uvre et l\u2019analyse d\u2019un projet professionnel.  Les structures sont vari\u00e9es\u2009: f\u00e9d\u00e9rations d\u2019\u00e9ducation populaire, associations d\u2019animation socioculturelle, sociale, culturelle, \u00e9tablissements m\u00e9dico-sociaux, collectivit\u00e9s territoriales, etc. La structure d\u2019accueil et la mission confi\u00e9e sont \u00e0 trouver et \u00e0 construire par l&rsquo;\u00e9tudiant mais doivent \u00eatre valid\u00e9es par les formateurs lors de la s\u00e9lection. <\/p>\n\n\n\n<p>Les salari\u00e9s, en fonction de l\u2019emploi occup\u00e9, peuvent effectuer leur stage au sein de leur structure \u00e0 condition de satisfaire aux exigences de la formation.<\/p>\n\n\n\n<p class=\"has-white-color has-text-color\">..<\/p>\n\n\n\n<p><strong>La formation permet aux \u00e9tudiant(e)s d&rsquo;apprendre \u00e0 :<\/strong><\/p>\n\n\n\n<div class=\"wp-block-columns is-layout-flex wp-container-core-columns-is-layout-9d6595d7 wp-block-columns-is-layout-flex\">\n<div class=\"wp-block-column is-layout-flow wp-block-column-is-layout-flow\" style=\"flex-basis:100%\">\n<div class=\"wp-block-columns is-layout-flex wp-container-core-columns-is-layout-9d6595d7 wp-block-columns-is-layout-flex\">\n<div class=\"wp-block-column is-layout-flow wp-block-column-is-layout-flow\" style=\"flex-basis:100%\">\n<div class=\"wp-block-columns is-layout-flex wp-container-core-columns-is-layout-9d6595d7 wp-block-columns-is-layout-flex\">\n<div class=\"wp-block-column is-layout-flow wp-block-column-is-layout-flow\">\n<ul class=\"wp-block-list\"><li>\u00c9laborer un diagnostic et proposer des recommandations<\/li><li>Coordonner et animer les acteurs sociaux et politiques<\/li><li>\u00c9laborer, mobiliser et \u00e9valuer diff\u00e9rentes ressources au service<br>d\u2019un projet<\/li><li>Diriger, animer et former des \u00e9quipes et des acteurs<\/li><li>S\u2019approprier une culture g\u00e9n\u00e9rale et professionnelle dans le champ de l\u2019animation<\/li><li>Analyser les pratiques professionnelles et accompagner les acteurs.<\/li><\/ul>\n<\/div>\n\n\n\n<div class=\"wp-block-column is-layout-flow wp-block-column-is-layout-flow\">\n<ul class=\"wp-block-list\"><li>D\u00e9velopper des projets dont ils piloteront la mise en \u0153uvre et dont ils assureront l\u2019\u00e9valuation.<\/li><li>S\u2019adapter et anticiper les \u00e9volutions de la situation et du projet.<\/li><li>Utiliser les outils num\u00e9riques de r\u00e9f\u00e9rence et les r\u00e8gles de s\u00e9curit\u00e9 informatique pour acqu\u00e9rir, traiter, produire et diffuser de l\u2019information ainsi que pour collaborer en interne et en externe.<\/li><li>Communiquer par oral et par \u00e9crit, de fa\u00e7on claire et non-ambigu\u00eb.<\/li><\/ul>\n<\/div>\n<\/div>\n<\/div>\n<\/div>\n<\/div>\n<\/div>\n\n\n\n<p><img decoding=\"async\" class=\"wp-image-162\" style=\"width: NaNpx\" src=\"https:\/\/blogs.univ-tlse2.fr\/licenceproanimation\/files\/2022\/04\/Fiche-descriptive-LP-Coordination-et-developpement-des-politiques-et-dispositifs-danimation-1.pdf\" alt=\"\"><\/p>\n","protected":false},"excerpt":{"rendered":"<p>Vous recherchez une formation d\u00e9veloppant une dimension sociale, culturelle et de loisirs?Vous voulez acqu\u00e9rir une exp\u00e9rience professionnelle tout au long de votre ann\u00e9e d&rsquo;\u00e9tude ?Vous souhaitez une formation ayant pour vocation \u00e0 mener vers une insertion professionnelle imm\u00e9diate? Le d\u00e9partement sciences de l&rsquo;\u00e9ducation et de la formation de l&rsquo;universit\u00e9 de Jean Jaures&nbsp;propose depuis 2004 une &hellip; <a href=\"https:\/\/blogs.univ-tlse2.fr\/licenceproanimation\/\" class=\"more-link\">Continuer la lecture de <span class=\"screen-reader-text\">Pr\u00e9sentation<\/span> <span class=\"meta-nav\">&rarr;<\/span><\/a><\/p>\n","protected":false},"author":1122,"featured_media":0,"parent":0,"menu_order":0,"comment_status":"closed","ping_status":"closed","template":"","meta":{"footnotes":""},"class_list":["post-12","page","type-page","status-publish","hentry"],"_links":{"self":[{"href":"https:\/\/blogs.univ-tlse2.fr\/licenceproanimation\/wp-json\/wp\/v2\/pages\/12","targetHints":{"allow":["GET"]}}],"collection":[{"href":"https:\/\/blogs.univ-tlse2.fr\/licenceproanimation\/wp-json\/wp\/v2\/pages"}],"about":[{"href":"https:\/\/blogs.univ-tlse2.fr\/licenceproanimation\/wp-json\/wp\/v2\/types\/page"}],"author":[{"embeddable":true,"href":"https:\/\/blogs.univ-tlse2.fr\/licenceproanimation\/wp-json\/wp\/v2\/users\/1122"}],"replies":[{"embeddable":true,"href":"https:\/\/blogs.univ-tlse2.fr\/licenceproanimation\/wp-json\/wp\/v2\/comments?post=12"}],"version-history":[{"count":32,"href":"https:\/\/blogs.univ-tlse2.fr\/licenceproanimation\/wp-json\/wp\/v2\/pages\/12\/revisions"}],"predecessor-version":[{"id":210,"href":"https:\/\/blogs.univ-tlse2.fr\/licenceproanimation\/wp-json\/wp\/v2\/pages\/12\/revisions\/210"}],"wp:attachment":[{"href":"https:\/\/blogs.univ-tlse2.fr\/licenceproanimation\/wp-json\/wp\/v2\/media?parent=12"}],"curies":[{"name":"wp","href":"https:\/\/api.w.org\/{rel}","templated":true}]}}