 {"id":2154,"date":"2017-04-03T11:23:41","date_gmt":"2017-04-03T10:23:41","guid":{"rendered":"https:\/\/blogs.univ-tlse2.fr\/littera-incognita-2\/?page_id=2154"},"modified":"2018-03-29T19:06:15","modified_gmt":"2018-03-29T18:06:15","slug":"numero-9-lieux-et-non-lieux-liens-au-corps-hiver-2017","status":"publish","type":"page","link":"https:\/\/blogs.univ-tlse2.fr\/littera-incognita-2\/numero-9-lieux-et-non-lieux-liens-au-corps-hiver-2017\/","title":{"rendered":"Num\u00e9ro 9 : Lieux et non-lieux : liens au corps &#8211; printemps 2018"},"content":{"rendered":"<h2 style=\"text-align: justify\">L&rsquo;\u00e9quipe<\/h2>\n<p style=\"text-align: justify\"><a href=\"https:\/\/blogs.univ-tlse2.fr\/littera-incognita-2\/2017\/04\/03\/edition-et-redaction-du-numero-9\/\">\u00c9dition et comit\u00e9 de r\u00e9daction<\/a><\/p>\n<p style=\"text-align: justify\"><a href=\"https:\/\/blogs.univ-tlse2.fr\/littera-incognita-2\/2017\/04\/03\/comite-scientifique-du-n9\/\">Le comit\u00e9 scientifique<\/a><\/p>\n<hr \/>\n<h2 style=\"text-align: justify\">\u00c9dito<\/h2>\n<p style=\"text-align: justify\">Corps et espace entretiennent depuis toujours des relations tr\u00e8s \u00e9troites, ainsi qu&rsquo;en t\u00e9moignent la philosophie, les sciences physiques et\/ou humaines ou encore les arts. Ces deux \u201centit\u00e9s\u201d sont envisag\u00e9es comme intrins\u00e8quement et inextricablement li\u00e9es. Li\u00e9es par le seul fait que c&rsquo;est \u00e0 travers le corps tout d&rsquo;abord que se per\u00e7oit l&rsquo;espace : vu, senti, touch\u00e9, le corps est le premier si\u00e8ge de notre appr\u00e9hension de l&rsquo;espace, et c&rsquo;est en premier lieu \u00e0 travers ce ressenti qu&rsquo;il nous est donn\u00e9 \u00e0 penser.<\/p>\n<p style=\"text-align: justify\">Si l&rsquo;espace tout comme le corps sont au c\u0153ur des pr\u00e9occupations de l&rsquo;homme depuis la nuit des temps, ces unions et\/ou tensions entre corps et espace prennent aujourd&rsquo;hui de nouveaux visages\u00a0: l&rsquo;av\u00e8nement r\u00e9cent des technologies num\u00e9riques a contribu\u00e9 \u00e0 la naissance d&rsquo;espaces, \u201cespaces sans lieu\u201d (Anne Cauquelin) tant\u00f4t synonymes de libert\u00e9, tant\u00f4t jug\u00e9s comme d\u00e9sincarnants. Le lieu peut alors \u00eatre envisag\u00e9 aussi \u00e0 travers la figure du non-lieu et\/ou de l&rsquo;utopie, c&rsquo;est-\u00e0-dire de lieu qui n&rsquo;est nulle part.<\/p>\n<p style=\"text-align: justify\">Toute pratique artistique entretient un lien au corps mais aussi au lieu au sens d&rsquo;un espace habit\u00e9, investi par une corporalit\u00e9. Cependant, les dispositifs artistiques contemporains jouent aujourd&rsquo;hui de la question du lieu comme non-lieu\u00a0: pratique performatives qui s&rsquo;inscrivent dans l&rsquo;\u00e9ph\u00e9m\u00e8re, le transitoire, dispositifs au sein desquels le corps du spectateur est immerg\u00e9, ou encore productions qui t\u00e9moignent des rapports contemporains que corps et espaces entretiennent, autant de pistes de r\u00e9flexions qui sont abord\u00e9es ici \u00e0 travers le prisme de la cr\u00e9ation plastique.<\/p>\n<p style=\"text-align: justify\">Ce num\u00e9ro 9 de <i>Littera Incognita<\/i>, publi\u00e9 en 2018, fait suite aux 12\u00e8mes Journ\u00e9es d\u2019\u00c9tudes des Doctorants de LLA-CR\u00c9ATIS, intitul\u00e9es \u00ab Lieux et non-lieux\u00a0: liens au corps \u00bb organis\u00e9es \u00e0 l&rsquo;Universit\u00e9 Toulouse &#8211; Jean Jaur\u00e8s, les 20 et 21 avril 2017. Il s&rsquo;agissait d&rsquo;y nourrir une r\u00e9flexion autour des possibles articulations du corps aux lieux et non-lieux \u00e0 travers diff\u00e9rentes formes d&rsquo;expression contemporaines. Prenant appui sur une d\u00e9marche de recherche-cr\u00e9ation, ces journ\u00e9es s&rsquo;accompagnaient d&rsquo;un parcours d&rsquo;exposition des \u0153uvres des intervenants, certaines ayant \u00e9t\u00e9 cr\u00e9\u00e9es \u00e0 la faveur de ces journ\u00e9es et constituant l&rsquo;objet m\u00eame de la r\u00e9flexion des auteurs (<i>Tous les chemins m\u00e8nent \u00e0 Ambre<\/i> de Carolle Nosella et Ir\u00e8ne Dunyach). Ce num\u00e9ro r\u00e9unit les contributions des doctorant\/e\/s et docteur\/e\/s en arts plastiques ayant particip\u00e9 \u00e0 ces journ\u00e9es d&rsquo;\u00e9tudes. Le dossier artistique qui le compl\u00e8te rend compte des \u0153uvres pr\u00e9sent\u00e9es lors de cette manifestation.<\/p>\n<p style=\"text-align: justify\">Nous vous souhaitons une bonne lecture.<\/p>\n<p style=\"text-align: justify\">Aur\u00e9lie Fatin et Alessia Nizovtseva<\/p>\n<hr \/>\n<h2 style=\"text-align: justify\">Les articles<\/h2>\n<p style=\"text-align: justify\"><a href=\"https:\/\/blogs.univ-tlse2.fr\/littera-incognita-2\/2018\/01\/09\/la-ville-contemporaine-aux-visages-u-topique-de-la-plasticite-de-la-verticalite-au-generique\/\">La ville contemporaine aux visages u-topique. De la plasticit\u00e9 de la verticalit\u00e9 au g\u00e9n\u00e9rique.<\/a><br \/>\nAlessia NIZOVTSEVA<\/p>\n<p style=\"text-align: justify\"><a href=\"https:\/\/blogs.univ-tlse2.fr\/littera-incognita-2\/2018\/01\/09\/tous-les-chemins-menent-a-ambre-traduire-une-traversee-par-un-dispositif-intermedial\/\">Tous les chemins m\u00e8nent \u00e0 Ambre \u2014 traduire une travers\u00e9e par un dispositif interm\u00e9dial<\/a><br \/>\nCarole NOSELLA et Ir\u00e8ne DUNYACH<\/p>\n<p style=\"text-align: justify\"><a href=\"https:\/\/blogs.univ-tlse2.fr\/littera-incognita-2\/2018\/01\/09\/lieux-et-non-lieux-liens-au-sport\/\">Lieux et non-lieux : liens au sport<\/a><br \/>\nMarion LE TORRIVELLEC<\/p>\n<p style=\"text-align: justify\"><a href=\"https:\/\/blogs.univ-tlse2.fr\/littera-incognita-2\/2018\/01\/09\/acosmies-sur-la-frange-dun-monde-inhabitable\/\">Acosmies. Sur la frange d\u2019un monde inhabitable<\/a><br \/>\nMatthieu DUPERREX<\/p>\n<p style=\"text-align: justify\"><a href=\"https:\/\/blogs.univ-tlse2.fr\/littera-incognita-2\/2018\/01\/09\/lieux-de-loeuvrer-oeuvres-du-lieu\/\">Lieux de l&rsquo;\u0153uvrer, \u0153uvre(s) du lieu<\/a><br \/>\nAur\u00e9lie FATIN<\/p>\n<p style=\"text-align: justify\"><a href=\"https:\/\/blogs.univ-tlse2.fr\/littera-incognita-2\/2018\/01\/09\/un-fantome-au-plumard-pour-dejouer-la-pesanteur-sextraire-des-limites\/\">Un fant\u00f4me au plumard pour\u2026 d\u00e9jouer la pesanteur, s\u2019extraire des limites<\/a><br \/>\nC\u00e9line CADAUREILLE<\/p>\n<p style=\"text-align: justify\"><a href=\"https:\/\/blogs.univ-tlse2.fr\/littera-incognita-2\/2018\/01\/09\/lieux-utopiques-dessines-dans-lobscurite-et-cheminement-du-corps-dans-les-installations-au-fil-de-julien-salaud\/\">Lieux utopiques dessin\u00e9s dans l&rsquo;obscurit\u00e9 et cheminement du corps dans les installations au fil de Julien Salaud<\/a><br \/>\nVirginie PEYRAMAYOU<\/p>\n<h2 style=\"text-align: justify\">Dossier artistique<\/h2>\n<p><a href=\"https:\/\/blogs.univ-tlse2.fr\/littera-incognita-2\/2018\/03\/26\/tous-les-chemins-menent-a-ambre-installation-irene-dunyach-et-carole-nosella\/\">Tous les chemins m\u00e8nent \u00e0 Ambre \u2014 Ir\u00e8ne Dunyach et Carole Nosella<\/a><br \/>\nInstallation\u00a0\u00a0graphique, vid\u00e9ographique et sonore \u00e0 partir d&rsquo;un extrait du roman\u00a0<i>Nine Princes in Amber\u00a0<\/i>de Roger Zelazny.<\/p>\n<p><a href=\"https:\/\/blogs.univ-tlse2.fr\/littera-incognita-2\/2018\/03\/26\/exposition-je-lieux-et-non-lieux-liens-au-corps\/\">Exposition JE Lieux et non lieux : liens au corps<\/a><br \/>\nPhotographies des oeuvres pr\u00e9sent\u00e9es lors des Journ\u00e9es d&rsquo;\u00e9tude (Alessia Nizotseva, Virginie Peyramayou, Aur\u00e9lie Fatin)<\/p>\n<h3>Liens vers les sites web des artistes :<\/h3>\n<p>Celine CADAUREILLE<br \/>\n<a href=\"http:\/\/www.celinecadaureille.fr\/\" target=\"_blank\" rel=\"noopener\">www.celinecadaureille.fr<\/a><\/p>\n<p>Aur\u00e9lie FATIN<br \/>\n<a href=\"http:\/\/www.aureliefatin.com\" target=\"_blank\" rel=\"noopener\">www.aureliefatin.com<\/a><\/p>\n<p>Marion LE TORRIVELLEC<br \/>\n<a href=\"https:\/\/marionletorrivellec.wordpress.com\/\" target=\"_blank\" rel=\"noopener\">marionletorrivellec.wordpress.com<\/a><\/p>\n<p>Alessia NIZOVTSEVA<br \/>\n<a href=\"http:\/\/alessianizovtseva.com\/\" target=\"_blank\" rel=\"noopener\">alessianizovtseva.com<\/a><\/p>\n<p>Carole NOSELLA<br \/>\n<a href=\"http:\/\/carole-nosella.tumblr.com\/\" target=\"_blank\" rel=\"noopener\">carole-nosella.tumblr.com<\/a><\/p>\n","protected":false},"excerpt":{"rendered":"<p>L&rsquo;\u00e9quipe \u00c9dition et comit\u00e9 de r\u00e9daction Le comit\u00e9 scientifique \u00c9dito Corps et espace entretiennent depuis toujours des relations tr\u00e8s \u00e9troites, ainsi qu&rsquo;en t\u00e9moignent la philosophie, les sciences physiques et\/ou humaines ou encore les arts. Ces deux \u201centit\u00e9s\u201d sont envisag\u00e9es comme intrins\u00e8quement et inextricablement li\u00e9es. Li\u00e9es par le seul fait que c&rsquo;est \u00e0 travers le corps [&hellip;]<\/p>\n","protected":false},"author":33,"featured_media":0,"parent":0,"menu_order":0,"comment_status":"closed","ping_status":"closed","template":"","meta":{"footnotes":""},"class_list":["post-2154","page","type-page","status-publish","hentry","post-preview"],"_links":{"self":[{"href":"https:\/\/blogs.univ-tlse2.fr\/littera-incognita-2\/wp-json\/wp\/v2\/pages\/2154","targetHints":{"allow":["GET"]}}],"collection":[{"href":"https:\/\/blogs.univ-tlse2.fr\/littera-incognita-2\/wp-json\/wp\/v2\/pages"}],"about":[{"href":"https:\/\/blogs.univ-tlse2.fr\/littera-incognita-2\/wp-json\/wp\/v2\/types\/page"}],"author":[{"embeddable":true,"href":"https:\/\/blogs.univ-tlse2.fr\/littera-incognita-2\/wp-json\/wp\/v2\/users\/33"}],"replies":[{"embeddable":true,"href":"https:\/\/blogs.univ-tlse2.fr\/littera-incognita-2\/wp-json\/wp\/v2\/comments?post=2154"}],"version-history":[{"count":20,"href":"https:\/\/blogs.univ-tlse2.fr\/littera-incognita-2\/wp-json\/wp\/v2\/pages\/2154\/revisions"}],"predecessor-version":[{"id":3433,"href":"https:\/\/blogs.univ-tlse2.fr\/littera-incognita-2\/wp-json\/wp\/v2\/pages\/2154\/revisions\/3433"}],"wp:attachment":[{"href":"https:\/\/blogs.univ-tlse2.fr\/littera-incognita-2\/wp-json\/wp\/v2\/media?parent=2154"}],"curies":[{"name":"wp","href":"https:\/\/api.w.org\/{rel}","templated":true}]}}