 {"id":29,"date":"2010-03-12T10:17:43","date_gmt":"2010-03-12T09:17:43","guid":{"rendered":"https:\/\/blogs.univ-tlse2.fr\/littera-incognita\/consignes-aux-auteurs\/"},"modified":"2020-01-13T15:42:09","modified_gmt":"2020-01-13T14:42:09","slug":"consignes-aux-auteurs","status":"publish","type":"page","link":"https:\/\/blogs.univ-tlse2.fr\/littera-incognita-2\/consignes-aux-auteurs\/","title":{"rendered":"Consignes aux auteur.rice.s"},"content":{"rendered":"<h2 style=\"text-align: center\"><strong>Normes de r\u00e9daction pour les articles de la revue Litter@ Incognita<\/strong><\/h2>\n<p>La revue <em>Litter@ Incognita<\/em> ne publie que des articles in\u00e9dits. Tout article est soumis \u00e0 l\u2019examen du comit\u00e9 de r\u00e9daction qui se r\u00e9serve le droit de l\u2019amender ou de le refuser. Nous vous invitons \u00e0 consulter le site de la revue pour avoir une id\u00e9e pr\u00e9cise de sa mise en page. Les articles doivent remplir les conditions suivantes\u00a0:<\/p>\n<ul>\n<li><span style=\"color: #993300\"><strong>Normes g\u00e9n\u00e9rales<\/strong><\/span><\/li>\n<\/ul>\n<p><strong>Article<\/strong>\u00a0: 30\u00a0000 signes environ (notes, bibliographie et r\u00e9sum\u00e9s compris)<\/p>\n<p>Langue : Fran\u00e7ais<\/p>\n<p>Typo\u00a0: Garamond, taille 12, espace 1,5<\/p>\n<p>Format\u00a0: A4, orientation \u00ab\u00a0Portrait\u00a0\u00bb, marge standard<\/p>\n<p>Ne pas utiliser de retrait (touche tabulation) en d\u00e9but de paragraphe<\/p>\n<p>Ne pas introduire de sauts de pages<\/p>\n<p><strong>Le fichier est \u00e0 remettre en .docx.<\/strong><\/p>\n<p><strong>\u00a0<\/strong><\/p>\n<ul>\n<li><span style=\"color: #993300\"><strong>M\u00e9tadonn\u00e9es <\/strong><\/span><strong><br \/>\n<\/strong><\/li>\n<\/ul>\n<p><strong>Titre<\/strong><\/p>\n<p><strong>&#8211; <\/strong>En fran\u00e7ais et en anglais<\/p>\n<p><strong>Pr\u00e9sentation de l\u2019auteur<\/strong><\/p>\n<p>Pr\u00e9nom Nom<br \/>\nNotice biobibliographique de 4 lignes maximum<br \/>\nAdresse \u00e9lectronique si vous le souhaitez<\/p>\n<p><strong>R\u00e9sum\u00e9s\u00a0 <\/strong><\/p>\n<p><strong>&#8211; <\/strong>En fran\u00e7ais et en anglais<\/p>\n<p>&#8211; 2\u00a0000\u00a0caract\u00e8res (espaces compris) chacun.<\/p>\n<p><strong>Mots-cl\u00e9s\u00a0: <\/strong>en fran\u00e7ais et en anglais.<\/p>\n<p>&#8211; Un minimum de huit\u00a0mots-cl\u00e9s est attendu, dont au moins un indiquant la discipline de l\u2019article.<\/p>\n<p>&#8211; S\u00e9parer les mots-cl\u00e9s par des tirets.<\/p>\n<ul>\n<li><strong><span style=\"color: #993300\">Titres<\/span><br \/>\n<\/strong><\/li>\n<\/ul>\n<p>&#8211; 2 niveaux de titres possibles (parties et sous-parties).<br \/>\n&#8211; Parties de niveau\u00a01 = Taille 14, gras<br \/>\n&#8211; Sous-partie = Taille 12, gras<\/p>\n<p>&#8211; Num\u00e9rotation automatique de type 1. et 1.1<\/p>\n<ul>\n<li><span style=\"color: #993300\"><strong>Pour les caract\u00e8res sp\u00e9ciaux\u00a0<\/strong><\/span><\/li>\n<\/ul>\n<p><strong>Majuscules<\/strong><\/p>\n<p>&#8211; Utilisez les petites capitales (sauf pour les lettres de d\u00e9but de phrase)<\/p>\n<p>&#8211; Les si\u00e8cles s\u2019\u00e9crivent en chiffres romains petites capitales.<\/p>\n<p><strong>&#8211; Jamais de mots ou de phrases en capitales<\/strong> (exception pour les sigles et certains acronymes)<\/p>\n<p>&#8211; Accentuer toutes les majuscules ou capitales<\/p>\n<p><strong>Espaces ins\u00e9cables (Alt\u00a0+\u00a0espace) <\/strong><\/p>\n<p>Pour toutes les ponctuations doubles (\u00a0!,\u00a0?,\u00a0:), les guillemets de citation (\u00ab\u00a0\u00bb), les pages et num\u00e9ro (p.\u00a012, n\u00b0\u00a023).<\/p>\n<p><strong>Autre<\/strong><\/p>\n<p>&#8211; Les titres d\u2019\u0153uvres, citations \u00e9trang\u00e8res et les mots \u00e9trangers en italiques<\/p>\n<p>&#8211; Les auteurs qui d\u00e9sirent mettre en valeur un terme peuvent le faire en utilisant l\u2019italique ou le gras, mais <strong>jamais le soulignement<\/strong>.<\/p>\n<p>&#8211; Les si\u00e8cles seront indiqu\u00e9s en chiffres romains\u00a0: XIX<sup>e<\/sup> si\u00e8cle, par exemple.<\/p>\n<p>&#8211; On veillera \u00e0 utiliser correctement les abr\u00e9viations latines suivantes\u00a0:<\/p>\n<p style=\"padding-left: 40px\"><strong><em>infra :<\/em><\/strong> au-dessous, plus loin\u00a0;<\/p>\n<p style=\"padding-left: 40px\"><strong><em>supra <\/em><\/strong><strong>:<\/strong> au-dessus, plus haut\u00a0;<em>idem :<\/em>le m\u00eame auteur, le m\u00eame titre d\u2019ouvrage\u00a0;<\/p>\n<p style=\"padding-left: 40px\"><strong><em>idem<\/em><\/strong> : dans le m\u00eame ouvrage, en 2e occurrence peut \u00eatre abr\u00e9g\u00e9 par <strong><em>id.<\/em><\/strong>\u00a0;<\/p>\n<p style=\"padding-left: 40px\"><strong><em>ibidem <\/em><\/strong><strong>:<\/strong> au m\u00eame endroit (m\u00eame page dans le m\u00eame ouvrage),\u00a0en 2e occurrence peut \u00eatre abr\u00e9g\u00e9 par <strong><em>ibid<\/em><\/strong>. ;<\/p>\n<p style=\"padding-left: 40px\"><strong><em> op.cit. :<\/em><\/strong> ouvrage cit\u00e9\u00a0;<\/p>\n<p style=\"padding-left: 40px\"><strong><em>passim :<\/em><\/strong> par endroits<em>.<\/em><\/p>\n<p><strong>\u00a0<\/strong><\/p>\n<ul>\n<li><span style=\"color: #993300\"><strong>Citations<\/strong><\/span><\/li>\n<\/ul>\n<p>&#8211; Les citations <strong>de trois lignes ou moins<\/strong>\u00a0:<\/p>\n<p>&#8211; Int\u00e9gr\u00e9es dans le corps du paragraphe<\/p>\n<p>&#8211; Encadr\u00e9es de guillemets \u00e0 la fran\u00e7aise (\u00ab\u00a0\u00bb)<\/p>\n<p>&#8211; En cas de mots ou groupes de mots entre guillemets dans la citation, vous pouvez utiliser les guillemets anglo-saxons \u00e0 l&rsquo;int\u00e9rieur de la citation (\u2018\u2018\u00a0\u2019\u2019).<\/p>\n<p>&#8211; Les citations <strong>de plus de trois lignes\u00a0:<\/strong><\/p>\n<p>&#8211; Renvoi \u00e0 la ligne sans guillemets<\/p>\n<p>&#8211; Police de taille : 11, justifi\u00e9, interligne simple.<\/p>\n<p>&#8211; Si votre citation est en langue \u00e9trang\u00e8re, vous citerez sa traduction en fran\u00e7ais dans le corps de l\u2019article et la citation originale en italique dans la note de fin.<\/p>\n<p>&#8211; Chaque citation sera suivie d\u2019un appel de note <strong>\u00e0 l\u2019int\u00e9rieur des guillemets<\/strong> et renvoyant <strong>\u00e0 une note de fin <\/strong>indiquant sa provenance.<\/p>\n<ul>\n<li><span style=\"color: #993300\"><strong>Illustrations<\/strong><\/span><\/li>\n<\/ul>\n<p>Si vous souhaitez ajouter des illustrations (en nombre raisonnable), elles doivent \u00eatre libres de droit ou vous devez nous fournir les droits de reproduction. Nous nous r\u00e9servons le droit de refuser toute illustration non conforme aux normes demand\u00e9es.<\/p>\n<p>\u2013 Les illustrations sont ins\u00e9r\u00e9es dans les articles, \u00e0 l\u2019endroit souhait\u00e9 (afin d\u2019indiquer leur emplacement).<br \/>\n\u2013 Elles sont \u00e9galement fournies en fichiers s\u00e9par\u00e9s 300dpi, format jpg<\/p>\n<p>\u2013 Les illustrations comportent un titre et sont num\u00e9rot\u00e9es. Elles doivent \u00eatre l\u00e9gend\u00e9es et cr\u00e9dit\u00e9es. Elles ne sont pas int\u00e9gr\u00e9es dans un paragraphe mais constituent un bloc sp\u00e9cifique (titre\/illustration\/l\u00e9gende\/cr\u00e9dits).<\/p>\n<p>\u2013 Les tableaux ne sont accept\u00e9s que pour des donn\u00e9es chiffr\u00e9es. Ils ne doivent pas \u00eatre utilis\u00e9s pour pr\u00e9senter des textes.<\/p>\n<ul>\n<li><span style=\"color: #993300\"><strong>Notes de fin<\/strong><\/span><\/li>\n<\/ul>\n<p>&#8211; Pas de note de bas de page mais des notes de fin.<\/p>\n<p>&#8211; L&rsquo;appel de note est situ\u00e9 avant le signe de ponctuation et l&rsquo;\u00e9ventuel guillemet.<\/p>\n<p>&#8211; Les appels de notes ne doivent pas \u00eatre pr\u00e9c\u00e9d\u00e9s d\u2019un espace<\/p>\n<p>&#8211; Utiliser les appels de note en mode automatique\u00a0(pas de notes manuelles).<\/p>\n<ul>\n<li><span style=\"color: #993300\"><strong>R\u00e9f\u00e9rences bibliographiques dans les notes de fin<\/strong><\/span><\/li>\n<\/ul>\n<p><strong>Pour un ouvrage :<\/strong><\/p>\n<p>Nom Pr\u00e9nom, <em>Titre de l\u2019ouvrage<\/em>, lieu, \u00e9diteur, \u00ab collection \u00bb, date, p.<\/p>\n<p><strong>Pour un article dans une revue ou un p\u00e9riodique :<\/strong><\/p>\n<p>Nom Pr\u00e9nom, \u00ab Titre de l\u2019article \u00bb, <em>Titre de revue ou de p\u00e9riodique<\/em>, n\u00b0 , date, p.<\/p>\n<p>Pour une contribution \u00e0 un ouvrage collectif :<\/p>\n<p>Nom Pr\u00e9nom, \u00ab Titre de l\u2019article \u00bb, dans NOM Pr\u00e9nom (sous la dir. de), <em>Titre de l\u2019ouvrage<\/em>, lieu, \u00e9diteur, date, p.<\/p>\n<p>Si la r\u00e9f\u00e9rence de l\u2019ouvrage a d\u00e9j\u00e0 \u00e9t\u00e9 donn\u00e9e pr\u00e9c\u00e9demment, \u00e9crire <em>op. cit., <\/em>suivi de la page<em>. <\/em>Si la r\u00e9f\u00e9rence se trouve dans la note imm\u00e9diatement pr\u00e9c\u00e9dente, \u00e9crire <em>Ibid., <\/em>suivi de la r\u00e9f\u00e9rence de la page.<\/p>\n<ul>\n<li><span style=\"color: #993300\"><strong>Bibliographie<\/strong><\/span><\/li>\n<\/ul>\n<p>Chaque article sera suivi d\u2019une bibliographie incluant les travaux cit\u00e9s et les ouvrages consult\u00e9s. Elle sera introduite par le titre \u00ab\u00a0Bibliographie\u00a0\u00bb et sera rang\u00e9e par ordre alphab\u00e9tique d\u2019auteur.<\/p>\n<p><strong>Pour un ouvrage\u00a0:<\/strong><\/p>\n<p>Nom Pr\u00e9nom, <em>Titre de l\u2019ouvrage<\/em>, lieu, \u00e9diteur, \u00ab collection \u00bb (s\u2019il y en a une), date, nombre de pages.<\/p>\n<p><strong>Pour un ouvrage en plusieurs volumes :<\/strong><\/p>\n<p>Nom Pr\u00e9nom, <em>Titre g\u00e9n\u00e9rique de l\u2019ouvrage<\/em>. Tomaison, Titre sp\u00e9cifique de l\u2019ouvrage. Lieu, \u00e9diteur, collection, ann\u00e9e, nombre de pages.<\/p>\n<p><strong>Pour un article dans une revue ou un p\u00e9riodique :<\/strong><\/p>\n<p>Nom Pr\u00e9nom, \u00ab Titre d\u2019article \u00bb, Titre de revue ou de p\u00e9riodique, date, volume, n\u00b0 , nombre de pages.<\/p>\n<p><strong>Pour une contribution \u00e0 un ouvrage collectif :<\/strong><\/p>\n<p>Nom Pr\u00e9nom, \u00ab Titre de l\u2019article \u00bb, dans Nom Pr\u00e9nom (sous la dir. de), Titre de l\u2019ouvrage, lieu, \u00e9diteur, date, nombre de pages.<\/p>\n<p><strong>Pour un site Web :<\/strong><\/p>\n<p>Nom Pr\u00e9nom, Nom du site. [En ligne]. \u00c9diteur, date d\u2019\u00e9dition ou de mise \u00e0 jour [date de consultation]. Disponibilit\u00e9 et acc\u00e8s.<\/p>\n<p style=\"text-align: center\">&#8212;<\/p>\n<p><strong>\u00a0\u00a0\u00a0\u00a0\u00a0\u00a0\u00a0\u00a0\u00a0\u00a0\u00a0 Si ces normes ne sont pas respect\u00e9es, le comit\u00e9 de r\u00e9daction vous renverra automatiquement votre article pour correction, sans passer par le comit\u00e9 scientifique.<\/strong><\/p>\n<p><strong>\u00a0\u00a0\u00a0\u00a0\u00a0\u00a0\u00a0\u00a0\u00a0\u00a0\u00a0 En soumettant un article, les auteurs donnent leur accord pour l\u2019\u00e9dition num\u00e9rique.<\/strong><\/p>\n","protected":false},"excerpt":{"rendered":"<p>Normes de r\u00e9daction pour les articles de la revue Litter@ Incognita La revue Litter@ Incognita ne publie que des articles in\u00e9dits. Tout article est soumis \u00e0 l\u2019examen du comit\u00e9 de r\u00e9daction qui se r\u00e9serve le droit de l\u2019amender ou de le refuser. Nous vous invitons \u00e0 consulter le site de la revue pour avoir une [&hellip;]<\/p>\n","protected":false},"author":1,"featured_media":0,"parent":0,"menu_order":0,"comment_status":"closed","ping_status":"closed","template":"","meta":{"footnotes":""},"class_list":["post-29","page","type-page","status-publish","hentry","post-preview"],"_links":{"self":[{"href":"https:\/\/blogs.univ-tlse2.fr\/littera-incognita-2\/wp-json\/wp\/v2\/pages\/29","targetHints":{"allow":["GET"]}}],"collection":[{"href":"https:\/\/blogs.univ-tlse2.fr\/littera-incognita-2\/wp-json\/wp\/v2\/pages"}],"about":[{"href":"https:\/\/blogs.univ-tlse2.fr\/littera-incognita-2\/wp-json\/wp\/v2\/types\/page"}],"author":[{"embeddable":true,"href":"https:\/\/blogs.univ-tlse2.fr\/littera-incognita-2\/wp-json\/wp\/v2\/users\/1"}],"replies":[{"embeddable":true,"href":"https:\/\/blogs.univ-tlse2.fr\/littera-incognita-2\/wp-json\/wp\/v2\/comments?post=29"}],"version-history":[{"count":28,"href":"https:\/\/blogs.univ-tlse2.fr\/littera-incognita-2\/wp-json\/wp\/v2\/pages\/29\/revisions"}],"predecessor-version":[{"id":4486,"href":"https:\/\/blogs.univ-tlse2.fr\/littera-incognita-2\/wp-json\/wp\/v2\/pages\/29\/revisions\/4486"}],"wp:attachment":[{"href":"https:\/\/blogs.univ-tlse2.fr\/littera-incognita-2\/wp-json\/wp\/v2\/media?parent=29"}],"curies":[{"name":"wp","href":"https:\/\/api.w.org\/{rel}","templated":true}]}}