 {"id":787,"date":"2016-02-16T09:59:48","date_gmt":"2016-02-16T08:59:48","guid":{"rendered":"https:\/\/blogs.univ-tlse2.fr\/littera-incognita-2\/?page_id=787"},"modified":"2017-04-03T10:19:50","modified_gmt":"2017-04-03T09:19:50","slug":"sommaire-du-n4","status":"publish","type":"page","link":"https:\/\/blogs.univ-tlse2.fr\/littera-incognita-2\/sommaire-du-n4\/","title":{"rendered":"Num\u00e9ro 4 : L\u2019hybride \u00e0 l\u2019\u00e9preuve des regards crois\u00e9s &#8211; 2012"},"content":{"rendered":"<h2>\u00c9dito<\/h2>\n<p>Chaque parcours, chaque itin\u00e9raire, avec halte ou d\u2019un seul tenant, trace le chemin de la recherche vers l\u2019hypoth\u00e8se tendue, voire la d\u00e9couverte.\u00a0Le doctorant, la doctorante, sont embarqu\u00e9s vers de nouveaux&#8230; <a href=\"https:\/\/blogs.univ-tlse2.fr\/littera-incognita-2\/2016\/02\/16\/edito-du-n4\/\">Lire la suite<\/a><\/p>\n<hr \/>\n<h2>L&rsquo;\u00e9quipe<\/h2>\n<p><a href=\"https:\/\/blogs.univ-tlse2.fr\/littera-incognita-2\/2014\/01\/27\/edition-et-redaction-du-n4\/\">\u00c9dition et comit\u00e9 de r\u00e9daction<\/a><\/p>\n<p><a href=\"https:\/\/blogs.univ-tlse2.fr\/littera-incognita-2\/2014\/01\/27\/comite-scientifique-des-n4-et-5\/\">Le comit\u00e9 scientifique<\/a><\/p>\n<hr \/>\n<h2>Les articles<\/h2>\n<p><a title=\"L\u2019atelier de lecture th\u00e9rapeutique : entre th\u00e9orie litt\u00e9raire et pratique de soin\" href=\"https:\/\/blogs.univ-tlse2.fr\/littera-incognita-2\/2016\/02\/16\/numero-4-2011-article-1-sbg\/\" rel=\"bookmark\">L\u2019atelier de lecture th\u00e9rapeutique : entre th\u00e9orie litt\u00e9raire et pratique de soin<\/a><br \/>\n<span class=\"gras\">Sar<\/span><span class=\"gras\">a B\u00e9dard-Goulet<\/span><\/p>\n<p><a title=\"L\u2019hybridit\u00e9 des genres artistiques : une Gesamtkunstwerk \u00e0 l\u2019aube du XXIe si\u00e8cle dans l\u2019\u0153uvre de Matthew Barney\" href=\"https:\/\/blogs.univ-tlse2.fr\/littera-incognita-2\/2016\/02\/16\/numero-4-2011-article-2-mld\/\" rel=\"bookmark\">L\u2019hybridit\u00e9 des genres artistiques : une Gesamtkunstwerk \u00e0 l\u2019aube du XXIe si\u00e8cle dans l\u2019\u0153uvre de Matthew Barney<\/a><br \/>\nM<span class=\"gras\">arie-Laure Delaporte<\/span><\/p>\n<p><a href=\"https:\/\/blogs.univ-tlse2.fr\/littera-incognita-2\/2016\/02\/16\/numero-4-2011-article-3-ms\/\">Hybridit\u00e9 et diversit\u00e9 culturelle du sujet : des notions pertinentes pour former des sujets lecteurs ?<\/a><br \/>\n<span class=\"gras\">Marion Sauvaire<\/span><\/p>\n<p><a title=\"Le Songe ou astronomie lunaire de Kepler, Les \u00c9tats et Empires du Soleil de Cyrano de Bergerac : de l\u2019hybride imagin\u00e9 \u00e0 l\u2019imaginaire hybrid\u00e9 dans le dispositif de repr\u00e9sentation cosmologique post\u00e9rieur \u00e0 la r\u00e9volution copernicienne\" href=\"https:\/\/blogs.univ-tlse2.fr\/littera-incognita-2\/2016\/02\/16\/numero-4-2011-article-4-jmc\/\" rel=\"bookmark\">Le Songe ou astronomie lunaire de Kepler, Les \u00c9tats et Empires du Soleil de Cyrano de Bergerac : de l\u2019hybride imagin\u00e9 \u00e0 l\u2019imaginaire hybrid\u00e9 dans le dispositif de repr\u00e9sentation cosmologique post\u00e9rieur \u00e0 la r\u00e9volution copernicienne<\/a><br \/>\nJ<span class=\"gras\">ean-Michel Caralp<\/span><\/p>\n<p><a href=\"https:\/\/blogs.univ-tlse2.fr\/littera-incognita-2\/2016\/02\/16\/numero-4-2011-article-5-batsolaki\/\">L\u2019hybridation dans La Chose de John Carpenter<\/a><br \/>\n<span class=\"gras\">Nikoletta Batsolaki<\/span><\/p>\n<p><a title=\"\u00ab What are they afraid of us for ? \u00bb, Autre, exclue, monstre ou hybride, figures de la femme dans Terremer d\u2019Ursula K. Le Guin\" href=\"https:\/\/blogs.univ-tlse2.fr\/littera-incognita-2\/2016\/02\/16\/numero-4-2011-article-6-vb\/\" rel=\"bookmark\">\u00ab What are they afraid of us for ? \u00bb, Autre, exclue, monstre ou hybride, figures de la femme dans Terremer d\u2019Ursula K. Le Guin<\/a><br \/>\n<span class=\"gras\">Viviane Bergue<\/span><\/p>\n<p><a title=\"Une travers\u00e9e hybride en r\u00e9gime num\u00e9rique. Enjeux et travers contemporain\" href=\"https:\/\/blogs.univ-tlse2.fr\/littera-incognita-2\/2016\/02\/16\/numero-4-2011-article-7-mz\/\" rel=\"bookmark\">Une travers\u00e9e hybride en r\u00e9gime num\u00e9rique. Enjeux et travers contemporain<\/a><br \/>\n<span class=\"gras\">Marion Zilio<\/span><\/p>\n","protected":false},"excerpt":{"rendered":"<p>\u00c9dito Chaque parcours, chaque itin\u00e9raire, avec halte ou d\u2019un seul tenant, trace le chemin de la recherche vers l\u2019hypoth\u00e8se tendue, voire la d\u00e9couverte.\u00a0Le doctorant, la doctorante, sont embarqu\u00e9s vers de nouveaux&#8230; Lire la suite L&rsquo;\u00e9quipe \u00c9dition et comit\u00e9 de r\u00e9daction Le comit\u00e9 scientifique Les articles L\u2019atelier de lecture th\u00e9rapeutique : entre th\u00e9orie litt\u00e9raire et pratique [&hellip;]<\/p>\n","protected":false},"author":33,"featured_media":0,"parent":0,"menu_order":0,"comment_status":"closed","ping_status":"closed","template":"","meta":{"footnotes":""},"class_list":["post-787","page","type-page","status-publish","hentry","post-preview"],"_links":{"self":[{"href":"https:\/\/blogs.univ-tlse2.fr\/littera-incognita-2\/wp-json\/wp\/v2\/pages\/787","targetHints":{"allow":["GET"]}}],"collection":[{"href":"https:\/\/blogs.univ-tlse2.fr\/littera-incognita-2\/wp-json\/wp\/v2\/pages"}],"about":[{"href":"https:\/\/blogs.univ-tlse2.fr\/littera-incognita-2\/wp-json\/wp\/v2\/types\/page"}],"author":[{"embeddable":true,"href":"https:\/\/blogs.univ-tlse2.fr\/littera-incognita-2\/wp-json\/wp\/v2\/users\/33"}],"replies":[{"embeddable":true,"href":"https:\/\/blogs.univ-tlse2.fr\/littera-incognita-2\/wp-json\/wp\/v2\/comments?post=787"}],"version-history":[{"count":11,"href":"https:\/\/blogs.univ-tlse2.fr\/littera-incognita-2\/wp-json\/wp\/v2\/pages\/787\/revisions"}],"predecessor-version":[{"id":2134,"href":"https:\/\/blogs.univ-tlse2.fr\/littera-incognita-2\/wp-json\/wp\/v2\/pages\/787\/revisions\/2134"}],"wp:attachment":[{"href":"https:\/\/blogs.univ-tlse2.fr\/littera-incognita-2\/wp-json\/wp\/v2\/media?parent=787"}],"curies":[{"name":"wp","href":"https:\/\/api.w.org\/{rel}","templated":true}]}}