 {"id":10,"date":"2010-11-08T08:18:59","date_gmt":"2010-11-08T07:18:59","guid":{"rendered":"https:\/\/blogs.univ-tlse2.fr\/lla-doc\/equipe\/"},"modified":"2020-01-13T12:58:55","modified_gmt":"2020-01-13T11:58:55","slug":"associationlla-doc","status":"publish","type":"page","link":"https:\/\/blogs.univ-tlse2.fr\/lla-doc\/associationlla-doc\/","title":{"rendered":"L&rsquo;association LLA.doc"},"content":{"rendered":"<h2><em><span style=\"color: #800080\">Pr\u00e9sentation de l&rsquo;association<\/span><\/em><\/h2>\n<p>Fond\u00e9e en 2011, LLA.doc est l&rsquo;association des doctorants et jeunes docteurs du laboratoire LLA-CR\u00c9ATIS de l&rsquo;Universit\u00e9 de Toulouse-Le Mirail. Son but est d&rsquo;appuyer et d&rsquo;accompagner les projets des doctorants et des jeunes docteurs du laboratoire, tant au niveau de la diffusion de leurs travaux de recherche que dans l&rsquo;organisation d&rsquo;activit\u00e9s moins institutionnelles.<\/p>\n<h2><span style=\"color: #800080\"><em>L&rsquo;\u00e9quipe<\/em><\/span><\/h2>\n<p style=\"text-align: left\"><strong>Le bureau :<\/strong><\/p>\n<ul>\n<li>Pr\u00e9sidente : Marion Caudebec<\/li>\n<\/ul>\n<ul>\n<li>Vice-pr\u00e9sidente : Katia Fallonne<\/li>\n<li>Tr\u00e9sorier : Saskia Ten Cate<\/li>\n<li>Secr\u00e9taire-Webmaster : Gabriela Acosta Bastidas<\/li>\n<li>Contact :\u00a0&#x61;&#x73;&#x73;&#x6f;&#x2e;&#x6c;&#x6c;&#x61;&#x2e;&#x64;&#x6f;&#x63;&#x40;&#x67;&#x6d;&#x61;&#x69;&#x6c;&#x2e;&#x63;&#x6f;&#x6d;<\/li>\n<\/ul>\n<h2 style=\"text-align: left\"><span style=\"color: #800080\"><em>Partenaires<\/em><\/span><\/h2>\n<p><a href=\"http:\/\/lla-creatis.univ-tlse2.fr\/24291469\/0\/fiche___pagelibre\/&amp;RH=\">LLA CREATIS<\/a><\/p>\n","protected":false},"excerpt":{"rendered":"<p>Pr\u00e9sentation de l&rsquo;association Fond\u00e9e en 2011, LLA.doc est l&rsquo;association des doctorants et jeunes docteurs du laboratoire LLA-CR\u00c9ATIS de l&rsquo;Universit\u00e9 de Toulouse-Le Mirail. Son but est d&rsquo;appuyer et d&rsquo;accompagner les projets des doctorants et des jeunes docteurs du laboratoire, tant au niveau de la diffusion de leurs travaux de recherche que dans l&rsquo;organisation d&rsquo;activit\u00e9s moins institutionnelles. [&hellip;]<\/p>\n","protected":false},"author":60,"featured_media":0,"parent":0,"menu_order":0,"comment_status":"closed","ping_status":"closed","template":"","meta":{"footnotes":""},"class_list":["post-10","page","type-page","status-publish","hentry"],"_links":{"self":[{"href":"https:\/\/blogs.univ-tlse2.fr\/lla-doc\/wp-json\/wp\/v2\/pages\/10","targetHints":{"allow":["GET"]}}],"collection":[{"href":"https:\/\/blogs.univ-tlse2.fr\/lla-doc\/wp-json\/wp\/v2\/pages"}],"about":[{"href":"https:\/\/blogs.univ-tlse2.fr\/lla-doc\/wp-json\/wp\/v2\/types\/page"}],"author":[{"embeddable":true,"href":"https:\/\/blogs.univ-tlse2.fr\/lla-doc\/wp-json\/wp\/v2\/users\/60"}],"replies":[{"embeddable":true,"href":"https:\/\/blogs.univ-tlse2.fr\/lla-doc\/wp-json\/wp\/v2\/comments?post=10"}],"version-history":[{"count":37,"href":"https:\/\/blogs.univ-tlse2.fr\/lla-doc\/wp-json\/wp\/v2\/pages\/10\/revisions"}],"predecessor-version":[{"id":380,"href":"https:\/\/blogs.univ-tlse2.fr\/lla-doc\/wp-json\/wp\/v2\/pages\/10\/revisions\/380"}],"wp:attachment":[{"href":"https:\/\/blogs.univ-tlse2.fr\/lla-doc\/wp-json\/wp\/v2\/media?parent=10"}],"curies":[{"name":"wp","href":"https:\/\/api.w.org\/{rel}","templated":true}]}}