 {"id":290,"date":"2015-06-21T11:55:39","date_gmt":"2015-06-21T10:55:39","guid":{"rendered":"https:\/\/blogs.univ-tlse2.fr\/lla-doc\/?page_id=290"},"modified":"2015-06-21T11:56:20","modified_gmt":"2015-06-21T10:56:20","slug":"ateliers-de-reflexion-interdisciplinaires","status":"publish","type":"page","link":"https:\/\/blogs.univ-tlse2.fr\/lla-doc\/ateliers-de-reflexion-interdisciplinaires\/","title":{"rendered":"Ateliers de r\u00e9flexion interdisciplinaires"},"content":{"rendered":"<p style=\"text-align: justify\">Les ateliers de r\u00e9flexions sont des moments d&rsquo;\u00e9change informels entre doctorants o\u00f9 des discussions et d\u00e9bats scientifiques et intellectuels sont \u00e0 l&rsquo;ordre du jour. Ils sont con\u00e7us autour de th\u00e8mes regroupant les doctorants suivant leurs sujets de th\u00e8se ou simplement leur curiosit\u00e9 scientifique.<br \/>\nC&rsquo;est un espace d&rsquo;interaction entre doctorants de LLA-Creatis mais aussi d&rsquo;autres laboratoires. C&rsquo;est un espace qui a pour objectif de faire \u00e9merger des id\u00e9es, des r\u00e9flexions, des questionnements, des probl\u00e9matiques, des solutions, des r\u00e9f\u00e9rences, des conseils, des recommandations, des choses \u00e0 partager, enfin tout ce qui peut faire l&rsquo;objet d&rsquo;une discussion !<\/p>\n","protected":false},"excerpt":{"rendered":"<p>Les ateliers de r\u00e9flexions sont des moments d&rsquo;\u00e9change informels entre doctorants o\u00f9 des discussions et d\u00e9bats scientifiques et intellectuels sont \u00e0 l&rsquo;ordre du jour. Ils sont con\u00e7us autour de th\u00e8mes regroupant les doctorants suivant leurs sujets de th\u00e8se ou simplement leur curiosit\u00e9 scientifique. C&rsquo;est un espace d&rsquo;interaction entre doctorants de LLA-Creatis mais aussi d&rsquo;autres laboratoires. [&hellip;]<\/p>\n","protected":false},"author":60,"featured_media":0,"parent":0,"menu_order":0,"comment_status":"open","ping_status":"open","template":"","meta":{"footnotes":""},"class_list":["post-290","page","type-page","status-publish","hentry"],"_links":{"self":[{"href":"https:\/\/blogs.univ-tlse2.fr\/lla-doc\/wp-json\/wp\/v2\/pages\/290","targetHints":{"allow":["GET"]}}],"collection":[{"href":"https:\/\/blogs.univ-tlse2.fr\/lla-doc\/wp-json\/wp\/v2\/pages"}],"about":[{"href":"https:\/\/blogs.univ-tlse2.fr\/lla-doc\/wp-json\/wp\/v2\/types\/page"}],"author":[{"embeddable":true,"href":"https:\/\/blogs.univ-tlse2.fr\/lla-doc\/wp-json\/wp\/v2\/users\/60"}],"replies":[{"embeddable":true,"href":"https:\/\/blogs.univ-tlse2.fr\/lla-doc\/wp-json\/wp\/v2\/comments?post=290"}],"version-history":[{"count":2,"href":"https:\/\/blogs.univ-tlse2.fr\/lla-doc\/wp-json\/wp\/v2\/pages\/290\/revisions"}],"predecessor-version":[{"id":292,"href":"https:\/\/blogs.univ-tlse2.fr\/lla-doc\/wp-json\/wp\/v2\/pages\/290\/revisions\/292"}],"wp:attachment":[{"href":"https:\/\/blogs.univ-tlse2.fr\/lla-doc\/wp-json\/wp\/v2\/media?parent=290"}],"curies":[{"name":"wp","href":"https:\/\/api.w.org\/{rel}","templated":true}]}}