 {"id":13,"date":"2011-01-14T09:37:56","date_gmt":"2011-01-14T08:37:56","guid":{"rendered":"https:\/\/blogs.univ-tlse2.fr\/lla-espana31\/theatre-contemporain\/"},"modified":"2025-03-18T16:05:42","modified_gmt":"2025-03-18T15:05:42","slug":"theatre-contemporain","status":"publish","type":"page","link":"https:\/\/blogs.univ-tlse2.fr\/lla-espana31\/theatre-contemporain\/","title":{"rendered":"Th\u00e9\u00e2tre contemporain"},"content":{"rendered":"<p><strong><span style=\"color: #ff9900\">Recherche fondamentale<\/span><\/strong><\/p>\n<p>Les derniers axes de travail :<\/p>\n<ul>\n<li><a href=\"http:\/\/lla-creatis.univ-tlse2.fr\/24945344\/0\/fiche___pagelibre\/&amp;RH=1270124787537\">Les dispositifs sc\u00e9niques<\/a><\/li>\n<li>Transition \/ transgression<\/li>\n<li>Le corps en sc\u00e8ne<\/li>\n<\/ul>\n<p><span style=\"color: #ff9900\"><strong>\u00a0<\/strong><\/span><span style=\"color: #ff9900\"><strong>Recherche applicative<\/strong><\/span><\/p>\n<ul>\n<li><a href=\"http:\/\/lla-creatis.univ-tlse2.fr\/25268010\/0\/fiche___pagelibre\/&amp;RH=ACCUEIL_LLA-CREATIS&amp;RF=1270125225443\">DRAMA : notation de la mise en sc\u00e8ne<\/a><\/li>\n<li><a href=\"http:\/\/lla-creatis.univ-tlse2.fr\/25306522\/0\/fiche___pagelibre\/&amp;RH=1270125225443&amp;RF=1270125273874\">Th\u00e9\u00e2tre quantique<\/a><\/li>\n<li>Euror\u00e9gion : th\u00e9\u00e2tre catalan jeune public<\/li>\n<li><a href=\"http:\/\/fabrec.wordpress.com\/author\/fabrec\/\">FABREC<\/a><\/li>\n<li>Langues en sc\u00e8nes<\/li>\n<\/ul>\n","protected":false},"excerpt":{"rendered":"<p>Recherche fondamentale Les derniers axes de travail : Les dispositifs sc\u00e9niques Transition \/ transgression Le corps en sc\u00e8ne \u00a0Recherche applicative DRAMA : notation de la mise en sc\u00e8ne Th\u00e9\u00e2tre quantique Euror\u00e9gion : th\u00e9\u00e2tre catalan jeune public FABREC Langues en sc\u00e8nes<\/p>\n","protected":false},"author":69,"featured_media":0,"parent":0,"menu_order":0,"comment_status":"closed","ping_status":"open","template":"","meta":{"footnotes":""},"class_list":["post-13","page","type-page","status-publish","hentry"],"_links":{"self":[{"href":"https:\/\/blogs.univ-tlse2.fr\/lla-espana31\/wp-json\/wp\/v2\/pages\/13","targetHints":{"allow":["GET"]}}],"collection":[{"href":"https:\/\/blogs.univ-tlse2.fr\/lla-espana31\/wp-json\/wp\/v2\/pages"}],"about":[{"href":"https:\/\/blogs.univ-tlse2.fr\/lla-espana31\/wp-json\/wp\/v2\/types\/page"}],"author":[{"embeddable":true,"href":"https:\/\/blogs.univ-tlse2.fr\/lla-espana31\/wp-json\/wp\/v2\/users\/69"}],"replies":[{"embeddable":true,"href":"https:\/\/blogs.univ-tlse2.fr\/lla-espana31\/wp-json\/wp\/v2\/comments?post=13"}],"version-history":[{"count":16,"href":"https:\/\/blogs.univ-tlse2.fr\/lla-espana31\/wp-json\/wp\/v2\/pages\/13\/revisions"}],"predecessor-version":[{"id":462,"href":"https:\/\/blogs.univ-tlse2.fr\/lla-espana31\/wp-json\/wp\/v2\/pages\/13\/revisions\/462"}],"wp:attachment":[{"href":"https:\/\/blogs.univ-tlse2.fr\/lla-espana31\/wp-json\/wp\/v2\/media?parent=13"}],"curies":[{"name":"wp","href":"https:\/\/api.w.org\/{rel}","templated":true}]}}