 {"id":200,"date":"2011-02-26T16:20:07","date_gmt":"2011-02-26T15:20:07","guid":{"rendered":"https:\/\/blogs.univ-tlse2.fr\/lla-espana31\/"},"modified":"2025-03-18T16:05:42","modified_gmt":"2025-03-18T15:05:42","slug":"histoire-culturelle-publicationsactivites","status":"publish","type":"page","link":"https:\/\/blogs.univ-tlse2.fr\/lla-espana31\/histoire-culturelle-1\/histoire-culturelle-publicationsactivites\/","title":{"rendered":"Histoire culturelle : Publications"},"content":{"rendered":"<p>Jacques Ballest\u00e9 et Solange Hibbs (\u00e9ds.), Les maux du corps, Lansman, Collection Histoire des id\u00e9es et des repr\u00e9sentations culturelles en Espagne au XIXe si\u00e8cle2002<\/p>\n<p style=\"text-align: justify;\">Jacques Ballest\u00e9 et Solange Hibbs (\u00e9ds.), Le temps des possibles (Regards sur l\u2019utopie en Espagne au XIXe si\u00e8cle), Lansman, Collection Histoire des id\u00e9es et des repr\u00e9sentations culturelles en Espagne au XIXe si\u00e8cle, 2009.<\/p>\n<p style=\"text-align: justify;\">Solange Hibbs (\u00e9d.), Les femmes criminelles et crimes de femme en Espagne (XIXe et XXe si\u00e8cles), Lansman, Collection Histoire des id\u00e9es et des repr\u00e9sentations culturelles en Espagne au XIXe si\u00e8cle, 2010.<\/p>\n<p><span style=\"color: #ff9900;\"><strong>Journ\u00e9es d\u2019Etudes:<\/strong><\/span><\/p>\n<p>Le voyage comme source de connaissance et d\u2019utopie au XIX\u00e8me si\u00e8cle, organis\u00e9es par LLA-CREATIS et l\u2019Institut Cervantes les 2 et 3 d\u00e9cembre 2010.<\/p>\n<p><img loading=\"lazy\" decoding=\"async\" class=\"size-full wp-image-202     alignleft\" src=\"https:\/\/blogs.univ-tlse2.fr\/lla-espana31\/files\/2011\/02\/Les-maux-du-coprs.jpg\" alt=\"\" width=\"135\" height=\"190\" \/><img loading=\"lazy\" decoding=\"async\" class=\"size-full wp-image-203  aligncenter\" src=\"https:\/\/blogs.univ-tlse2.fr\/lla-espana31\/files\/2011\/02\/Le-temps-des-possibles.jpg\" alt=\"\" width=\"139\" height=\"193\" \/><\/p>\n<p><a href=\"https:\/\/blogs.univ-tlse2.fr\/lla-espana31\/files\/2011\/02\/Le-temps-des-possibles.jpg\"><\/a><\/p>\n<p style=\"text-align: center;\"><a href=\"https:\/\/blogs.univ-tlse2.fr\/lla-espana31\/files\/2011\/02\/Les-maux-du-coprs.jpg\"><\/a><\/p>\n","protected":false},"excerpt":{"rendered":"<p>Jacques Ballest\u00e9 et Solange Hibbs (\u00e9ds.), Les maux du corps, Lansman, Collection Histoire des id\u00e9es et des repr\u00e9sentations culturelles en Espagne au XIXe si\u00e8cle2002 Jacques Ballest\u00e9 et Solange Hibbs (\u00e9ds.), Le temps des possibles (Regards sur l\u2019utopie en Espagne au &hellip; <a href=\"https:\/\/blogs.univ-tlse2.fr\/lla-espana31\/histoire-culturelle-1\/histoire-culturelle-publicationsactivites\/\">Continuer la lecture <span class=\"meta-nav\">&rarr;<\/span><\/a><\/p>\n","protected":false},"author":68,"featured_media":0,"parent":191,"menu_order":0,"comment_status":"closed","ping_status":"closed","template":"","meta":{"footnotes":""},"class_list":["post-200","page","type-page","status-publish","hentry"],"_links":{"self":[{"href":"https:\/\/blogs.univ-tlse2.fr\/lla-espana31\/wp-json\/wp\/v2\/pages\/200","targetHints":{"allow":["GET"]}}],"collection":[{"href":"https:\/\/blogs.univ-tlse2.fr\/lla-espana31\/wp-json\/wp\/v2\/pages"}],"about":[{"href":"https:\/\/blogs.univ-tlse2.fr\/lla-espana31\/wp-json\/wp\/v2\/types\/page"}],"author":[{"embeddable":true,"href":"https:\/\/blogs.univ-tlse2.fr\/lla-espana31\/wp-json\/wp\/v2\/users\/68"}],"replies":[{"embeddable":true,"href":"https:\/\/blogs.univ-tlse2.fr\/lla-espana31\/wp-json\/wp\/v2\/comments?post=200"}],"version-history":[{"count":28,"href":"https:\/\/blogs.univ-tlse2.fr\/lla-espana31\/wp-json\/wp\/v2\/pages\/200\/revisions"}],"predecessor-version":[{"id":454,"href":"https:\/\/blogs.univ-tlse2.fr\/lla-espana31\/wp-json\/wp\/v2\/pages\/200\/revisions\/454"}],"up":[{"embeddable":true,"href":"https:\/\/blogs.univ-tlse2.fr\/lla-espana31\/wp-json\/wp\/v2\/pages\/191"}],"wp:attachment":[{"href":"https:\/\/blogs.univ-tlse2.fr\/lla-espana31\/wp-json\/wp\/v2\/media?parent=200"}],"curies":[{"name":"wp","href":"https:\/\/api.w.org\/{rel}","templated":true}]}}