 {"id":142,"date":"2021-09-24T14:31:14","date_gmt":"2021-09-24T12:31:14","guid":{"rendered":"https:\/\/blogs.univ-tlse2.fr\/lmd\/?page_id=142"},"modified":"2021-12-09T16:25:32","modified_gmt":"2021-12-09T15:25:32","slug":"resumes-des-rencontres","status":"publish","type":"page","link":"https:\/\/blogs.univ-tlse2.fr\/lmd\/resumes-des-rencontres\/","title":{"rendered":"R\u00e9sum\u00e9s des rencontres"},"content":{"rendered":"\n<h2 class=\"wp-block-heading\" id=\"R1\"><span class=\"has-inline-color has-luminous-vivid-orange-color\">Danse, langages, art et sciences : synergies toulousaines<\/span><\/h2>\n\n\n\n<p>La cr\u00e9ation artistique est l\u2019un des domaines les plus fascinants et insaisissables de l\u2019activit\u00e9 cognitive humaine. De plus en plus souvent, elle est au c\u0153ur de recherches scientifiques interdisciplinaires relevant du vaste champ des sciences cognitives. Parmi les arts, la danse soul\u00e8ve la question, complexe et fascinante, de la repr\u00e9sentation de l\u2019espace et du corps en mouvement. La cognition spatiale, le mouvement et sa planification sont au centre des processus cognitifs de l\u2019humain et des int\u00e9r\u00eats des chercheurs de plusieurs disciplines. <br>La danse joue ainsi un r\u00f4le crucial non seulement pour l\u2019\u00e9tude scientifique des ph\u00e9nom\u00e8nes li\u00e9s \u00e0 la cr\u00e9ation artistique, mais aussi pour la compr\u00e9hension et la formalisation du mouvement et pour sa reproduction par les outils num\u00e9riques. Cette rencontre inaugurale retracera les chemins des recherches men\u00e9es \u00e0 Toulouse portant sur ces questions et la gen\u00e8se du cycle <em>Langages du mouvement dans\u00e9<\/em>.<\/p>\n\n\n\n<h2 class=\"wp-block-heading\" id=\"DR\"><span class=\"has-inline-color has-luminous-vivid-orange-color\">Danse et Robotique<\/span><\/h2>\n\n\n\n<p>Cette rencontre souhaite entra\u00eener le public dans les m\u00e9andres des arts de la sc\u00e8ne et de la cr\u00e9ation chor\u00e9graphique, traditionnellement r\u00e9serv\u00e9s \u00e0 l\u2019esprit humain et au corps mais qui se voient aujourd\u2019hui de plus en plus investis par des algorithmes d\u2019intelligence artificielle et des robots. Quel est le regard des chercheurs en intelligence artificielle sur la cr\u00e9ation chor\u00e9graphique et quel est le regard des chor\u00e9graphes, metteurs en sc\u00e8ne et sc\u00e9nographes sur ces nouveaux modes de cr\u00e9ation ? Quelles sont les implications d\u2019une telle \u00e9volution pour le danseur acteur ? Les fronti\u00e8res entre l\u2019art et la science sont elles en train de s\u2019estomper au profit d\u2019une nouvelle forme de cr\u00e9ation alliant la puissance de la cr\u00e9ativit\u00e9 esth\u00e9tique humaine et l\u2019ing\u00e9niosit\u00e9 des nouvelles technologies ? Comment la technologie peut-elle stimuler la cr\u00e9ativit\u00e9 des artistes, recr\u00e9er des liens avec les spectateurs et attirer de nouveaux publics ? Comment l\u2019art peut-il contribuer \u00e0 imaginer et approfondir les liens entre humains et machines et stimuler ainsi la recherche scientifique ?<br>L\u2019objectif de cette soir\u00e9e est de fournir des \u00e9l\u00e9ments de r\u00e9ponse \u00e0 ces questionnements en interrogeant les possibles interactions entre les recherches scientifiques en intelligence artificielle et la cr\u00e9ation artistique dans le domaine de la danse contemporaine et, plus largement, de la performance.<\/p>\n\n\n\n<h2 class=\"wp-block-heading\" id=\"DR\"><span class=\"has-inline-color has-luminous-vivid-orange-color\">Paroles de chor\u00e9graphe<\/span><\/h2>\n\n\n\n<p>\u00ab\u00a0<em>And in a way you always talk and move, I mean, you never talk without moving and you never move without some words.\u201d<\/em> <\/p>\n\n\n\n<p>Cette citation de Boris Charmatz tir\u00e9e du solo <em>Walk + talk <\/em>(Vienne, 19 mars 2018) nous invite \u00e0 nous interroger sur la nature des mots qui accompagnent la danse. Comment d\u00e9crit-on les mouvements dans\u00e9s? Avec quels mots est-ce que les chor\u00e9graphes se repr\u00e9sentent les mouvements qu&rsquo;ils cr\u00e9ent et avec quelles paroles parviennent-ils\/elles \u00e0 les transmettre \u00e0 d&rsquo;autres danseurs et danseuses? Qu&rsquo;est-ce que ces mots peuvent nous faire comprendre des repr\u00e9sentations du corps dansant dans l&rsquo;esprit des chor\u00e9graphes? <br>Lors de cette rencontre, nous fournirons quelques r\u00e9ponses \u00e0 ces questions \u00e0 l&rsquo;aide de l&rsquo;analyse linguistique et des r\u00e9flexions partag\u00e9es par la chor\u00e9graphe Sandrine Maisonneuve qui t\u00e9moignera de son parcours, de son processus de cr\u00e9ation et de transmission aupr\u00e8s de diff\u00e9rents interpr\u00e8tes.  <\/p>\n\n\n\n<h2 class=\"wp-block-heading\" id=\"DR\"><span class=\"has-inline-color has-luminous-vivid-orange-color\">Danse et neuroscience<\/span><\/h2>\n\n\n\n<p>Lors de cette rencontre, nous nous int\u00e9resserons \u00e0 la danse lorsqu&rsquo;elle p\u00e9n\u00e8tre des espaces inhabituels: des maisons de retraite, des cr\u00eaches, des centre de r\u00e9habilitation. Claire Cherri\u00e8re, avec son exp\u00e9rience de chercheuse en neuroscience, de th\u00e9rapeute et de danseuse nous parlera des potentialit\u00e9s de la danse pour la r\u00e9\u00e9ducation de personnes en situation de handicap et des outils de transmission lors de ces parcours de r\u00e9habilitation. Patricia Ferrara, avec son regard d&rsquo;artiste sensible aux corps et aux espaces, t\u00e9moignera de sa vision de la danse, de ses outils de cr\u00e9ation et de transmission et de ses rencontres, par la danse, de diff\u00e9rents interpr\u00e8tes, espaces, corps, pratiques. Pratique artistique et recherche scientifique se m\u00ealeront lors de cette soir\u00e9e qui s&rsquo;annonce comme un dialogue riche en d\u00e9couvertes, suggestions et perspectives. <\/p>\n\n\n\n<h2 class=\"wp-block-heading\" id=\"DR\"><span class=\"has-inline-color has-luminous-vivid-orange-color\">De l&rsquo;analyse \u00e0 la gen\u00e8se du mouvement<\/span><\/h2>\n\n\n\n<p>Comment transmet-on la danse? Nous pensons tout de suite \u00e0 la parole. Mais la traduction du mouvement en mots est tout sauf une question simple. Que se passe-t-il lors de cette phase d\u00e9licate qu&rsquo;est la description de la danse dans une phase d&rsquo;apprentissage? Comment la parole contribue \u00e0 saisir toutes les nuances d&rsquo;une chor\u00e9graphie que l&rsquo;\u0153il ne saurait pas saisir par simple imitation? Et de quels outils disposons-nous pour la transmission d&rsquo;une danse lorsque la parole n&rsquo;est pas disponible? La notation Laban se propose comme syst\u00e8me d&rsquo;analyse du mouvement et comme langage pour cr\u00e9er des partitions et assurer la p\u00e9rennisation et la recr\u00e9ation des \u0153uvres chor\u00e9graphiques. Comment s&#8217;emparer de ce langage, qui n&rsquo;est qu&rsquo;un syst\u00e8me symbolique comme le fran\u00e7ais et les autres langues naturelles? Comment ensuite se servir, transformer, transfigurer, faire int\u00e9ragir ces langages pour des nouvelles cr\u00e9ations artistiques? Joelle Vellet, chercheuse en danse au laboratoire CTEL (Universit\u00e9 c\u00f4te d&rsquo;Azur) et Valeria Giuga et Lise Daynac de la compagnie Labkine (<a href=\"https:\/\/www.labkine.com\/\">https:\/\/www.labkine.com\/<\/a>) vont dialoguer lors de cette rencontre de cl\u00f4ture et fournir quelques \u00e9l\u00e9ments de r\u00e9ponse \u00e0 ces questions fascinantes. <\/p>\n","protected":false},"excerpt":{"rendered":"<p>Danse, langages, art et sciences : synergies toulousaines La cr\u00e9ation artistique est l\u2019un des domaines les plus fascinants et insaisissables de l\u2019activit\u00e9 cognitive humaine. De plus en plus souvent, elle est au c\u0153ur de recherches scientifiques interdisciplinaires relevant du vaste champ des sciences cognitives. Parmi les arts, la danse soul\u00e8ve la question, complexe et fascinante, [&hellip;]<\/p>\n","protected":false},"author":1028,"featured_media":0,"parent":0,"menu_order":1,"comment_status":"closed","ping_status":"closed","template":"","meta":{"footnotes":""},"class_list":["post-142","page","type-page","status-publish","hentry"],"_links":{"self":[{"href":"https:\/\/blogs.univ-tlse2.fr\/lmd\/wp-json\/wp\/v2\/pages\/142","targetHints":{"allow":["GET"]}}],"collection":[{"href":"https:\/\/blogs.univ-tlse2.fr\/lmd\/wp-json\/wp\/v2\/pages"}],"about":[{"href":"https:\/\/blogs.univ-tlse2.fr\/lmd\/wp-json\/wp\/v2\/types\/page"}],"author":[{"embeddable":true,"href":"https:\/\/blogs.univ-tlse2.fr\/lmd\/wp-json\/wp\/v2\/users\/1028"}],"replies":[{"embeddable":true,"href":"https:\/\/blogs.univ-tlse2.fr\/lmd\/wp-json\/wp\/v2\/comments?post=142"}],"version-history":[{"count":6,"href":"https:\/\/blogs.univ-tlse2.fr\/lmd\/wp-json\/wp\/v2\/pages\/142\/revisions"}],"predecessor-version":[{"id":320,"href":"https:\/\/blogs.univ-tlse2.fr\/lmd\/wp-json\/wp\/v2\/pages\/142\/revisions\/320"}],"wp:attachment":[{"href":"https:\/\/blogs.univ-tlse2.fr\/lmd\/wp-json\/wp\/v2\/media?parent=142"}],"curies":[{"name":"wp","href":"https:\/\/api.w.org\/{rel}","templated":true}]}}