 {"id":18,"date":"2021-08-17T12:00:00","date_gmt":"2021-08-17T10:00:00","guid":{"rendered":"https:\/\/blogs.univ-tlse2.fr\/lmd\/?page_id=18"},"modified":"2021-11-09T12:38:54","modified_gmt":"2021-11-09T11:38:54","slug":"programme","status":"publish","type":"page","link":"https:\/\/blogs.univ-tlse2.fr\/lmd\/programme\/","title":{"rendered":"Programme"},"content":{"rendered":"\n<h2 class=\"has-text-color wp-block-heading\" style=\"color:#e47627\"><strong><span class=\"has-inline-color has-luminous-vivid-orange-color\"><em><strong><a href=\"https:\/\/blogs.univ-tlse2.fr\/lmd\/resumes-des-rencontres\/#R1\">Mouvement, langage, danse et sciences: synergies toulousaines &#8211; Projections et d\u00e9bats<\/a><\/strong><\/em><\/span><\/strong><\/h2>\n\n\n\n<h3 class=\"has-black-color has-text-color wp-block-heading\"><strong><span class=\"has-inline-color has-black-color\">21 octobre, 15h &#8211; <a href=\"https:\/\/blogs.univ-tlse2.fr\/lmd\/infos-pratiques\/#QS\">Quai des Savoirs<\/a>, La Cantine salle de conf\u00e9rence<\/span><\/strong> <strong>(entr\u00e9e pro)<\/strong><\/h3>\n\n\n\n<p>avec <a href=\"https:\/\/blogs.univ-tlse2.fr\/lmd\/intervenants\/#MA\" data-type=\"internal\"><strong>Michel Aurnague<\/strong><\/a> (laboratoire LATTICE &#8211; CNRS, ENS, Sorbonne Nouvelle), <a href=\"https:\/\/blogs.univ-tlse2.fr\/lmd\/intervenants\/#CG\"><strong>Catherine Gadon<\/strong><\/a> (UFTMP), <a href=\"https:\/\/blogs.univ-tlse2.fr\/lmd\/intervenants\/#CM\"><strong>Chiara Minoccheri<\/strong><\/a> &amp; <strong><a href=\"https:\/\/blogs.univ-tlse2.fr\/lmd\/intervenants\/#DS\">Dejan Stosic<\/a><\/strong> (laboratorie CLLE &#8211; CNRS &amp; UT2J), <a href=\"https:\/\/blogs.univ-tlse2.fr\/lmd\/intervenants\/#AP\"><strong>Anne Pellus<\/strong> <\/a>(laboratoire LLA-CREATIS &amp; UT2J)<\/p>\n\n\n\n<p> <a href=\"https:\/\/blogs.univ-tlse2.fr\/lmd\/autres-evenements\/#PF2\">Autres \u00e9v\u00e9nements en lien avec les intervenants<\/a> <\/p>\n\n\n\n<div class=\"wp-block-buttons is-layout-flex wp-block-buttons-is-layout-flex\">\n<div class=\"wp-block-button\"><a class=\"wp-block-button__link has-cool-to-warm-spectrum-gradient-background has-background\" href=\"https:\/\/enquetes.univ-tlse2.fr\/index.php\/565323?lang=fr\">R\u00e9servations<\/a><\/div>\n<\/div>\n\n\n\n<h2 class=\"has-luminous-vivid-orange-color has-text-color wp-block-heading\"><strong><em><strong><a href=\"https:\/\/blogs.univ-tlse2.fr\/lmd\/resumes-des-rencontres\/#DR\">Danse et robotique<\/a><\/strong><\/em><\/strong><\/h2>\n\n\n\n<h3 class=\"has-black-color has-text-color wp-block-heading\"><strong>21 octobre, 18h &#8211; <a href=\"https:\/\/blogs.univ-tlse2.fr\/lmd\/infos-pratiques\/#QS\">Quai des Savoirs<\/a>, Agora de l&rsquo;exposition <em>De l&rsquo;Amour<\/em><\/strong> <strong>(entr\u00e9e public)<\/strong><\/h3>\n\n\n\n<p>avec les artistes <strong><a href=\"https:\/\/blogs.univ-tlse2.fr\/lmd\/intervenants\/2\/#AB\">Aur\u00e9lien Bory<\/a><\/strong> et <strong><a href=\"https:\/\/blogs.univ-tlse2.fr\/lmd\/intervenants\/2\/#JMM\">Jean-Marc Matos<\/a><\/strong>, et <strong><a href=\"https:\/\/blogs.univ-tlse2.fr\/lmd\/intervenants\/2\/#OS\">Olivier Stasse<\/a><\/strong>, chercheur en g\u00e9n\u00e9ration de mouvement des syst\u00e8mes anthropomorphes (LAAS-CNRS)<\/p>\n\n\n\n<p>Dans le cadre du<strong> <a href=\"https:\/\/www.quaidessavoirs.fr\/-\/festival-lumieres-sur-le-quai-2021\">Festival Lumi\u00e8res sur le Quai<\/a><\/strong><\/p>\n\n\n\n<p>La rencontre sera aussi diffus\u00e9e en streaming sur la <strong><a href=\"https:\/\/www.youtube.com\/channel\/UCWJGA4VP2ZOfeprS35gIEAg?app=desktop&amp;ltclid\">cha\u00eene youtube du Quai des Savoirs<\/a><\/strong> ! <\/p>\n\n\n\n<p><a href=\"https:\/\/blogs.univ-tlse2.fr\/lmd\/autres-evenements\/#AB\">Autres \u00e9v\u00e9nements en lien avec les intervenants<\/a><\/p>\n\n\n\n<div class=\"wp-block-buttons is-layout-flex wp-block-buttons-is-layout-flex\">\n<div class=\"wp-block-button\"><a class=\"wp-block-button__link has-cool-to-warm-spectrum-gradient-background has-background\" href=\"https:\/\/billetterie.quaidessavoirs.toulouse-metropole.fr\/selection\/timeslotpass?productId=10228422643327\">R\u00e9servations<\/a><\/div>\n<\/div>\n\n\n\n<h2 class=\"has-luminous-vivid-orange-color has-text-color wp-block-heading\"><strong><em>Paroles de chor\u00e9graphe<\/em><\/strong><\/h2>\n\n\n\n<h3 class=\"has-black-color has-text-color wp-block-heading\"><strong>8 novembre, 19h &#8211; <a href=\"https:\/\/blogs.univ-tlse2.fr\/lmd\/infos-pratiques\/#CDCN\">Studio du CDCN<\/a><\/strong><\/h3>\n\n\n\n<p>avec <strong><a href=\"https:\/\/blogs.univ-tlse2.fr\/lmd\/intervenants\/3#SM\">Sandrine Maisonneuve<\/a><\/strong>, chor\u00e9graphe, et <strong><a href=\"https:\/\/blogs.univ-tlse2.fr\/lmd\/intervenants\/3#SM\">Chiara Minoccheri<\/a><\/strong>, doctorante en sciences du langage (laboratoire CLLE &#8211; CNRS &amp; UT2J)<\/p>\n\n\n\n<p class=\"has-vivid-purple-color has-text-color\"><strong>Entr\u00e9e libre dans la limite des places disponibles et sur pr\u00e9sentation du passe sanitaire. Pas de r\u00e9servation n\u00e9cessaire, nous vous recommandons d&rsquo;arriver \u00e0 l&rsquo;avance!<\/strong><\/p>\n\n\n\n<p><a href=\"https:\/\/blogs.univ-tlse2.fr\/lmd\/autres-evenements\/#SM1\">Autres \u00e9v\u00e9nements en lien avec les intervenants<\/a><\/p>\n\n\n\n<h2 class=\"has-luminous-vivid-orange-color has-text-color wp-block-heading\"><strong><strong><em>Danse et neuroscience<\/em>s<\/strong><\/strong><\/h2>\n\n\n\n<h3 class=\"has-black-color has-text-color wp-block-heading\"><strong>15 novembre, 19h &#8211; <a href=\"https:\/\/blogs.univ-tlse2.fr\/lmd\/infos-pratiques\/#UPS\">Salle Le Cap Universit\u00e9 Paul Sabatier<\/a><\/strong><\/h3>\n\n\n\n<p>avec <strong><a href=\"https:\/\/blogs.univ-tlse2.fr\/lmd\/intervenants\/4\/#CC\">Claire Cherri\u00e8re<\/a><\/strong>, docteure en neuroscience, clinicienne et chercheuse (centres de sant\u00e9 ASEI &amp; laboratoire ToNIC &#8211; INSERM &amp; UPS) et <strong><a href=\"https:\/\/blogs.univ-tlse2.fr\/lmd\/intervenants\/4\/#PF\">Patricia Ferrara<\/a><\/strong>, chor\u00e9graphe<\/p>\n\n\n\n<div class=\"wp-block-buttons is-layout-flex wp-block-buttons-is-layout-flex\">\n<div class=\"wp-block-button\"><a class=\"wp-block-button__link has-cool-to-warm-spectrum-gradient-background has-background\" href=\"https:\/\/enquetes.univ-tlse2.fr\/index.php\/812317?lang=fr\">R\u00e9servations<\/a><\/div>\n<\/div>\n\n\n\n<p><a href=\"https:\/\/blogs.univ-tlse2.fr\/lmd\/autres-evenements\/#CC2\">Autres \u00e9v\u00e9nements en lien avec les intervenants<\/a><\/p>\n\n\n\n<h2 class=\"has-luminous-vivid-orange-color has-text-color wp-block-heading\"><strong><em><strong>De l&rsquo;analyse \u00e0 la g\u00e9n\u00e8se du mouvement<\/strong><\/em><\/strong><\/h2>\n\n\n\n<h3 class=\"has-black-color has-text-color wp-block-heading\"><strong>13 d\u00e9cembre, 19h &#8211; <a href=\"https:\/\/blogs.univ-tlse2.fr\/lmd\/infos-pratiques\/#UT2J\">Amphith\u00e9\u00e2tre F417 Maiso<\/a>n de la Recherche UT2J <\/strong><\/h3>\n\n\n\n<p>avec <strong><a href=\"https:\/\/blogs.univ-tlse2.fr\/lmd\/intervenants\/5\/LD\">Lise Daynac<\/a><\/strong> et <strong><a href=\"https:\/\/blogs.univ-tlse2.fr\/lmd\/intervenants\/5\/#VG\">Valeria Giuga<\/a><\/strong> (Cie Labkine) et <strong><a href=\"https:\/\/blogs.univ-tlse2.fr\/lmd\/intervenants\/5\/#JV\">Jo\u00eblle Vellet<\/a><\/strong>, chercheuse en danse (Laboratoire CTEL &#8211; Universit\u00e9 C\u00f4te d&rsquo;Azur)<\/p>\n\n\n\n<div class=\"wp-block-buttons is-layout-flex wp-block-buttons-is-layout-flex\">\n<div class=\"wp-block-button\"><a class=\"wp-block-button__link has-cool-to-warm-spectrum-gradient-background has-background\" href=\"https:\/\/enquetes.univ-tlse2.fr\/index.php\/136857?lang=fr\">R\u00e9servations<\/a><\/div>\n<\/div>\n\n\n\n<p><\/p>\n","protected":false},"excerpt":{"rendered":"<p>Mouvement, langage, danse et sciences: synergies toulousaines &#8211; Projections et d\u00e9bats 21 octobre, 15h &#8211; Quai des Savoirs, La Cantine salle de conf\u00e9rence (entr\u00e9e pro) avec Michel Aurnague (laboratoire LATTICE &#8211; CNRS, ENS, Sorbonne Nouvelle), Catherine Gadon (UFTMP), Chiara Minoccheri &amp; Dejan Stosic (laboratorie CLLE &#8211; CNRS &amp; UT2J), Anne Pellus (laboratoire LLA-CREATIS &amp; UT2J) [&hellip;]<\/p>\n","protected":false},"author":1028,"featured_media":0,"parent":0,"menu_order":0,"comment_status":"closed","ping_status":"closed","template":"","meta":{"footnotes":""},"class_list":["post-18","page","type-page","status-publish","hentry"],"_links":{"self":[{"href":"https:\/\/blogs.univ-tlse2.fr\/lmd\/wp-json\/wp\/v2\/pages\/18","targetHints":{"allow":["GET"]}}],"collection":[{"href":"https:\/\/blogs.univ-tlse2.fr\/lmd\/wp-json\/wp\/v2\/pages"}],"about":[{"href":"https:\/\/blogs.univ-tlse2.fr\/lmd\/wp-json\/wp\/v2\/types\/page"}],"author":[{"embeddable":true,"href":"https:\/\/blogs.univ-tlse2.fr\/lmd\/wp-json\/wp\/v2\/users\/1028"}],"replies":[{"embeddable":true,"href":"https:\/\/blogs.univ-tlse2.fr\/lmd\/wp-json\/wp\/v2\/comments?post=18"}],"version-history":[{"count":54,"href":"https:\/\/blogs.univ-tlse2.fr\/lmd\/wp-json\/wp\/v2\/pages\/18\/revisions"}],"predecessor-version":[{"id":307,"href":"https:\/\/blogs.univ-tlse2.fr\/lmd\/wp-json\/wp\/v2\/pages\/18\/revisions\/307"}],"wp:attachment":[{"href":"https:\/\/blogs.univ-tlse2.fr\/lmd\/wp-json\/wp\/v2\/media?parent=18"}],"curies":[{"name":"wp","href":"https:\/\/api.w.org\/{rel}","templated":true}]}}