 {"id":2,"date":"2021-06-22T10:37:50","date_gmt":"2021-06-22T08:37:50","guid":{"rendered":"https:\/\/blogs.univ-tlse2.fr\/lmd\/?page_id=2"},"modified":"2022-09-09T13:24:01","modified_gmt":"2022-09-09T11:24:01","slug":"page-d-exemple","status":"publish","type":"page","link":"https:\/\/blogs.univ-tlse2.fr\/lmd\/","title":{"rendered":"Accueil"},"content":{"rendered":"\n<p><em>Langages du mouvement dans\u00e9<\/em> est une manifestation<strong> tout public<\/strong> qui regroupe une s\u00e9rie d\u2019\u00e9v\u00e9nements et d\u2019interventions sur le mouvement dans\u00e9, anim\u00e9s par des <strong>chor\u00e9graphes <\/strong>et <strong>scientifiques <\/strong>de diverses disciplines: sciences du langage, arts du spectacle, neurosciences, robotique.<\/p>\n\n\n\n<p>Les rendez-vous au programme feront conna\u00eetre au grand public des recherches universitaires autour du mouvement dans\u00e9 d\u00e9velopp\u00e9es \u00e0 Toulouse au cours des vingt derni\u00e8res ann\u00e9es et des projets actuels m\u00ealant danse et recherche scientifique. Plus g\u00e9n\u00e9ralement, cette manifestation vise \u00e0 promouvoir l\u2019<strong>interdisciplinarit\u00e9<\/strong> et \u00e0 cr\u00e9er de nouvelles <strong>synergies <\/strong>entre diff\u00e9rents acteurs de la danse contemporaine de la r\u00e9gion (chor\u00e9graphes, interpr\u00e8tes et institutions), chercheurs et chercheuses de diverses disciplines sp\u00e9cialistes du mouvement et publics d\u2019horizons vari\u00e9s.<\/p>\n\n\n\n<p><strong>Les rencontres sont gratuites dans la limite des places disponibles. Les r\u00e9servations sont conseill\u00e9es.<\/strong><\/p>\n\n\n\n<iframe loading=\"lazy\" src=\"https:\/\/prismes.univ-toulouse.fr\/player.php?code=U2F1p5aT&#038;mode=advanced&#038;width=100%&#038;height=100%\" allowfullscreen webkitallowfullscreen mozallowfullscreen data-aspectratio=\"0.5625\" frameborder=\"0\" width=\"674px\" height=\"379px\" scrolling=\"no\"><\/iframe>\n\n\n\n<p><\/p>\n\n\n\n<p class=\"has-text-align-center\">Retrouvez les vid\u00e9os int\u00e9grales de ces conf\u00e9rences sur le site: <a href=\"https:\/\/terpsichore.nakala.fr\/\">https:\/\/terpsichore.nakala.fr\/<\/a><\/p>\n","protected":false},"excerpt":{"rendered":"<p>Langages du mouvement dans\u00e9 est une manifestation tout public qui regroupe une s\u00e9rie d\u2019\u00e9v\u00e9nements et d\u2019interventions sur le mouvement dans\u00e9, anim\u00e9s par des chor\u00e9graphes et scientifiques de diverses disciplines: sciences du langage, arts du spectacle, neurosciences, robotique. Les rendez-vous au programme feront conna\u00eetre au grand public des recherches universitaires autour du mouvement dans\u00e9 d\u00e9velopp\u00e9es \u00e0 [&hellip;]<\/p>\n","protected":false},"author":1028,"featured_media":0,"parent":0,"menu_order":0,"comment_status":"closed","ping_status":"closed","template":"","meta":{"footnotes":""},"class_list":["post-2","page","type-page","status-publish","hentry"],"_links":{"self":[{"href":"https:\/\/blogs.univ-tlse2.fr\/lmd\/wp-json\/wp\/v2\/pages\/2","targetHints":{"allow":["GET"]}}],"collection":[{"href":"https:\/\/blogs.univ-tlse2.fr\/lmd\/wp-json\/wp\/v2\/pages"}],"about":[{"href":"https:\/\/blogs.univ-tlse2.fr\/lmd\/wp-json\/wp\/v2\/types\/page"}],"author":[{"embeddable":true,"href":"https:\/\/blogs.univ-tlse2.fr\/lmd\/wp-json\/wp\/v2\/users\/1028"}],"replies":[{"embeddable":true,"href":"https:\/\/blogs.univ-tlse2.fr\/lmd\/wp-json\/wp\/v2\/comments?post=2"}],"version-history":[{"count":35,"href":"https:\/\/blogs.univ-tlse2.fr\/lmd\/wp-json\/wp\/v2\/pages\/2\/revisions"}],"predecessor-version":[{"id":335,"href":"https:\/\/blogs.univ-tlse2.fr\/lmd\/wp-json\/wp\/v2\/pages\/2\/revisions\/335"}],"wp:attachment":[{"href":"https:\/\/blogs.univ-tlse2.fr\/lmd\/wp-json\/wp\/v2\/media?parent=2"}],"curies":[{"name":"wp","href":"https:\/\/api.w.org\/{rel}","templated":true}]}}