 {"id":101,"date":"2026-04-15T14:26:51","date_gmt":"2026-04-15T12:26:51","guid":{"rendered":"https:\/\/blogs.univ-tlse2.fr\/lvhb\/?page_id=101"},"modified":"2026-04-16T15:46:03","modified_gmt":"2026-04-16T13:46:03","slug":"bosnie-herzegovine","status":"publish","type":"page","link":"https:\/\/blogs.univ-tlse2.fr\/lvhb\/bosnie-herzegovine\/","title":{"rendered":"Bosnie-Herz\u00e9govine"},"content":{"rendered":"\n<div class=\"wp-block-cover alignfull is-light has-parallax\"><div class=\"wp-block-cover__image-background wp-image-400 size-large has-parallax\" style=\"background-position:50% 50%;background-image:url(https:\/\/blogs.univ-tlse2.fr\/lvhb\/files\/2026\/03\/BOSNIE_01bis-1024x661.jpg)\"><\/div><span aria-hidden=\"true\" class=\"wp-block-cover__background has-background-dim-0 has-background-dim\" style=\"background-color:#9c9b99\"><\/span><div class=\"wp-block-cover__inner-container is-layout-constrained wp-block-cover-is-layout-constrained\">\n<div class=\"wp-block-buttons is-layout-flex wp-block-buttons-is-layout-flex\">\n<div class=\"wp-block-button\"><a class=\"wp-block-button__link wp-element-button\" href=\"https:\/\/blogs.univ-tlse2.fr\/lvhb\/\">Accueil<\/a><\/div>\n\n\n\n<div class=\"wp-block-button\"><a class=\"wp-block-button__link wp-element-button\" href=\"https:\/\/blogs.univ-tlse2.fr\/lvhb\/bulgarie\/\">Bulgarie<\/a><\/div>\n\n\n\n<div class=\"wp-block-button\"><a class=\"wp-block-button__link wp-element-button\" href=\"https:\/\/blogs.univ-tlse2.fr\/lvhb\/bosnie-herzegovine\/\">Bosnie-Herz\u00e9govine<\/a><\/div>\n\n\n\n<div class=\"wp-block-button\"><a class=\"wp-block-button__link wp-element-button\" href=\"https:\/\/blogs.univ-tlse2.fr\/lvhb\/croatie\/\">Croatie<\/a><\/div>\n\n\n\n<div class=\"wp-block-button\"><a class=\"wp-block-button__link wp-element-button\" href=\"https:\/\/blogs.univ-tlse2.fr\/lvhb\/serbie\/\">Serbie<\/a><\/div>\n\n\n\n<div class=\"wp-block-button\"><a class=\"wp-block-button__link wp-element-button\" href=\"https:\/\/blogs.univ-tlse2.fr\/lvhb\/slovenie\/\">Slov\u00e9nie<\/a><\/div>\n\n\n\n<div class=\"wp-block-button\"><a class=\"wp-block-button__link wp-element-button\" href=\"https:\/\/blogs.univ-tlse2.fr\/lvhb\/thrace\/\">Thrace<\/a><\/div>\n<\/div>\n\n\n\n<p class=\"has-text-align-center has-large-font-size\"><\/p>\n<\/div><\/div>\n\n\n\n<div style=\"height:102px\" aria-hidden=\"true\" class=\"wp-block-spacer\"><\/div>\n\n\n\n<div class=\"wp-block-columns alignwide are-vertically-aligned-bottom is-layout-flex wp-container-core-columns-is-layout-9d6595d7 wp-block-columns-is-layout-flex\">\n<div class=\"wp-block-column is-vertically-aligned-bottom is-layout-flow wp-block-column-is-layout-flow\" style=\"flex-basis:66.66%\">\n<figure class=\"wp-block-image size-large is-resized\"><img loading=\"lazy\" decoding=\"async\" width=\"1024\" height=\"694\" src=\"https:\/\/blogs.univ-tlse2.fr\/lvhb\/files\/2026\/03\/SARAJEVO_02_1887bis-1024x694.jpg\" alt=\"\" class=\"wp-image-402\" style=\"aspect-ratio:1.4755517463038355;width:561px;height:auto\" srcset=\"https:\/\/blogs.univ-tlse2.fr\/lvhb\/files\/2026\/03\/SARAJEVO_02_1887bis-1024x694.jpg 1024w, https:\/\/blogs.univ-tlse2.fr\/lvhb\/files\/2026\/03\/SARAJEVO_02_1887bis-300x203.jpg 300w, https:\/\/blogs.univ-tlse2.fr\/lvhb\/files\/2026\/03\/SARAJEVO_02_1887bis-768x520.jpg 768w, https:\/\/blogs.univ-tlse2.fr\/lvhb\/files\/2026\/03\/SARAJEVO_02_1887bis-1536x1041.jpg 1536w, https:\/\/blogs.univ-tlse2.fr\/lvhb\/files\/2026\/03\/SARAJEVO_02_1887bis-2048x1388.jpg 2048w, https:\/\/blogs.univ-tlse2.fr\/lvhb\/files\/2026\/03\/SARAJEVO_02_1887bis-1568x1063.jpg 1568w\" sizes=\"auto, (max-width: 1024px) 100vw, 1024px\" \/><figcaption class=\"wp-element-caption\">Sarajevo (1887)<\/figcaption><\/figure>\n\n\n\n<p>Lors de son premier voyage en tant que journaliste \u00e0 l&rsquo;\u00e9tranger pour le <em>Journal des D\u00e9bats<\/em> en octobre-novembre 1887, H. B\u00e9gou\u00ebn passe par la Bosnie-Herz\u00e9govine et s&rsquo;arr\u00eate \u00e0 Banja Luka d&rsquo;o\u00f9 il r\u00e9dige un article paru le 4 novembre 1887, puis, \u00e0 Sarajevo d&rsquo;o\u00f9 il envoie des lettres publi\u00e9es dans <em>Chez les Yougoslaves il y a trente deux ans.<\/em> Son passage \u00e0 Sarajevo r\u00e9sulte de sa rencontre avec un Franciscain de Bosnie chez Strossmayer. Il est s\u00e9duit par le d\u00e9paysement, l&rsquo;orientalisme de l&rsquo;architecture, et le costume traditionnel. Toutefois, sur place, il est surveill\u00e9 par les autorit\u00e9s en raison de l&rsquo;instabilit\u00e9 politique dans la r\u00e9gion.<\/p>\n<\/div>\n\n\n\n<div class=\"wp-block-column is-vertically-aligned-bottom is-layout-flow wp-block-column-is-layout-flow\" style=\"flex-basis:33.33%\">\n<figure class=\"wp-block-image size-large\"><img loading=\"lazy\" decoding=\"async\" width=\"1024\" height=\"769\" src=\"https:\/\/blogs.univ-tlse2.fr\/lvhb\/files\/2025\/10\/SARAJEVO_01_1887-1024x769.jpg\" alt=\"\" class=\"wp-image-125\" srcset=\"https:\/\/blogs.univ-tlse2.fr\/lvhb\/files\/2025\/10\/SARAJEVO_01_1887-1024x769.jpg 1024w, https:\/\/blogs.univ-tlse2.fr\/lvhb\/files\/2025\/10\/SARAJEVO_01_1887-300x225.jpg 300w, https:\/\/blogs.univ-tlse2.fr\/lvhb\/files\/2025\/10\/SARAJEVO_01_1887-768x576.jpg 768w, https:\/\/blogs.univ-tlse2.fr\/lvhb\/files\/2025\/10\/SARAJEVO_01_1887-1536x1153.jpg 1536w, https:\/\/blogs.univ-tlse2.fr\/lvhb\/files\/2025\/10\/SARAJEVO_01_1887-1568x1177.jpg 1568w, https:\/\/blogs.univ-tlse2.fr\/lvhb\/files\/2025\/10\/SARAJEVO_01_1887.jpg 1944w\" sizes=\"auto, (max-width: 1024px) 100vw, 1024px\" \/><figcaption class=\"wp-element-caption\"><br>Bosniaques \u00e0 la mosqu\u00e9e, Sarajevo (1887)<\/figcaption><\/figure>\n<\/div>\n<\/div>\n\n\n\n<div style=\"height:84px\" aria-hidden=\"true\" class=\"wp-block-spacer\"><\/div>\n\n\n\n<div data-wp-context=\"{ &quot;autoclose&quot;: true, &quot;accordionItems&quot;: [] }\" data-wp-interactive=\"core\/accordion\" role=\"group\" class=\"wp-block-accordion alignwide is-layout-flow wp-block-accordion-is-layout-flow\">\n<div data-wp-class--is-open=\"state.isOpen\" data-wp-context=\"{ &quot;id&quot;: &quot;accordion-item-1&quot;, &quot;openByDefault&quot;: false }\" data-wp-init=\"callbacks.initAccordionItems\" data-wp-on-window--hashchange=\"callbacks.hashChange\" class=\"wp-block-accordion-item is-layout-flow wp-block-accordion-item-is-layout-flow\">\n<h4 class=\"wp-block-accordion-heading\"><button aria-expanded=\"false\" aria-controls=\"accordion-item-1-panel\" data-wp-bind--aria-expanded=\"state.isOpen\" data-wp-on--click=\"actions.toggle\" data-wp-on--keydown=\"actions.handleKeyDown\" id=\"accordion-item-1\" type=\"button\" class=\"wp-block-accordion-heading__toggle\"><span class=\"wp-block-accordion-heading__toggle-icon\" aria-hidden=\"true\">+<\/span><span class=\"wp-block-accordion-heading__toggle-title\">Sources<\/span><\/button><\/h4>\n\n\n\n<div inert aria-labelledby=\"accordion-item-1\" data-wp-bind--inert=\"!state.isOpen\" id=\"accordion-item-1-panel\" role=\"region\" class=\"wp-block-accordion-panel is-layout-flow wp-block-accordion-panel-is-layout-flow\">\n<ul class=\"wp-block-list\">\n<li><em>Le Journal des D\u00e9bats<\/em> du 15 octobre 1887: <a href=\"https:\/\/gallica.bnf.fr\/ark:\/12148\/bpt6k4640850\/f2.item\" target=\"_blank\" rel=\"noreferrer noopener\">https:\/\/gallica.bnf.fr\/ark:\/12148\/bpt6k4640850\/f2.item<\/a> <\/li>\n\n\n\n<li><em>Le Journal des D\u00e9bats<\/em> 4 novembre 1887: <a href=\"https:\/\/gallica.bnf.fr\/ark:\/12148\/bpt6k464105j\/f2.item\" target=\"_blank\" rel=\"noreferrer noopener\">https:\/\/gallica.bnf.fr\/ark:\/12148\/bpt6k464105j\/f2.item<\/a><\/li>\n<\/ul>\n<\/div>\n<\/div>\n<\/div>\n","protected":false},"excerpt":{"rendered":"<p>Lors de son premier voyage en tant que journaliste \u00e0 l&rsquo;\u00e9tranger pour le Journal des D\u00e9bats en octobre-novembre 1887, H. B\u00e9gou\u00ebn passe par la Bosnie-Herz\u00e9govine et s&rsquo;arr\u00eate \u00e0 Banja Luka d&rsquo;o\u00f9 il r\u00e9dige un article paru le 4 novembre 1887, puis, \u00e0 Sarajevo d&rsquo;o\u00f9 il envoie des lettres publi\u00e9es dans Chez les Yougoslaves il y&hellip; <a class=\"more-link\" href=\"https:\/\/blogs.univ-tlse2.fr\/lvhb\/bosnie-herzegovine\/\">Poursuivre la lecture <span class=\"screen-reader-text\">Bosnie-Herz\u00e9govine<\/span><\/a><\/p>\n","protected":false},"author":1522,"featured_media":0,"parent":0,"menu_order":1,"comment_status":"closed","ping_status":"closed","template":"","meta":{"footnotes":""},"class_list":["post-101","page","type-page","status-publish","hentry","entry"],"_links":{"self":[{"href":"https:\/\/blogs.univ-tlse2.fr\/lvhb\/wp-json\/wp\/v2\/pages\/101","targetHints":{"allow":["GET"]}}],"collection":[{"href":"https:\/\/blogs.univ-tlse2.fr\/lvhb\/wp-json\/wp\/v2\/pages"}],"about":[{"href":"https:\/\/blogs.univ-tlse2.fr\/lvhb\/wp-json\/wp\/v2\/types\/page"}],"author":[{"embeddable":true,"href":"https:\/\/blogs.univ-tlse2.fr\/lvhb\/wp-json\/wp\/v2\/users\/1522"}],"replies":[{"embeddable":true,"href":"https:\/\/blogs.univ-tlse2.fr\/lvhb\/wp-json\/wp\/v2\/comments?post=101"}],"version-history":[{"count":25,"href":"https:\/\/blogs.univ-tlse2.fr\/lvhb\/wp-json\/wp\/v2\/pages\/101\/revisions"}],"predecessor-version":[{"id":737,"href":"https:\/\/blogs.univ-tlse2.fr\/lvhb\/wp-json\/wp\/v2\/pages\/101\/revisions\/737"}],"wp:attachment":[{"href":"https:\/\/blogs.univ-tlse2.fr\/lvhb\/wp-json\/wp\/v2\/media?parent=101"}],"curies":[{"name":"wp","href":"https:\/\/api.w.org\/{rel}","templated":true}]}}

Bosnie-Herzégovine

<div class="wp-block-cover alignfull is-light has-parallax"><div class="wp-block-cover__image-background wp-image-400 size-large has-parallax" style="background-position:50% 50%;background-image:url(https://blogs.univ-tlse2.fr/lvhb/files/2026/03/BOSNIE_01bis-1024x661.jpg)"></div><span aria-hidden="true" class="wp-block-cover__background has-background-dim-0 has-background-dim" style="background-color:#9c9b99"></span><div class="wp-block-cover__inner-container is-layout-constrained wp-block-cover-is-layout-constrained">
<div class="wp-block-buttons is-layout-flex wp-block-buttons-is-layout-flex">
<div class="wp-block-button"><a class="wp-block-button__link wp-element-button" href="https://blogs.univ-tlse2.fr/lvhb/">Accueil</a></div>



<div class="wp-block-button"><a class="wp-block-button__link wp-element-button" href="https://blogs.univ-tlse2.fr/lvhb/bulgarie/">Bulgarie</a></div>



<div class="wp-block-button"><a class="wp-block-button__link wp-element-button" href="https://blogs.univ-tlse2.fr/lvhb/bosnie-herzegovine/">Bosnie-Herzégovine</a></div>



<div class="wp-block-button"><a class="wp-block-button__link wp-element-button" href="https://blogs.univ-tlse2.fr/lvhb/croatie/">Croatie</a></div>



<div class="wp-block-button"><a class="wp-block-button__link wp-element-button" href="https://blogs.univ-tlse2.fr/lvhb/serbie/">Serbie</a></div>



<div class="wp-block-button"><a class="wp-block-button__link wp-element-button" href="https://blogs.univ-tlse2.fr/lvhb/slovenie/">Slovénie</a></div>



<div class="wp-block-button"><a class="wp-block-button__link wp-element-button" href="https://blogs.univ-tlse2.fr/lvhb/thrace/">Thrace</a></div>
</div>



<p class="has-text-align-center has-large-font-size"></p>
</div></div>



<div style="height:102px" aria-hidden="true" class="wp-block-spacer"></div>



<div class="wp-block-columns alignwide are-vertically-aligned-bottom is-layout-flex wp-container-core-columns-is-layout-9d6595d7 wp-block-columns-is-layout-flex">
<div class="wp-block-column is-vertically-aligned-bottom is-layout-flow wp-block-column-is-layout-flow" style="flex-basis:66.66%">
<figure class="wp-block-image size-large is-resized"><img loading="lazy" decoding="async" width="1024" height="694" src="https://blogs.univ-tlse2.fr/lvhb/files/2026/03/SARAJEVO_02_1887bis-1024x694.jpg" alt="" class="wp-image-402" style="aspect-ratio:1.4755517463038355;width:561px;height:auto" srcset="https://blogs.univ-tlse2.fr/lvhb/files/2026/03/SARAJEVO_02_1887bis-1024x694.jpg 1024w, https://blogs.univ-tlse2.fr/lvhb/files/2026/03/SARAJEVO_02_1887bis-300x203.jpg 300w, https://blogs.univ-tlse2.fr/lvhb/files/2026/03/SARAJEVO_02_1887bis-768x520.jpg 768w, https://blogs.univ-tlse2.fr/lvhb/files/2026/03/SARAJEVO_02_1887bis-1536x1041.jpg 1536w, https://blogs.univ-tlse2.fr/lvhb/files/2026/03/SARAJEVO_02_1887bis-2048x1388.jpg 2048w, https://blogs.univ-tlse2.fr/lvhb/files/2026/03/SARAJEVO_02_1887bis-1568x1063.jpg 1568w" sizes="auto, (max-width: 1024px) 100vw, 1024px" /><figcaption class="wp-element-caption">Sarajevo (1887)</figcaption></figure>



<p>Lors de son premier voyage en tant que journaliste à l&rsquo;étranger pour le <em>Journal des Débats</em> en octobre-novembre 1887, H. Bégouën passe par la Bosnie-Herzégovine et s&rsquo;arrête à Banja Luka d&rsquo;où il rédige un article paru le 4 novembre 1887, puis, à Sarajevo d&rsquo;où il envoie des lettres publiées dans <em>Chez les Yougoslaves il y a trente deux ans.</em> Son passage à Sarajevo résulte de sa rencontre avec un Franciscain de Bosnie chez Strossmayer. Il est séduit par le dépaysement, l&rsquo;orientalisme de l&rsquo;architecture, et le costume traditionnel. Toutefois, sur place, il est surveillé par les autorités en raison de l&rsquo;instabilité politique dans la région.</p>
</div>



<div class="wp-block-column is-vertically-aligned-bottom is-layout-flow wp-block-column-is-layout-flow" style="flex-basis:33.33%">
<figure class="wp-block-image size-large"><img loading="lazy" decoding="async" width="1024" height="769" src="https://blogs.univ-tlse2.fr/lvhb/files/2025/10/SARAJEVO_01_1887-1024x769.jpg" alt="" class="wp-image-125" srcset="https://blogs.univ-tlse2.fr/lvhb/files/2025/10/SARAJEVO_01_1887-1024x769.jpg 1024w, https://blogs.univ-tlse2.fr/lvhb/files/2025/10/SARAJEVO_01_1887-300x225.jpg 300w, https://blogs.univ-tlse2.fr/lvhb/files/2025/10/SARAJEVO_01_1887-768x576.jpg 768w, https://blogs.univ-tlse2.fr/lvhb/files/2025/10/SARAJEVO_01_1887-1536x1153.jpg 1536w, https://blogs.univ-tlse2.fr/lvhb/files/2025/10/SARAJEVO_01_1887-1568x1177.jpg 1568w, https://blogs.univ-tlse2.fr/lvhb/files/2025/10/SARAJEVO_01_1887.jpg 1944w" sizes="auto, (max-width: 1024px) 100vw, 1024px" /><figcaption class="wp-element-caption"><br>Bosniaques à la mosquée, Sarajevo (1887)</figcaption></figure>
</div>
</div>



<div style="height:84px" aria-hidden="true" class="wp-block-spacer"></div>



<div data-wp-context="{ &quot;autoclose&quot;: true, &quot;accordionItems&quot;: [] }" data-wp-interactive="core/accordion" role="group" class="wp-block-accordion alignwide is-layout-flow wp-block-accordion-is-layout-flow">
<div data-wp-class--is-open="state.isOpen" data-wp-context="{ &quot;id&quot;: &quot;accordion-item-1&quot;, &quot;openByDefault&quot;: false }" data-wp-init="callbacks.initAccordionItems" data-wp-on-window--hashchange="callbacks.hashChange" class="wp-block-accordion-item is-layout-flow wp-block-accordion-item-is-layout-flow">
<h4 class="wp-block-accordion-heading"><button aria-expanded="false" aria-controls="accordion-item-1-panel" data-wp-bind--aria-expanded="state.isOpen" data-wp-on--click="actions.toggle" data-wp-on--keydown="actions.handleKeyDown" id="accordion-item-1" type="button" class="wp-block-accordion-heading__toggle"><span class="wp-block-accordion-heading__toggle-icon" aria-hidden="true">+</span><span class="wp-block-accordion-heading__toggle-title">Sources</span></button></h4>



<div inert aria-labelledby="accordion-item-1" data-wp-bind--inert="!state.isOpen" id="accordion-item-1-panel" role="region" class="wp-block-accordion-panel is-layout-flow wp-block-accordion-panel-is-layout-flow">
<ul class="wp-block-list">
<li><em>Le Journal des Débats</em> du 15 octobre 1887: <a href="https://gallica.bnf.fr/ark:/12148/bpt6k4640850/f2.item" target="_blank" rel="noreferrer noopener">https://gallica.bnf.fr/ark:/12148/bpt6k4640850/f2.item</a> </li>



<li><em>Le Journal des Débats</em> 4 novembre 1887: <a href="https://gallica.bnf.fr/ark:/12148/bpt6k464105j/f2.item" target="_blank" rel="noreferrer noopener">https://gallica.bnf.fr/ark:/12148/bpt6k464105j/f2.item</a></li>
</ul>
</div>
</div>
</div>

<p>Lors de son premier voyage en tant que journaliste à l&rsquo;étranger pour le Journal des Débats en octobre-novembre 1887, H. Bégouën passe par la Bosnie-Herzégovine et s&rsquo;arrête à Banja Luka d&rsquo;où il rédige un article paru le 4 novembre 1887, puis, à Sarajevo d&rsquo;où il envoie des lettres publiées dans Chez les Yougoslaves il y&hellip; <a class="more-link" href="https://blogs.univ-tlse2.fr/lvhb/bosnie-herzegovine/">Poursuivre la lecture <span class="screen-reader-text">Bosnie-Herzégovine</span></a></p>
