 {"id":104,"date":"2026-04-15T14:26:51","date_gmt":"2026-04-15T12:26:51","guid":{"rendered":"https:\/\/blogs.univ-tlse2.fr\/lvhb\/?page_id=104"},"modified":"2026-04-16T15:53:57","modified_gmt":"2026-04-16T13:53:57","slug":"croatie","status":"publish","type":"page","link":"https:\/\/blogs.univ-tlse2.fr\/lvhb\/croatie\/","title":{"rendered":"Croatie"},"content":{"rendered":"\n<div style=\"height:40px\" aria-hidden=\"true\" class=\"wp-block-spacer\"><\/div>\n\n\n\n<div style=\"height:15px\" aria-hidden=\"true\" class=\"wp-block-spacer\"><\/div>\n\n\n\n<div class=\"wp-block-cover alignfull has-parallax\"><div class=\"wp-block-cover__image-background wp-image-153 size-large has-parallax\" style=\"background-position:50% 50%;background-image:url(https:\/\/blogs.univ-tlse2.fr\/lvhb\/files\/2025\/10\/ZAGREB_07-1-1024x727.jpg)\"><\/div><span aria-hidden=\"true\" class=\"wp-block-cover__background has-background-dim-0 has-background-dim\" style=\"background-color:#6a6a6a\"><\/span><div class=\"wp-block-cover__inner-container is-layout-constrained wp-block-cover-is-layout-constrained\">\n<p class=\"has-text-align-center has-large-font-size\"><\/p>\n\n\n\n<div class=\"wp-block-buttons is-layout-flex wp-block-buttons-is-layout-flex\">\n<div class=\"wp-block-button\"><a class=\"wp-block-button__link wp-element-button\" href=\"https:\/\/blogs.univ-tlse2.fr\/lvhb\/\">Accueil<\/a><\/div>\n\n\n\n<div class=\"wp-block-button\"><a class=\"wp-block-button__link wp-element-button\" href=\"https:\/\/blogs.univ-tlse2.fr\/lvhb\/bulgarie\/\">Bulgarie<\/a><\/div>\n\n\n\n<div class=\"wp-block-button\"><a class=\"wp-block-button__link wp-element-button\" href=\"https:\/\/blogs.univ-tlse2.fr\/lvhb\/bosnie-herzegovine\/\">Bosnie-Herz\u00e9govine<\/a><\/div>\n\n\n\n<div class=\"wp-block-button\"><a class=\"wp-block-button__link wp-element-button\" href=\"https:\/\/blogs.univ-tlse2.fr\/lvhb\/croatie\/\">Croatie<\/a><\/div>\n\n\n\n<div class=\"wp-block-button\"><a class=\"wp-block-button__link wp-element-button\" href=\"https:\/\/blogs.univ-tlse2.fr\/lvhb\/serbie\/\">Serbie<\/a><\/div>\n\n\n\n<div class=\"wp-block-button\"><a class=\"wp-block-button__link wp-element-button\" href=\"https:\/\/blogs.univ-tlse2.fr\/lvhb\/slovenie\/\">Slov\u00e9nie<\/a><\/div>\n\n\n\n<div class=\"wp-block-button\"><a class=\"wp-block-button__link wp-element-button\" href=\"https:\/\/blogs.univ-tlse2.fr\/lvhb\/thrace\/\">Thrace<\/a><\/div>\n<\/div>\n<\/div><\/div>\n\n\n\n<div style=\"height:100px\" aria-hidden=\"true\" class=\"wp-block-spacer\"><\/div>\n\n\n\n<div class=\"wp-block-media-text alignwide is-stacked-on-mobile\"><figure class=\"wp-block-media-text__media\"><img loading=\"lazy\" decoding=\"async\" width=\"1024\" height=\"686\" src=\"https:\/\/blogs.univ-tlse2.fr\/lvhb\/files\/2025\/10\/ZAGREB_09-1024x686.jpg\" alt=\"\" class=\"wp-image-129 size-full\" srcset=\"https:\/\/blogs.univ-tlse2.fr\/lvhb\/files\/2025\/10\/ZAGREB_09-1024x686.jpg 1024w, https:\/\/blogs.univ-tlse2.fr\/lvhb\/files\/2025\/10\/ZAGREB_09-300x201.jpg 300w, https:\/\/blogs.univ-tlse2.fr\/lvhb\/files\/2025\/10\/ZAGREB_09-768x515.jpg 768w, https:\/\/blogs.univ-tlse2.fr\/lvhb\/files\/2025\/10\/ZAGREB_09-1536x1029.jpg 1536w, https:\/\/blogs.univ-tlse2.fr\/lvhb\/files\/2025\/10\/ZAGREB_09-2048x1372.jpg 2048w, https:\/\/blogs.univ-tlse2.fr\/lvhb\/files\/2025\/10\/ZAGREB_09-1568x1051.jpg 1568w\" sizes=\"auto, (max-width: 1024px) 100vw, 1024px\" \/><\/figure><div class=\"wp-block-media-text__content\">\n<div class=\"wp-block-group is-nowrap is-layout-flex wp-container-core-group-is-layout-ad2f72ca wp-block-group-is-layout-flex\">\n<div style=\"height:100px;width:0px\" aria-hidden=\"true\" class=\"wp-block-spacer wp-container-content-6388d5dc\"><\/div>\n\n\n\n<p>Henri B\u00e9gou\u00ebn entreprend un voyage en Autriche-Hongrie en 1887 et 1888, dans le cadre de son travail de journaliste \u00e0 l&rsquo;\u00e9tranger pour le <em>Journal des D\u00e9bats<\/em>. Son parcours le m\u00e8ne en Croatie, o\u00f9 il b\u00e9n\u00e9ficie de l&rsquo;accueil de la population locale. Il se rend notamment dans les villes de Dakovo, o\u00f9 il est accueilli par l&rsquo;\u00e9v\u00eaque Strossmayer durant une semaine, d&rsquo;Opatija, et de Zagreb aupr\u00e8s de professeurs de l&rsquo;universit\u00e9. Lors de son premier s\u00e9jour dans la r\u00e9gion, le comte B\u00e9gou\u00ebn se d\u00e9place principalement en bateau, empruntant la Kupa, ou la Save. Lors de son deuxi\u00e8me voyage, il parcourt la r\u00e9gion en train, d\u00e9plorant la lenteur de ce dernier.<\/p>\n<\/div>\n<\/div><\/div>\n\n\n\n<div style=\"height:100px\" aria-hidden=\"true\" class=\"wp-block-spacer\"><\/div>\n\n\n\n<div class=\"wp-block-columns alignwide is-layout-flex wp-container-core-columns-is-layout-9d6595d7 wp-block-columns-is-layout-flex\">\n<div class=\"wp-block-column is-layout-flow wp-block-column-is-layout-flow\">\n<div style=\"height:20px\" aria-hidden=\"true\" class=\"wp-block-spacer\"><\/div>\n\n\n\n<p>Lors de son voyage, Henri B\u00e9gou\u00ebn se donne pour mission de dresser \u00e0 la France un portrait de la r\u00e9gion. Il s&rsquo;int\u00e9resse aux paysages urbains, \u00e0 l&rsquo;architecture, aux d\u00e9cors.<\/p>\n<\/div>\n\n\n\n<div class=\"wp-block-column is-layout-flow wp-block-column-is-layout-flow\">\n<figure class=\"wp-block-image is-style-rounded\"><img loading=\"lazy\" decoding=\"async\" width=\"1024\" height=\"749\" src=\"https:\/\/blogs.univ-tlse2.fr\/lvhb\/files\/2025\/10\/ZAGREB_11-1024x749.jpg\" alt=\"\" class=\"wp-image-157\" srcset=\"https:\/\/blogs.univ-tlse2.fr\/lvhb\/files\/2025\/10\/ZAGREB_11-1024x749.jpg 1024w, https:\/\/blogs.univ-tlse2.fr\/lvhb\/files\/2025\/10\/ZAGREB_11-300x219.jpg 300w, https:\/\/blogs.univ-tlse2.fr\/lvhb\/files\/2025\/10\/ZAGREB_11-768x562.jpg 768w, https:\/\/blogs.univ-tlse2.fr\/lvhb\/files\/2025\/10\/ZAGREB_11-1536x1123.jpg 1536w, https:\/\/blogs.univ-tlse2.fr\/lvhb\/files\/2025\/10\/ZAGREB_11-2048x1497.jpg 2048w, https:\/\/blogs.univ-tlse2.fr\/lvhb\/files\/2025\/10\/ZAGREB_11-1568x1146.jpg 1568w\" sizes=\"auto, (max-width: 1024px) 100vw, 1024px\" \/><\/figure>\n<\/div>\n<\/div>\n\n\n\n<div style=\"height:100px\" aria-hidden=\"true\" class=\"wp-block-spacer\"><\/div>\n\n\n\n<figure class=\"wp-block-gallery alignfull has-nested-images columns-default is-cropped wp-block-gallery-1 is-layout-flex wp-block-gallery-is-layout-flex\">\n<figure class=\"wp-block-image size-large\"><img loading=\"lazy\" decoding=\"async\" width=\"1024\" height=\"658\" data-id=\"160\" src=\"https:\/\/blogs.univ-tlse2.fr\/lvhb\/files\/2025\/10\/ZAGREB_14-1024x658.jpg\" alt=\"\" class=\"wp-image-160\" srcset=\"https:\/\/blogs.univ-tlse2.fr\/lvhb\/files\/2025\/10\/ZAGREB_14-1024x658.jpg 1024w, https:\/\/blogs.univ-tlse2.fr\/lvhb\/files\/2025\/10\/ZAGREB_14-300x193.jpg 300w, https:\/\/blogs.univ-tlse2.fr\/lvhb\/files\/2025\/10\/ZAGREB_14-768x493.jpg 768w, https:\/\/blogs.univ-tlse2.fr\/lvhb\/files\/2025\/10\/ZAGREB_14-1536x987.jpg 1536w, https:\/\/blogs.univ-tlse2.fr\/lvhb\/files\/2025\/10\/ZAGREB_14-2048x1316.jpg 2048w, https:\/\/blogs.univ-tlse2.fr\/lvhb\/files\/2025\/10\/ZAGREB_14-1568x1007.jpg 1568w\" sizes=\"auto, (max-width: 1024px) 100vw, 1024px\" \/><figcaption class=\"wp-element-caption\">Chambre du commerce et de l&rsquo;industrie avec son mus\u00e9e commercial et industriel, Zagreb, Croatie<\/figcaption><\/figure>\n\n\n\n<figure class=\"wp-block-image size-large\"><img loading=\"lazy\" decoding=\"async\" width=\"1024\" height=\"619\" data-id=\"148\" src=\"https:\/\/blogs.univ-tlse2.fr\/lvhb\/files\/2025\/10\/ZAGREB_04-1024x619.jpg\" alt=\"\" class=\"wp-image-148\" srcset=\"https:\/\/blogs.univ-tlse2.fr\/lvhb\/files\/2025\/10\/ZAGREB_04-1024x619.jpg 1024w, https:\/\/blogs.univ-tlse2.fr\/lvhb\/files\/2025\/10\/ZAGREB_04-300x181.jpg 300w, https:\/\/blogs.univ-tlse2.fr\/lvhb\/files\/2025\/10\/ZAGREB_04-768x464.jpg 768w, https:\/\/blogs.univ-tlse2.fr\/lvhb\/files\/2025\/10\/ZAGREB_04-1536x929.jpg 1536w, https:\/\/blogs.univ-tlse2.fr\/lvhb\/files\/2025\/10\/ZAGREB_04-1568x948.jpg 1568w, https:\/\/blogs.univ-tlse2.fr\/lvhb\/files\/2025\/10\/ZAGREB_04.jpg 1930w\" sizes=\"auto, (max-width: 1024px) 100vw, 1024px\" \/><figcaption class=\"wp-element-caption\">Mus\u00e9e arch\u00e9ologique de Zagreb, Croatie<\/figcaption><\/figure>\n\n\n\n<figure class=\"wp-block-image size-large\"><img loading=\"lazy\" decoding=\"async\" width=\"1024\" height=\"632\" data-id=\"151\" src=\"https:\/\/blogs.univ-tlse2.fr\/lvhb\/files\/2025\/10\/ZAGREB_05-1024x632.jpg\" alt=\"\" class=\"wp-image-151\" srcset=\"https:\/\/blogs.univ-tlse2.fr\/lvhb\/files\/2025\/10\/ZAGREB_05-1024x632.jpg 1024w, https:\/\/blogs.univ-tlse2.fr\/lvhb\/files\/2025\/10\/ZAGREB_05-300x185.jpg 300w, https:\/\/blogs.univ-tlse2.fr\/lvhb\/files\/2025\/10\/ZAGREB_05-768x474.jpg 768w, https:\/\/blogs.univ-tlse2.fr\/lvhb\/files\/2025\/10\/ZAGREB_05-1536x947.jpg 1536w, https:\/\/blogs.univ-tlse2.fr\/lvhb\/files\/2025\/10\/ZAGREB_05-1568x967.jpg 1568w, https:\/\/blogs.univ-tlse2.fr\/lvhb\/files\/2025\/10\/ZAGREB_05.jpg 2033w\" sizes=\"auto, (max-width: 1024px) 100vw, 1024px\" \/><figcaption class=\"wp-element-caption\">B\u00e2timent des archives nationales croates, Zagreb, Croatie<\/figcaption><\/figure>\n<\/figure>\n\n\n\n<div style=\"height:100px\" aria-hidden=\"true\" class=\"wp-block-spacer\"><\/div>\n\n\n\n<p>A Zagreb, il vante le modernisme et le dynamisme de la ville, malgr\u00e9 une pr\u00e9sence polici\u00e8re qui complique son activit\u00e9 de journaliste. En effet, certaines des lettres qu&rsquo;il y a r\u00e9dig\u00e9 ne sont jamais arriv\u00e9es \u00e0 destination. <\/p>\n\n\n\n<div style=\"height:100px\" aria-hidden=\"true\" class=\"wp-block-spacer\"><\/div>\n\n\n\n<figure class=\"wp-block-gallery alignwide has-nested-images columns-default is-cropped wp-block-gallery-2 is-layout-flex wp-block-gallery-is-layout-flex\">\n<figure class=\"wp-block-image size-large\"><img loading=\"lazy\" decoding=\"async\" width=\"1024\" height=\"656\" data-id=\"147\" src=\"https:\/\/blogs.univ-tlse2.fr\/lvhb\/files\/2025\/10\/ZAGREB_01-1024x656.jpg\" alt=\"\" class=\"wp-image-147\" srcset=\"https:\/\/blogs.univ-tlse2.fr\/lvhb\/files\/2025\/10\/ZAGREB_01-1024x656.jpg 1024w, https:\/\/blogs.univ-tlse2.fr\/lvhb\/files\/2025\/10\/ZAGREB_01-300x192.jpg 300w, https:\/\/blogs.univ-tlse2.fr\/lvhb\/files\/2025\/10\/ZAGREB_01-768x492.jpg 768w, https:\/\/blogs.univ-tlse2.fr\/lvhb\/files\/2025\/10\/ZAGREB_01-1536x984.jpg 1536w, https:\/\/blogs.univ-tlse2.fr\/lvhb\/files\/2025\/10\/ZAGREB_01-2048x1313.jpg 2048w, https:\/\/blogs.univ-tlse2.fr\/lvhb\/files\/2025\/10\/ZAGREB_01-1568x1005.jpg 1568w\" sizes=\"auto, (max-width: 1024px) 100vw, 1024px\" \/><figcaption class=\"wp-element-caption\">Manifestations \u00e0 Zagreb, Croatie<\/figcaption><\/figure>\n\n\n\n<figure class=\"wp-block-image size-large\"><img loading=\"lazy\" decoding=\"async\" width=\"1024\" height=\"677\" data-id=\"159\" src=\"https:\/\/blogs.univ-tlse2.fr\/lvhb\/files\/2025\/10\/ZAGREB_13-1024x677.jpg\" alt=\"\" class=\"wp-image-159\" srcset=\"https:\/\/blogs.univ-tlse2.fr\/lvhb\/files\/2025\/10\/ZAGREB_13-1024x677.jpg 1024w, https:\/\/blogs.univ-tlse2.fr\/lvhb\/files\/2025\/10\/ZAGREB_13-300x198.jpg 300w, https:\/\/blogs.univ-tlse2.fr\/lvhb\/files\/2025\/10\/ZAGREB_13-768x508.jpg 768w, https:\/\/blogs.univ-tlse2.fr\/lvhb\/files\/2025\/10\/ZAGREB_13-1536x1015.jpg 1536w, https:\/\/blogs.univ-tlse2.fr\/lvhb\/files\/2025\/10\/ZAGREB_13-2048x1354.jpg 2048w, https:\/\/blogs.univ-tlse2.fr\/lvhb\/files\/2025\/10\/ZAGREB_13-1568x1036.jpg 1568w\" sizes=\"auto, (max-width: 1024px) 100vw, 1024px\" \/><figcaption class=\"wp-element-caption\">Place de la Cath\u00e9drale avec le Monument de l&rsquo;Assomption de la Vierge Marie \u00e0 Zagreb, Croatie<\/figcaption><\/figure>\n<\/figure>\n\n\n\n<div style=\"height:175px\" aria-hidden=\"true\" class=\"wp-block-spacer\"><\/div>\n\n\n\n<div class=\"wp-block-columns alignwide is-layout-flex wp-container-core-columns-is-layout-9d6595d7 wp-block-columns-is-layout-flex\">\n<div class=\"wp-block-column is-layout-flow wp-block-column-is-layout-flow\">\n<figure class=\"wp-block-image is-style-twentytwentyone-border\"><img loading=\"lazy\" decoding=\"async\" width=\"1024\" height=\"769\" src=\"https:\/\/blogs.univ-tlse2.fr\/lvhb\/files\/2025\/10\/ZAGREB_03-1024x769.jpg\" alt=\"\" class=\"wp-image-150\" srcset=\"https:\/\/blogs.univ-tlse2.fr\/lvhb\/files\/2025\/10\/ZAGREB_03-1024x769.jpg 1024w, https:\/\/blogs.univ-tlse2.fr\/lvhb\/files\/2025\/10\/ZAGREB_03-300x225.jpg 300w, https:\/\/blogs.univ-tlse2.fr\/lvhb\/files\/2025\/10\/ZAGREB_03-768x577.jpg 768w, https:\/\/blogs.univ-tlse2.fr\/lvhb\/files\/2025\/10\/ZAGREB_03-1536x1154.jpg 1536w, https:\/\/blogs.univ-tlse2.fr\/lvhb\/files\/2025\/10\/ZAGREB_03-2048x1538.jpg 2048w, https:\/\/blogs.univ-tlse2.fr\/lvhb\/files\/2025\/10\/ZAGREB_03-1568x1178.jpg 1568w\" sizes=\"auto, (max-width: 1024px) 100vw, 1024px\" \/><\/figure>\n\n\n\n<details class=\"wp-block-details is-layout-flow wp-block-details-is-layout-flow\"><summary>Place Ban Jelacic, Zagreb, Croatie<\/summary>\n<p><\/p>\n<\/details>\n<\/div>\n\n\n\n<div class=\"wp-block-column is-layout-flow wp-block-column-is-layout-flow\">\n<div style=\"height:0px\" aria-hidden=\"true\" class=\"wp-block-spacer\"><\/div>\n\n\n\n<p>Lors de sa visite, le comte B\u00e9gou\u00ebn d\u00e9couvre l&rsquo;Acad\u00e9mie yougoslave des Sciences et des Arts, l&rsquo;\u00e9glise Saint-Marc, et la nouvelle cath\u00e9drale. Il se rend sur la place Zrinski et sur la place Jelacic (un march\u00e9 o\u00f9 il s&rsquo;int\u00e9resse aux costumes des paysannes). Cela lui permet de montrer l&rsquo;ensemble de la ville, la ville haute et la ville basse.<\/p>\n<\/div>\n<\/div>\n\n\n\n<div style=\"height:92px\" aria-hidden=\"true\" class=\"wp-block-spacer\"><\/div>\n\n\n\n<div class=\"wp-block-media-text alignwide has-media-on-the-right is-stacked-on-mobile\"><div class=\"wp-block-media-text__content\">\n<p>Dans un souci de pr\u00e9senter le portrait le plus complet possible \u00e0 ses lecteurs, Henri B\u00e9gou\u00ebn se rend \u00e9galement dans les campagnes croates comme dans le village de Matulji, ou d&rsquo;Arbanasi, pour observer le mode de vie paysan, ses us et coutumes. Il y d\u00e9couvre les Zadrugas, un mode de propri\u00e9t\u00e9 collective, et s&rsquo;int\u00e9resse aux troupeaux et aux diff\u00e9rentes esp\u00e8ces de b\u0153ufs.<\/p>\n<\/div><figure class=\"wp-block-media-text__media\"><img loading=\"lazy\" decoding=\"async\" width=\"1024\" height=\"702\" src=\"https:\/\/blogs.univ-tlse2.fr\/lvhb\/files\/2025\/10\/CROATIE_05-1024x702.jpg\" alt=\"\" class=\"wp-image-205 size-full\" srcset=\"https:\/\/blogs.univ-tlse2.fr\/lvhb\/files\/2025\/10\/CROATIE_05-1024x702.jpg 1024w, https:\/\/blogs.univ-tlse2.fr\/lvhb\/files\/2025\/10\/CROATIE_05-300x206.jpg 300w, https:\/\/blogs.univ-tlse2.fr\/lvhb\/files\/2025\/10\/CROATIE_05-768x527.jpg 768w, https:\/\/blogs.univ-tlse2.fr\/lvhb\/files\/2025\/10\/CROATIE_05-1536x1053.jpg 1536w, https:\/\/blogs.univ-tlse2.fr\/lvhb\/files\/2025\/10\/CROATIE_05-2048x1404.jpg 2048w, https:\/\/blogs.univ-tlse2.fr\/lvhb\/files\/2025\/10\/CROATIE_05-1568x1075.jpg 1568w\" sizes=\"auto, (max-width: 1024px) 100vw, 1024px\" \/><\/figure><\/div>\n\n\n\n<div style=\"height:100px\" aria-hidden=\"true\" class=\"wp-block-spacer\"><\/div>\n\n\n\n<figure class=\"wp-block-gallery aligncenter has-nested-images columns-default is-cropped wp-block-gallery-3 is-layout-flex wp-block-gallery-is-layout-flex\">\n<figure class=\"wp-block-image size-large\"><img loading=\"lazy\" decoding=\"async\" width=\"1024\" height=\"925\" data-id=\"144\" src=\"https:\/\/blogs.univ-tlse2.fr\/lvhb\/files\/2025\/10\/CROATIE_02-1024x925.jpg\" alt=\"\" class=\"wp-image-144\" srcset=\"https:\/\/blogs.univ-tlse2.fr\/lvhb\/files\/2025\/10\/CROATIE_02-1024x925.jpg 1024w, https:\/\/blogs.univ-tlse2.fr\/lvhb\/files\/2025\/10\/CROATIE_02-300x271.jpg 300w, https:\/\/blogs.univ-tlse2.fr\/lvhb\/files\/2025\/10\/CROATIE_02-768x694.jpg 768w, https:\/\/blogs.univ-tlse2.fr\/lvhb\/files\/2025\/10\/CROATIE_02-1536x1387.jpg 1536w, https:\/\/blogs.univ-tlse2.fr\/lvhb\/files\/2025\/10\/CROATIE_02-1568x1416.jpg 1568w, https:\/\/blogs.univ-tlse2.fr\/lvhb\/files\/2025\/10\/CROATIE_02.jpg 1990w\" sizes=\"auto, (max-width: 1024px) 100vw, 1024px\" \/><figcaption class=\"wp-element-caption\">Costumes croates<\/figcaption><\/figure>\n\n\n\n<figure class=\"wp-block-image size-large\"><img loading=\"lazy\" decoding=\"async\" width=\"1024\" height=\"845\" data-id=\"143\" src=\"https:\/\/blogs.univ-tlse2.fr\/lvhb\/files\/2025\/10\/CROATIE_01-1024x845.jpg\" alt=\"\" class=\"wp-image-143\" srcset=\"https:\/\/blogs.univ-tlse2.fr\/lvhb\/files\/2025\/10\/CROATIE_01-1024x845.jpg 1024w, https:\/\/blogs.univ-tlse2.fr\/lvhb\/files\/2025\/10\/CROATIE_01-300x248.jpg 300w, https:\/\/blogs.univ-tlse2.fr\/lvhb\/files\/2025\/10\/CROATIE_01-768x634.jpg 768w, https:\/\/blogs.univ-tlse2.fr\/lvhb\/files\/2025\/10\/CROATIE_01-1536x1268.jpg 1536w, https:\/\/blogs.univ-tlse2.fr\/lvhb\/files\/2025\/10\/CROATIE_01-2048x1690.jpg 2048w, https:\/\/blogs.univ-tlse2.fr\/lvhb\/files\/2025\/10\/CROATIE_01-1568x1294.jpg 1568w\" sizes=\"auto, (max-width: 1024px) 100vw, 1024px\" \/><\/figure>\n<\/figure>\n\n\n\n<div style=\"height:65px\" aria-hidden=\"true\" class=\"wp-block-spacer\"><\/div>\n\n\n\n<div style=\"height:23px\" aria-hidden=\"true\" class=\"wp-block-spacer\"><\/div>\n\n\n\n<p>Apr\u00e8s l&rsquo;\u00e9clatement de l&rsquo;Autriche-Hongrie, le comte Henri B\u00e9gou\u00ebn entreprend deux voyages pour le <em>Journal des D\u00e9bats<\/em>, d&rsquo;abord en mars-mai 1919 puis, en ao\u00fbt-septembre 1919 pour pr\u00e9senter le Royaume des Serbes, des Croates et des Slov\u00e8nes \u00e0 la France. Il poursuit ses voyages dans la r\u00e9gion, en mars 1920, lorsqu&rsquo;il accompagne le cardinal Dubois et les \u00e9v\u00eaques de Gap et du Mans \u00e0 Ljubljana et \u00e0 Zagreb, puis, il est de retour en 1921, en 1924, et en 1926 pour l&rsquo;inauguration d&rsquo;un monument d\u00e9di\u00e9 \u00e0 Strossmayer par l&rsquo;Acad\u00e9mie yougoslave des Sciences et des Arts \u00e0 Zagreb.<\/p>\n\n\n\n<figure class=\"wp-block-gallery has-nested-images columns-default is-cropped wp-block-gallery-4 is-layout-flex wp-block-gallery-is-layout-flex\">\n<figure class=\"wp-block-image size-large is-style-default\"><img loading=\"lazy\" decoding=\"async\" width=\"831\" height=\"1024\" data-id=\"161\" src=\"https:\/\/blogs.univ-tlse2.fr\/lvhb\/files\/2025\/10\/ZAGREB_15c-831x1024.jpg\" alt=\"\" class=\"wp-image-161\" srcset=\"https:\/\/blogs.univ-tlse2.fr\/lvhb\/files\/2025\/10\/ZAGREB_15c-831x1024.jpg 831w, https:\/\/blogs.univ-tlse2.fr\/lvhb\/files\/2025\/10\/ZAGREB_15c-243x300.jpg 243w, https:\/\/blogs.univ-tlse2.fr\/lvhb\/files\/2025\/10\/ZAGREB_15c-768x946.jpg 768w, https:\/\/blogs.univ-tlse2.fr\/lvhb\/files\/2025\/10\/ZAGREB_15c-1247x1536.jpg 1247w, https:\/\/blogs.univ-tlse2.fr\/lvhb\/files\/2025\/10\/ZAGREB_15c-1662x2048.jpg 1662w, https:\/\/blogs.univ-tlse2.fr\/lvhb\/files\/2025\/10\/ZAGREB_15c-1568x1932.jpg 1568w\" sizes=\"auto, (max-width: 831px) 100vw, 831px\" \/><figcaption class=\"wp-element-caption\"><em>Ma M\u00e8re<\/em>, Ivan Mestrovic<\/figcaption><\/figure>\n\n\n\n<figure class=\"wp-block-image size-large is-style-default\"><img loading=\"lazy\" decoding=\"async\" width=\"664\" height=\"1024\" data-id=\"162\" src=\"https:\/\/blogs.univ-tlse2.fr\/lvhb\/files\/2025\/10\/ZAGREB_16_1926-664x1024.jpg\" alt=\"\" class=\"wp-image-162\" srcset=\"https:\/\/blogs.univ-tlse2.fr\/lvhb\/files\/2025\/10\/ZAGREB_16_1926-664x1024.jpg 664w, https:\/\/blogs.univ-tlse2.fr\/lvhb\/files\/2025\/10\/ZAGREB_16_1926-194x300.jpg 194w, https:\/\/blogs.univ-tlse2.fr\/lvhb\/files\/2025\/10\/ZAGREB_16_1926-768x1185.jpg 768w, https:\/\/blogs.univ-tlse2.fr\/lvhb\/files\/2025\/10\/ZAGREB_16_1926-995x1536.jpg 995w, https:\/\/blogs.univ-tlse2.fr\/lvhb\/files\/2025\/10\/ZAGREB_16_1926.jpg 1020w\" sizes=\"auto, (max-width: 664px) 100vw, 664px\" \/><figcaption class=\"wp-element-caption\">Portrait de Josip Jurja Strossmayera, Ivan Mestrovic (photographie de 1926)<\/figcaption><\/figure>\n<\/figure>\n\n\n\n<div style=\"height:100px\" aria-hidden=\"true\" class=\"wp-block-spacer\"><\/div>\n\n\n\n<div data-wp-context=\"{ &quot;autoclose&quot;: true, &quot;accordionItems&quot;: [] }\" data-wp-interactive=\"core\/accordion\" role=\"group\" class=\"wp-block-accordion alignwide is-layout-flow wp-block-accordion-is-layout-flow\">\n<div data-wp-class--is-open=\"state.isOpen\" data-wp-context=\"{ &quot;id&quot;: &quot;accordion-item-5&quot;, &quot;openByDefault&quot;: false }\" data-wp-init=\"callbacks.initAccordionItems\" data-wp-on-window--hashchange=\"callbacks.hashChange\" class=\"wp-block-accordion-item is-layout-flow wp-block-accordion-item-is-layout-flow\">\n<h4 class=\"wp-block-accordion-heading\"><button aria-expanded=\"false\" aria-controls=\"accordion-item-5-panel\" data-wp-bind--aria-expanded=\"state.isOpen\" data-wp-on--click=\"actions.toggle\" data-wp-on--keydown=\"actions.handleKeyDown\" id=\"accordion-item-5\" type=\"button\" class=\"wp-block-accordion-heading__toggle\"><span class=\"wp-block-accordion-heading__toggle-icon\" aria-hidden=\"true\">+<\/span><span class=\"wp-block-accordion-heading__toggle-title\">Sources<\/span><\/button><\/h4>\n\n\n\n<div inert aria-labelledby=\"accordion-item-5\" data-wp-bind--inert=\"!state.isOpen\" id=\"accordion-item-5-panel\" role=\"region\" class=\"wp-block-accordion-panel is-layout-flow wp-block-accordion-panel-is-layout-flow\">\n<ul class=\"wp-block-list\">\n<li><em>Le Journal des D\u00e9bats<\/em> 11 d\u00e9cembre 1887 : <a href=\"https:\/\/gallica.bnf.fr\/ark:\/12148\/bpt6k464144j\/f2.item.zoom\" target=\"_blank\" rel=\"noreferrer noopener\">https:\/\/gallica.bnf.fr\/ark:\/12148\/bpt6k464144j\/f2.item.zoom<\/a><\/li>\n\n\n\n<li>Lettre \u00e0 sa m\u00e8re, \u00ab\u00a0Zagreb 20 octobre 1887\u00a0\u00bb, parue dans <em>Chez les Yougoslaves, il y a trente deux ans<\/em>, Paris, Bossard, 1919.<\/li>\n\n\n\n<li>Lettre \u00e0 sa m\u00e8re, \u00ab\u00a0Zagreb 21 octobre 1887\u00a0\u00bb, parue dans <em>Chez les Yougoslaves, il y a trente deux ans<\/em>, Paris, Bossard, 1919.<\/li>\n<\/ul>\n<\/div>\n<\/div>\n<\/div>\n","protected":false},"excerpt":{"rendered":"<p>Lors de son voyage, Henri B\u00e9gou\u00ebn se donne pour mission de dresser \u00e0 la France un portrait de la r\u00e9gion. Il s&rsquo;int\u00e9resse aux paysages urbains, \u00e0 l&rsquo;architecture, aux d\u00e9cors. A Zagreb, il vante le modernisme et le dynamisme de la ville, malgr\u00e9 une pr\u00e9sence polici\u00e8re qui complique son activit\u00e9 de journaliste. En effet, certaines des&hellip; <a class=\"more-link\" href=\"https:\/\/blogs.univ-tlse2.fr\/lvhb\/croatie\/\">Poursuivre la lecture <span class=\"screen-reader-text\">Croatie<\/span><\/a><\/p>\n","protected":false},"author":1522,"featured_media":0,"parent":0,"menu_order":1,"comment_status":"closed","ping_status":"closed","template":"","meta":{"footnotes":""},"class_list":["post-104","page","type-page","status-publish","hentry","entry"],"_links":{"self":[{"href":"https:\/\/blogs.univ-tlse2.fr\/lvhb\/wp-json\/wp\/v2\/pages\/104","targetHints":{"allow":["GET"]}}],"collection":[{"href":"https:\/\/blogs.univ-tlse2.fr\/lvhb\/wp-json\/wp\/v2\/pages"}],"about":[{"href":"https:\/\/blogs.univ-tlse2.fr\/lvhb\/wp-json\/wp\/v2\/types\/page"}],"author":[{"embeddable":true,"href":"https:\/\/blogs.univ-tlse2.fr\/lvhb\/wp-json\/wp\/v2\/users\/1522"}],"replies":[{"embeddable":true,"href":"https:\/\/blogs.univ-tlse2.fr\/lvhb\/wp-json\/wp\/v2\/comments?post=104"}],"version-history":[{"count":54,"href":"https:\/\/blogs.univ-tlse2.fr\/lvhb\/wp-json\/wp\/v2\/pages\/104\/revisions"}],"predecessor-version":[{"id":742,"href":"https:\/\/blogs.univ-tlse2.fr\/lvhb\/wp-json\/wp\/v2\/pages\/104\/revisions\/742"}],"wp:attachment":[{"href":"https:\/\/blogs.univ-tlse2.fr\/lvhb\/wp-json\/wp\/v2\/media?parent=104"}],"curies":[{"name":"wp","href":"https:\/\/api.w.org\/{rel}","templated":true}]}}