 {"id":118,"date":"2026-04-15T14:26:51","date_gmt":"2026-04-15T12:26:51","guid":{"rendered":"https:\/\/blogs.univ-tlse2.fr\/lvhb\/?page_id=118"},"modified":"2026-04-16T16:00:39","modified_gmt":"2026-04-16T14:00:39","slug":"slovenie","status":"publish","type":"page","link":"https:\/\/blogs.univ-tlse2.fr\/lvhb\/slovenie\/","title":{"rendered":"Slov\u00e9nie"},"content":{"rendered":"\n<div class=\"wp-block-cover alignfull has-parallax\"><div class=\"wp-block-cover__image-background wp-image-443 size-large has-parallax\" style=\"background-position:50% 50%;background-image:url(https:\/\/blogs.univ-tlse2.fr\/lvhb\/files\/2026\/03\/LJUBLJANA_02-1024x649.jpg)\"><\/div><span aria-hidden=\"true\" class=\"wp-block-cover__background has-background-dim-0 has-background-dim\" style=\"background-color:#7a7a7a\"><\/span><div class=\"wp-block-cover__inner-container is-layout-constrained wp-block-cover-is-layout-constrained\">\n<p class=\"has-text-align-center has-large-font-size\"><\/p>\n\n\n\n<div class=\"wp-block-buttons is-content-justification-center is-layout-flex wp-container-core-buttons-is-layout-16018d1d wp-block-buttons-is-layout-flex\">\n<div class=\"wp-block-button\"><a class=\"wp-block-button__link wp-element-button\" href=\"https:\/\/blogs.univ-tlse2.fr\/lvhb\/\">Accueil<\/a><\/div>\n\n\n\n<div class=\"wp-block-button\"><a class=\"wp-block-button__link wp-element-button\" href=\"https:\/\/blogs.univ-tlse2.fr\/lvhb\/bulgarie\/\">Bulgarie<\/a><\/div>\n\n\n\n<div class=\"wp-block-button\"><a class=\"wp-block-button__link wp-element-button\" href=\"https:\/\/blogs.univ-tlse2.fr\/lvhb\/bosnie-herzegovine\/\">Bosnie-Herz\u00e9govine<\/a><\/div>\n\n\n\n<div class=\"wp-block-button\"><a class=\"wp-block-button__link wp-element-button\" href=\"https:\/\/blogs.univ-tlse2.fr\/lvhb\/croatie\/\">Croatie<\/a><\/div>\n\n\n\n<div class=\"wp-block-button\"><a class=\"wp-block-button__link wp-element-button\" href=\"https:\/\/blogs.univ-tlse2.fr\/lvhb\/serbie\/\">Serbie<\/a><\/div>\n\n\n\n<div class=\"wp-block-button\"><a class=\"wp-block-button__link wp-element-button\" href=\"https:\/\/blogs.univ-tlse2.fr\/lvhb\/slovenie\/\">Slov\u00e9nie<\/a><\/div>\n\n\n\n<div class=\"wp-block-button\"><a class=\"wp-block-button__link wp-element-button\" href=\"https:\/\/blogs.univ-tlse2.fr\/lvhb\/thrace\/\">Thrace<\/a><\/div>\n<\/div>\n<\/div><\/div>\n\n\n\n<div style=\"height:143px\" aria-hidden=\"true\" class=\"wp-block-spacer\"><\/div>\n\n\n\n<div class=\"wp-block-columns alignwide is-layout-flex wp-container-core-columns-is-layout-9d6595d7 wp-block-columns-is-layout-flex\">\n<div class=\"wp-block-column is-layout-flow wp-block-column-is-layout-flow\">\n<figure class=\"wp-block-image size-large\"><img loading=\"lazy\" decoding=\"async\" width=\"1024\" height=\"651\" src=\"https:\/\/blogs.univ-tlse2.fr\/lvhb\/files\/2026\/03\/LJUBLJANA_01-1024x651.jpg\" alt=\"\" class=\"wp-image-444\" srcset=\"https:\/\/blogs.univ-tlse2.fr\/lvhb\/files\/2026\/03\/LJUBLJANA_01-1024x651.jpg 1024w, https:\/\/blogs.univ-tlse2.fr\/lvhb\/files\/2026\/03\/LJUBLJANA_01-300x191.jpg 300w, https:\/\/blogs.univ-tlse2.fr\/lvhb\/files\/2026\/03\/LJUBLJANA_01-768x488.jpg 768w, https:\/\/blogs.univ-tlse2.fr\/lvhb\/files\/2026\/03\/LJUBLJANA_01-1536x976.jpg 1536w, https:\/\/blogs.univ-tlse2.fr\/lvhb\/files\/2026\/03\/LJUBLJANA_01-1568x996.jpg 1568w, https:\/\/blogs.univ-tlse2.fr\/lvhb\/files\/2026\/03\/LJUBLJANA_01.jpg 2002w\" sizes=\"auto, (max-width: 1024px) 100vw, 1024px\" \/><figcaption class=\"wp-element-caption\">Vue de la place Vodnik \u00e0 Ljubljana avec la cath\u00e9drale Saint-Nicolas \u00e0 l&rsquo;arri\u00e8re plan<\/figcaption><\/figure>\n<\/div>\n\n\n\n<div class=\"wp-block-column is-layout-flow wp-block-column-is-layout-flow\">\n<div style=\"height:40px\" aria-hidden=\"true\" class=\"wp-block-spacer\"><\/div>\n\n\n\n<p>Lors de son premier voyage en Europe de l&rsquo;Est pour le compte du <em>Journal des D\u00e9bats<\/em> en 1887, Henri B\u00e9gou\u00ebn s&rsquo;arr\u00eate notamment en Autriche-Hongrie, \u00e0 Ljubljana \u00e9galement appel\u00e9 Laibach. Il y r\u00e9dige un article le 22 octobre, paru dans le journal d\u00e8s le 28 octobre 1887, dans lequel il d\u00e9crit ses p\u00e9riples. Plus tard, il entreprend \u00e0 nouveau ce voyage en 1919, puis en 1921 et en 1924, au sein du royaume nouvellement fond\u00e9 des Serbes, Croates et Slov\u00e8nes.<\/p>\n<\/div>\n<\/div>\n\n\n\n<div style=\"height:61px\" aria-hidden=\"true\" class=\"wp-block-spacer\"><\/div>\n\n\n\n<div data-wp-context=\"{ &quot;autoclose&quot;: true, &quot;accordionItems&quot;: [] }\" data-wp-interactive=\"core\/accordion\" role=\"group\" class=\"wp-block-accordion alignwide is-layout-flow wp-block-accordion-is-layout-flow\">\n<div data-wp-class--is-open=\"state.isOpen\" data-wp-context=\"{ &quot;id&quot;: &quot;accordion-item-1&quot;, &quot;openByDefault&quot;: false }\" data-wp-init=\"callbacks.initAccordionItems\" data-wp-on-window--hashchange=\"callbacks.hashChange\" class=\"wp-block-accordion-item is-layout-flow wp-block-accordion-item-is-layout-flow\">\n<h4 class=\"wp-block-accordion-heading\"><button aria-expanded=\"false\" aria-controls=\"accordion-item-1-panel\" data-wp-bind--aria-expanded=\"state.isOpen\" data-wp-on--click=\"actions.toggle\" data-wp-on--keydown=\"actions.handleKeyDown\" id=\"accordion-item-1\" type=\"button\" class=\"wp-block-accordion-heading__toggle\"><span class=\"wp-block-accordion-heading__toggle-icon\" aria-hidden=\"true\">+<\/span><span class=\"wp-block-accordion-heading__toggle-title\">Sources<\/span><\/button><\/h4>\n\n\n\n<div inert aria-labelledby=\"accordion-item-1\" data-wp-bind--inert=\"!state.isOpen\" id=\"accordion-item-1-panel\" role=\"region\" class=\"wp-block-accordion-panel is-layout-flow wp-block-accordion-panel-is-layout-flow\">\n<ul class=\"wp-block-list\">\n<li><em>Le Journal des D\u00e9bats<\/em> du 29 octobre 1887<a href=\"https:\/\/gallica.bnf.fr\/ark:\/12148\/bpt6k464099v\/f2.item\">: https:\/\/gallica.bnf.fr\/ark:\/12148\/bpt6k464099v\/f2.item<\/a> <\/li>\n<\/ul>\n<\/div>\n<\/div>\n<\/div>\n","protected":false},"excerpt":{"rendered":"<p>Lors de son premier voyage en Europe de l&rsquo;Est pour le compte du Journal des D\u00e9bats en 1887, Henri B\u00e9gou\u00ebn s&rsquo;arr\u00eate notamment en Autriche-Hongrie, \u00e0 Ljubljana \u00e9galement appel\u00e9 Laibach. Il y r\u00e9dige un article le 22 octobre, paru dans le journal d\u00e8s le 28 octobre 1887, dans lequel il d\u00e9crit ses p\u00e9riples. Plus tard, il&hellip; <a class=\"more-link\" href=\"https:\/\/blogs.univ-tlse2.fr\/lvhb\/slovenie\/\">Poursuivre la lecture <span class=\"screen-reader-text\">Slov\u00e9nie<\/span><\/a><\/p>\n","protected":false},"author":1522,"featured_media":0,"parent":0,"menu_order":1,"comment_status":"closed","ping_status":"closed","template":"","meta":{"footnotes":""},"class_list":["post-118","page","type-page","status-publish","hentry","entry"],"_links":{"self":[{"href":"https:\/\/blogs.univ-tlse2.fr\/lvhb\/wp-json\/wp\/v2\/pages\/118","targetHints":{"allow":["GET"]}}],"collection":[{"href":"https:\/\/blogs.univ-tlse2.fr\/lvhb\/wp-json\/wp\/v2\/pages"}],"about":[{"href":"https:\/\/blogs.univ-tlse2.fr\/lvhb\/wp-json\/wp\/v2\/types\/page"}],"author":[{"embeddable":true,"href":"https:\/\/blogs.univ-tlse2.fr\/lvhb\/wp-json\/wp\/v2\/users\/1522"}],"replies":[{"embeddable":true,"href":"https:\/\/blogs.univ-tlse2.fr\/lvhb\/wp-json\/wp\/v2\/comments?post=118"}],"version-history":[{"count":11,"href":"https:\/\/blogs.univ-tlse2.fr\/lvhb\/wp-json\/wp\/v2\/pages\/118\/revisions"}],"predecessor-version":[{"id":749,"href":"https:\/\/blogs.univ-tlse2.fr\/lvhb\/wp-json\/wp\/v2\/pages\/118\/revisions\/749"}],"wp:attachment":[{"href":"https:\/\/blogs.univ-tlse2.fr\/lvhb\/wp-json\/wp\/v2\/media?parent=118"}],"curies":[{"name":"wp","href":"https:\/\/api.w.org\/{rel}","templated":true}]}}

Slovénie

<div class="wp-block-cover alignfull has-parallax"><div class="wp-block-cover__image-background wp-image-443 size-large has-parallax" style="background-position:50% 50%;background-image:url(https://blogs.univ-tlse2.fr/lvhb/files/2026/03/LJUBLJANA_02-1024x649.jpg)"></div><span aria-hidden="true" class="wp-block-cover__background has-background-dim-0 has-background-dim" style="background-color:#7a7a7a"></span><div class="wp-block-cover__inner-container is-layout-constrained wp-block-cover-is-layout-constrained">
<p class="has-text-align-center has-large-font-size"></p>



<div class="wp-block-buttons is-content-justification-center is-layout-flex wp-container-core-buttons-is-layout-16018d1d wp-block-buttons-is-layout-flex">
<div class="wp-block-button"><a class="wp-block-button__link wp-element-button" href="https://blogs.univ-tlse2.fr/lvhb/">Accueil</a></div>



<div class="wp-block-button"><a class="wp-block-button__link wp-element-button" href="https://blogs.univ-tlse2.fr/lvhb/bulgarie/">Bulgarie</a></div>



<div class="wp-block-button"><a class="wp-block-button__link wp-element-button" href="https://blogs.univ-tlse2.fr/lvhb/bosnie-herzegovine/">Bosnie-Herzégovine</a></div>



<div class="wp-block-button"><a class="wp-block-button__link wp-element-button" href="https://blogs.univ-tlse2.fr/lvhb/croatie/">Croatie</a></div>



<div class="wp-block-button"><a class="wp-block-button__link wp-element-button" href="https://blogs.univ-tlse2.fr/lvhb/serbie/">Serbie</a></div>



<div class="wp-block-button"><a class="wp-block-button__link wp-element-button" href="https://blogs.univ-tlse2.fr/lvhb/slovenie/">Slovénie</a></div>



<div class="wp-block-button"><a class="wp-block-button__link wp-element-button" href="https://blogs.univ-tlse2.fr/lvhb/thrace/">Thrace</a></div>
</div>
</div></div>



<div style="height:143px" aria-hidden="true" class="wp-block-spacer"></div>



<div class="wp-block-columns alignwide is-layout-flex wp-container-core-columns-is-layout-9d6595d7 wp-block-columns-is-layout-flex">
<div class="wp-block-column is-layout-flow wp-block-column-is-layout-flow">
<figure class="wp-block-image size-large"><img loading="lazy" decoding="async" width="1024" height="651" src="https://blogs.univ-tlse2.fr/lvhb/files/2026/03/LJUBLJANA_01-1024x651.jpg" alt="" class="wp-image-444" srcset="https://blogs.univ-tlse2.fr/lvhb/files/2026/03/LJUBLJANA_01-1024x651.jpg 1024w, https://blogs.univ-tlse2.fr/lvhb/files/2026/03/LJUBLJANA_01-300x191.jpg 300w, https://blogs.univ-tlse2.fr/lvhb/files/2026/03/LJUBLJANA_01-768x488.jpg 768w, https://blogs.univ-tlse2.fr/lvhb/files/2026/03/LJUBLJANA_01-1536x976.jpg 1536w, https://blogs.univ-tlse2.fr/lvhb/files/2026/03/LJUBLJANA_01-1568x996.jpg 1568w, https://blogs.univ-tlse2.fr/lvhb/files/2026/03/LJUBLJANA_01.jpg 2002w" sizes="auto, (max-width: 1024px) 100vw, 1024px" /><figcaption class="wp-element-caption">Vue de la place Vodnik à Ljubljana avec la cathédrale Saint-Nicolas à l&rsquo;arrière plan</figcaption></figure>
</div>



<div class="wp-block-column is-layout-flow wp-block-column-is-layout-flow">
<div style="height:40px" aria-hidden="true" class="wp-block-spacer"></div>



<p>Lors de son premier voyage en Europe de l&rsquo;Est pour le compte du <em>Journal des Débats</em> en 1887, Henri Bégouën s&rsquo;arrête notamment en Autriche-Hongrie, à Ljubljana également appelé Laibach. Il y rédige un article le 22 octobre, paru dans le journal dès le 28 octobre 1887, dans lequel il décrit ses périples. Plus tard, il entreprend à nouveau ce voyage en 1919, puis en 1921 et en 1924, au sein du royaume nouvellement fondé des Serbes, Croates et Slovènes.</p>
</div>
</div>



<div style="height:61px" aria-hidden="true" class="wp-block-spacer"></div>



<div data-wp-context="{ &quot;autoclose&quot;: true, &quot;accordionItems&quot;: [] }" data-wp-interactive="core/accordion" role="group" class="wp-block-accordion alignwide is-layout-flow wp-block-accordion-is-layout-flow">
<div data-wp-class--is-open="state.isOpen" data-wp-context="{ &quot;id&quot;: &quot;accordion-item-1&quot;, &quot;openByDefault&quot;: false }" data-wp-init="callbacks.initAccordionItems" data-wp-on-window--hashchange="callbacks.hashChange" class="wp-block-accordion-item is-layout-flow wp-block-accordion-item-is-layout-flow">
<h4 class="wp-block-accordion-heading"><button aria-expanded="false" aria-controls="accordion-item-1-panel" data-wp-bind--aria-expanded="state.isOpen" data-wp-on--click="actions.toggle" data-wp-on--keydown="actions.handleKeyDown" id="accordion-item-1" type="button" class="wp-block-accordion-heading__toggle"><span class="wp-block-accordion-heading__toggle-icon" aria-hidden="true">+</span><span class="wp-block-accordion-heading__toggle-title">Sources</span></button></h4>



<div inert aria-labelledby="accordion-item-1" data-wp-bind--inert="!state.isOpen" id="accordion-item-1-panel" role="region" class="wp-block-accordion-panel is-layout-flow wp-block-accordion-panel-is-layout-flow">
<ul class="wp-block-list">
<li><em>Le Journal des Débats</em> du 29 octobre 1887<a href="https://gallica.bnf.fr/ark:/12148/bpt6k464099v/f2.item">: https://gallica.bnf.fr/ark:/12148/bpt6k464099v/f2.item</a> </li>
</ul>
</div>
</div>
</div>

<p>Lors de son premier voyage en Europe de l&rsquo;Est pour le compte du Journal des Débats en 1887, Henri Bégouën s&rsquo;arrête notamment en Autriche-Hongrie, à Ljubljana également appelé Laibach. Il y rédige un article le 22 octobre, paru dans le journal dès le 28 octobre 1887, dans lequel il décrit ses périples. Plus tard, il&hellip; <a class="more-link" href="https://blogs.univ-tlse2.fr/lvhb/slovenie/">Poursuivre la lecture <span class="screen-reader-text">Slovénie</span></a></p>
