 {"id":122,"date":"2026-04-15T14:26:51","date_gmt":"2026-04-15T12:26:51","guid":{"rendered":"https:\/\/blogs.univ-tlse2.fr\/lvhb\/?page_id=122"},"modified":"2026-04-16T16:04:09","modified_gmt":"2026-04-16T14:04:09","slug":"thrace","status":"publish","type":"page","link":"https:\/\/blogs.univ-tlse2.fr\/lvhb\/thrace\/","title":{"rendered":"Thrace"},"content":{"rendered":"\n<div class=\"wp-block-cover alignfull has-parallax is-style-default\"><div class=\"wp-block-cover__image-background wp-image-417 size-full has-parallax\" style=\"background-position:50% 50%;background-image:url(https:\/\/blogs.univ-tlse2.fr\/lvhb\/files\/2026\/03\/GUMULDJINA_03bis-scaled.jpg)\"><\/div><span aria-hidden=\"true\" class=\"wp-block-cover__background has-background-dim-0 has-background-dim\" style=\"background-color:#7f7f7e\"><\/span><div class=\"wp-block-cover__inner-container is-layout-constrained wp-block-cover-is-layout-constrained\">\n<p class=\"has-text-align-center has-large-font-size\"><\/p>\n\n\n\n<div class=\"wp-block-buttons is-content-justification-center is-layout-flex wp-container-core-buttons-is-layout-16018d1d wp-block-buttons-is-layout-flex\">\n<div class=\"wp-block-button\"><a class=\"wp-block-button__link wp-element-button\" href=\"https:\/\/blogs.univ-tlse2.fr\/lvhb\/\">Accueil<\/a><\/div>\n\n\n\n<div class=\"wp-block-button\"><a class=\"wp-block-button__link wp-element-button\" href=\"https:\/\/blogs.univ-tlse2.fr\/lvhb\/bulgarie\/\">Bulgarie<\/a><\/div>\n\n\n\n<div class=\"wp-block-button\"><a class=\"wp-block-button__link wp-element-button\" href=\"https:\/\/blogs.univ-tlse2.fr\/lvhb\/bosnie-herzegovine\/\">Bosnie-Herz\u00e9govine<\/a><\/div>\n\n\n\n<div class=\"wp-block-button\"><a class=\"wp-block-button__link wp-element-button\" href=\"https:\/\/blogs.univ-tlse2.fr\/lvhb\/croatie\/\">Croatie<\/a><\/div>\n\n\n\n<div class=\"wp-block-button\"><a class=\"wp-block-button__link wp-element-button\" href=\"https:\/\/blogs.univ-tlse2.fr\/lvhb\/serbie\/\">Serbie<\/a><\/div>\n\n\n\n<div class=\"wp-block-button\"><a class=\"wp-block-button__link wp-element-button\" href=\"https:\/\/blogs.univ-tlse2.fr\/lvhb\/slovenie\/\">Slov\u00e9nie<\/a><\/div>\n\n\n\n<div class=\"wp-block-button\"><a class=\"wp-block-button__link wp-element-button\" href=\"https:\/\/blogs.univ-tlse2.fr\/lvhb\/thrace\/\">Thrace<\/a><\/div>\n<\/div>\n<\/div><\/div>\n\n\n\n<div style=\"height:100px\" aria-hidden=\"true\" class=\"wp-block-spacer\"><\/div>\n\n\n\n<div class=\"wp-block-columns alignwide is-layout-flex wp-container-core-columns-is-layout-9d6595d7 wp-block-columns-is-layout-flex\">\n<div class=\"wp-block-column is-layout-flow wp-block-column-is-layout-flow\">\n<figure class=\"wp-block-image\"><img loading=\"lazy\" decoding=\"async\" width=\"1024\" height=\"736\" src=\"https:\/\/blogs.univ-tlse2.fr\/lvhb\/files\/2026\/03\/GUMULDJINA_01_1920bis-1024x736.jpg\" alt=\"\" class=\"wp-image-418\" srcset=\"https:\/\/blogs.univ-tlse2.fr\/lvhb\/files\/2026\/03\/GUMULDJINA_01_1920bis-1024x736.jpg 1024w, https:\/\/blogs.univ-tlse2.fr\/lvhb\/files\/2026\/03\/GUMULDJINA_01_1920bis-300x216.jpg 300w, https:\/\/blogs.univ-tlse2.fr\/lvhb\/files\/2026\/03\/GUMULDJINA_01_1920bis-768x552.jpg 768w, https:\/\/blogs.univ-tlse2.fr\/lvhb\/files\/2026\/03\/GUMULDJINA_01_1920bis-1536x1105.jpg 1536w, https:\/\/blogs.univ-tlse2.fr\/lvhb\/files\/2026\/03\/GUMULDJINA_01_1920bis-2048x1473.jpg 2048w, https:\/\/blogs.univ-tlse2.fr\/lvhb\/files\/2026\/03\/GUMULDJINA_01_1920bis-1568x1128.jpg 1568w\" sizes=\"auto, (max-width: 1024px) 100vw, 1024px\" \/><figcaption class=\"wp-element-caption\">Manifestation en faveur de la France, Gumuldjina, Thrace interalli\u00e9e (4 avril 1920)<\/figcaption><\/figure>\n\n\n\n<div style=\"height:39px\" aria-hidden=\"true\" class=\"wp-block-spacer\"><\/div>\n\n\n\n<p>C&rsquo;est \u00e0 l&rsquo;occasion de ces fouilles, et en lien avec son travail d&rsquo;arch\u00e9ologue qu&rsquo;Henri B\u00e9gou\u00ebn se rend en Thrace en avril 1920. Cependant, cela ne l&#8217;emp\u00eache pas de s&rsquo;int\u00e9resser \u00e0 la ville qui l&rsquo;accueille et \u00e0 ses habitants.<\/p>\n<\/div>\n\n\n\n<div class=\"wp-block-column is-layout-flow wp-block-column-is-layout-flow\">\n<div style=\"height:5px\" aria-hidden=\"true\" class=\"wp-block-spacer\"><\/div>\n\n\n\n<p>Entre 1919 et 1920, la Thrace occidentale est administr\u00e9e par un corps d&rsquo;occupation fran\u00e7ais, ce qui permet \u00e0 Fran\u00e7ois Bernardin Aza\u00efs (1870-1966), en charge du service arch\u00e9ologique, de proc\u00e9der \u00e0 un inventaire des sites arch\u00e9ologiques de la r\u00e9gion. Cela lui permet \u00e9galement de r\u00e9aliser des fouilles dans deux tumuli \u00e0 Gumuldjina r\u00e9v\u00e9lant des s\u00e9pultures romaines tardives.<\/p>\n\n\n\n<div style=\"height:16px\" aria-hidden=\"true\" class=\"wp-block-spacer\"><\/div>\n\n\n\n<figure class=\"wp-block-image size-large\"><img loading=\"lazy\" decoding=\"async\" width=\"1024\" height=\"783\" src=\"https:\/\/blogs.univ-tlse2.fr\/lvhb\/files\/2026\/03\/GUMULDJINA_04bis-1024x783.jpg\" alt=\"\" class=\"wp-image-419\" srcset=\"https:\/\/blogs.univ-tlse2.fr\/lvhb\/files\/2026\/03\/GUMULDJINA_04bis-1024x783.jpg 1024w, https:\/\/blogs.univ-tlse2.fr\/lvhb\/files\/2026\/03\/GUMULDJINA_04bis-300x229.jpg 300w, https:\/\/blogs.univ-tlse2.fr\/lvhb\/files\/2026\/03\/GUMULDJINA_04bis-768x587.jpg 768w, https:\/\/blogs.univ-tlse2.fr\/lvhb\/files\/2026\/03\/GUMULDJINA_04bis-1536x1174.jpg 1536w, https:\/\/blogs.univ-tlse2.fr\/lvhb\/files\/2026\/03\/GUMULDJINA_04bis-2048x1566.jpg 2048w, https:\/\/blogs.univ-tlse2.fr\/lvhb\/files\/2026\/03\/GUMULDJINA_04bis-1568x1199.jpg 1568w\" sizes=\"auto, (max-width: 1024px) 100vw, 1024px\" \/><figcaption class=\"wp-element-caption\">Tumulus pr\u00e8s de Gumuldjina (avril 1920)<\/figcaption><\/figure>\n<\/div>\n<\/div>\n\n\n\n<div style=\"height:100px\" aria-hidden=\"true\" class=\"wp-block-spacer\"><\/div>\n\n\n\n<figure class=\"wp-block-gallery alignwide has-nested-images columns-default is-cropped wp-block-gallery-1 is-layout-flex wp-block-gallery-is-layout-flex\">\n<figure class=\"wp-block-image size-large\"><img loading=\"lazy\" decoding=\"async\" width=\"1024\" height=\"1024\" data-id=\"420\" src=\"https:\/\/blogs.univ-tlse2.fr\/lvhb\/files\/2026\/03\/GUMULDJINA_01_1920bis-1-1024x1024.jpg\" alt=\"\" class=\"wp-image-420\" srcset=\"https:\/\/blogs.univ-tlse2.fr\/lvhb\/files\/2026\/03\/GUMULDJINA_01_1920bis-1-1024x1024.jpg 1024w, https:\/\/blogs.univ-tlse2.fr\/lvhb\/files\/2026\/03\/GUMULDJINA_01_1920bis-1-300x300.jpg 300w, https:\/\/blogs.univ-tlse2.fr\/lvhb\/files\/2026\/03\/GUMULDJINA_01_1920bis-1-150x150.jpg 150w, https:\/\/blogs.univ-tlse2.fr\/lvhb\/files\/2026\/03\/GUMULDJINA_01_1920bis-1-768x767.jpg 768w, https:\/\/blogs.univ-tlse2.fr\/lvhb\/files\/2026\/03\/GUMULDJINA_01_1920bis-1-1536x1536.jpg 1536w, https:\/\/blogs.univ-tlse2.fr\/lvhb\/files\/2026\/03\/GUMULDJINA_01_1920bis-1-2048x2046.jpg 2048w, https:\/\/blogs.univ-tlse2.fr\/lvhb\/files\/2026\/03\/GUMULDJINA_01_1920bis-1-1568x1567.jpg 1568w\" sizes=\"auto, (max-width: 1024px) 100vw, 1024px\" \/><figcaption class=\"wp-element-caption\">Une rue \u00e0 Gumuldjina (1920)<\/figcaption><\/figure>\n\n\n\n<figure class=\"wp-block-image size-large\"><img loading=\"lazy\" decoding=\"async\" width=\"1024\" height=\"855\" data-id=\"421\" src=\"https:\/\/blogs.univ-tlse2.fr\/lvhb\/files\/2026\/03\/GUMULDJINA_02_1920bis-1024x855.jpg\" alt=\"\" class=\"wp-image-421\" srcset=\"https:\/\/blogs.univ-tlse2.fr\/lvhb\/files\/2026\/03\/GUMULDJINA_02_1920bis-1024x855.jpg 1024w, https:\/\/blogs.univ-tlse2.fr\/lvhb\/files\/2026\/03\/GUMULDJINA_02_1920bis-300x250.jpg 300w, https:\/\/blogs.univ-tlse2.fr\/lvhb\/files\/2026\/03\/GUMULDJINA_02_1920bis-768x641.jpg 768w, https:\/\/blogs.univ-tlse2.fr\/lvhb\/files\/2026\/03\/GUMULDJINA_02_1920bis-1536x1282.jpg 1536w, https:\/\/blogs.univ-tlse2.fr\/lvhb\/files\/2026\/03\/GUMULDJINA_02_1920bis-2048x1710.jpg 2048w, https:\/\/blogs.univ-tlse2.fr\/lvhb\/files\/2026\/03\/GUMULDJINA_02_1920bis-1568x1309.jpg 1568w\" sizes=\"auto, (max-width: 1024px) 100vw, 1024px\" \/><figcaption class=\"wp-element-caption\">Gumuldjina (1920)<\/figcaption><\/figure>\n<\/figure>\n\n\n\n<div style=\"height:100px\" aria-hidden=\"true\" class=\"wp-block-spacer\"><\/div>\n\n\n\n<div data-wp-context=\"{ &quot;autoclose&quot;: true, &quot;accordionItems&quot;: [] }\" data-wp-interactive=\"core\/accordion\" role=\"group\" class=\"wp-block-accordion alignwide is-layout-flow wp-block-accordion-is-layout-flow\">\n<div data-wp-class--is-open=\"state.isOpen\" data-wp-context=\"{ &quot;id&quot;: &quot;accordion-item-2&quot;, &quot;openByDefault&quot;: false }\" data-wp-init=\"callbacks.initAccordionItems\" data-wp-on-window--hashchange=\"callbacks.hashChange\" class=\"wp-block-accordion-item is-layout-flow wp-block-accordion-item-is-layout-flow\">\n<h4 class=\"wp-block-accordion-heading\"><button aria-expanded=\"false\" aria-controls=\"accordion-item-2-panel\" data-wp-bind--aria-expanded=\"state.isOpen\" data-wp-on--click=\"actions.toggle\" data-wp-on--keydown=\"actions.handleKeyDown\" id=\"accordion-item-2\" type=\"button\" class=\"wp-block-accordion-heading__toggle\"><span class=\"wp-block-accordion-heading__toggle-icon\" aria-hidden=\"true\">+<\/span><span class=\"wp-block-accordion-heading__toggle-title\">Sources<\/span><\/button><\/h4>\n\n\n\n<div inert aria-labelledby=\"accordion-item-2\" data-wp-bind--inert=\"!state.isOpen\" id=\"accordion-item-2-panel\" role=\"region\" class=\"wp-block-accordion-panel is-layout-flow wp-block-accordion-panel-is-layout-flow\">\n<ul class=\"wp-block-list\">\n<li>Chekroun Am\u00e9lie, \u00ab Un arch\u00e9ologue capucin en \u00c9thiopie (1922-1936) : Fran\u00e7ois Bernardin Aza\u00efs \u00bb, <em>Afriques<\/em> [En ligne], Varia, mis en ligne le 27 janvier 2011, consult\u00e9 le 17 mars 2026. URL : http:\/\/journals.openedition.org\/afriques\/785 ; DOI : https:\/\/doi.org\/10.4000\/afriques.785<\/li>\n\n\n\n<li>\u00ab\u00a0Chronique des fouilles et d\u00e9couvertes arch\u00e9ologiques dans l&rsquo;Orient hell\u00e9nique (novembre 1919 &#8211; novembre 1920)\u00a0\u00bb, <em>Bulletin de correspondance hell\u00e9nique<\/em>, Volume 44, 1920. p. 367 &#8211; 415.<\/li>\n<\/ul>\n<\/div>\n<\/div>\n<\/div>\n","protected":false},"excerpt":{"rendered":"<p>C&rsquo;est \u00e0 l&rsquo;occasion de ces fouilles, et en lien avec son travail d&rsquo;arch\u00e9ologue qu&rsquo;Henri B\u00e9gou\u00ebn se rend en Thrace en avril 1920. Cependant, cela ne l&#8217;emp\u00eache pas de s&rsquo;int\u00e9resser \u00e0 la ville qui l&rsquo;accueille et \u00e0 ses habitants. Entre 1919 et 1920, la Thrace occidentale est administr\u00e9e par un corps d&rsquo;occupation fran\u00e7ais, ce qui permet&hellip; <a class=\"more-link\" href=\"https:\/\/blogs.univ-tlse2.fr\/lvhb\/thrace\/\">Poursuivre la lecture <span class=\"screen-reader-text\">Thrace<\/span><\/a><\/p>\n","protected":false},"author":1522,"featured_media":0,"parent":0,"menu_order":1,"comment_status":"closed","ping_status":"closed","template":"","meta":{"footnotes":""},"class_list":["post-122","page","type-page","status-publish","hentry","entry"],"_links":{"self":[{"href":"https:\/\/blogs.univ-tlse2.fr\/lvhb\/wp-json\/wp\/v2\/pages\/122","targetHints":{"allow":["GET"]}}],"collection":[{"href":"https:\/\/blogs.univ-tlse2.fr\/lvhb\/wp-json\/wp\/v2\/pages"}],"about":[{"href":"https:\/\/blogs.univ-tlse2.fr\/lvhb\/wp-json\/wp\/v2\/types\/page"}],"author":[{"embeddable":true,"href":"https:\/\/blogs.univ-tlse2.fr\/lvhb\/wp-json\/wp\/v2\/users\/1522"}],"replies":[{"embeddable":true,"href":"https:\/\/blogs.univ-tlse2.fr\/lvhb\/wp-json\/wp\/v2\/comments?post=122"}],"version-history":[{"count":8,"href":"https:\/\/blogs.univ-tlse2.fr\/lvhb\/wp-json\/wp\/v2\/pages\/122\/revisions"}],"predecessor-version":[{"id":752,"href":"https:\/\/blogs.univ-tlse2.fr\/lvhb\/wp-json\/wp\/v2\/pages\/122\/revisions\/752"}],"wp:attachment":[{"href":"https:\/\/blogs.univ-tlse2.fr\/lvhb\/wp-json\/wp\/v2\/media?parent=122"}],"curies":[{"name":"wp","href":"https:\/\/api.w.org\/{rel}","templated":true}]}}

<div class="wp-block-cover alignfull has-parallax is-style-default"><div class="wp-block-cover__image-background wp-image-417 size-full has-parallax" style="background-position:50% 50%;background-image:url(https://blogs.univ-tlse2.fr/lvhb/files/2026/03/GUMULDJINA_03bis-scaled.jpg)"></div><span aria-hidden="true" class="wp-block-cover__background has-background-dim-0 has-background-dim" style="background-color:#7f7f7e"></span><div class="wp-block-cover__inner-container is-layout-constrained wp-block-cover-is-layout-constrained">
<p class="has-text-align-center has-large-font-size"></p>



<div class="wp-block-buttons is-content-justification-center is-layout-flex wp-container-core-buttons-is-layout-16018d1d wp-block-buttons-is-layout-flex">
<div class="wp-block-button"><a class="wp-block-button__link wp-element-button" href="https://blogs.univ-tlse2.fr/lvhb/">Accueil</a></div>



<div class="wp-block-button"><a class="wp-block-button__link wp-element-button" href="https://blogs.univ-tlse2.fr/lvhb/bulgarie/">Bulgarie</a></div>



<div class="wp-block-button"><a class="wp-block-button__link wp-element-button" href="https://blogs.univ-tlse2.fr/lvhb/bosnie-herzegovine/">Bosnie-Herzégovine</a></div>



<div class="wp-block-button"><a class="wp-block-button__link wp-element-button" href="https://blogs.univ-tlse2.fr/lvhb/croatie/">Croatie</a></div>



<div class="wp-block-button"><a class="wp-block-button__link wp-element-button" href="https://blogs.univ-tlse2.fr/lvhb/serbie/">Serbie</a></div>



<div class="wp-block-button"><a class="wp-block-button__link wp-element-button" href="https://blogs.univ-tlse2.fr/lvhb/slovenie/">Slovénie</a></div>



<div class="wp-block-button"><a class="wp-block-button__link wp-element-button" href="https://blogs.univ-tlse2.fr/lvhb/thrace/">Thrace</a></div>
</div>
</div></div>



<div style="height:100px" aria-hidden="true" class="wp-block-spacer"></div>



<div class="wp-block-columns alignwide is-layout-flex wp-container-core-columns-is-layout-9d6595d7 wp-block-columns-is-layout-flex">
<div class="wp-block-column is-layout-flow wp-block-column-is-layout-flow">
<figure class="wp-block-image"><img loading="lazy" decoding="async" width="1024" height="736" src="https://blogs.univ-tlse2.fr/lvhb/files/2026/03/GUMULDJINA_01_1920bis-1024x736.jpg" alt="" class="wp-image-418" srcset="https://blogs.univ-tlse2.fr/lvhb/files/2026/03/GUMULDJINA_01_1920bis-1024x736.jpg 1024w, https://blogs.univ-tlse2.fr/lvhb/files/2026/03/GUMULDJINA_01_1920bis-300x216.jpg 300w, https://blogs.univ-tlse2.fr/lvhb/files/2026/03/GUMULDJINA_01_1920bis-768x552.jpg 768w, https://blogs.univ-tlse2.fr/lvhb/files/2026/03/GUMULDJINA_01_1920bis-1536x1105.jpg 1536w, https://blogs.univ-tlse2.fr/lvhb/files/2026/03/GUMULDJINA_01_1920bis-2048x1473.jpg 2048w, https://blogs.univ-tlse2.fr/lvhb/files/2026/03/GUMULDJINA_01_1920bis-1568x1128.jpg 1568w" sizes="auto, (max-width: 1024px) 100vw, 1024px" /><figcaption class="wp-element-caption">Manifestation en faveur de la France, Gumuldjina, Thrace interalliée (4 avril 1920)</figcaption></figure>



<div style="height:39px" aria-hidden="true" class="wp-block-spacer"></div>



<p>C&rsquo;est à l&rsquo;occasion de ces fouilles, et en lien avec son travail d&rsquo;archéologue qu&rsquo;Henri Bégouën se rend en Thrace en avril 1920. Cependant, cela ne l&#8217;empêche pas de s&rsquo;intéresser à la ville qui l&rsquo;accueille et à ses habitants.</p>
</div>



<div class="wp-block-column is-layout-flow wp-block-column-is-layout-flow">
<div style="height:5px" aria-hidden="true" class="wp-block-spacer"></div>



<p>Entre 1919 et 1920, la Thrace occidentale est administrée par un corps d&rsquo;occupation français, ce qui permet à François Bernardin Azaïs (1870-1966), en charge du service archéologique, de procéder à un inventaire des sites archéologiques de la région. Cela lui permet également de réaliser des fouilles dans deux tumuli à Gumuldjina révélant des sépultures romaines tardives.</p>



<div style="height:16px" aria-hidden="true" class="wp-block-spacer"></div>



<figure class="wp-block-image size-large"><img loading="lazy" decoding="async" width="1024" height="783" src="https://blogs.univ-tlse2.fr/lvhb/files/2026/03/GUMULDJINA_04bis-1024x783.jpg" alt="" class="wp-image-419" srcset="https://blogs.univ-tlse2.fr/lvhb/files/2026/03/GUMULDJINA_04bis-1024x783.jpg 1024w, https://blogs.univ-tlse2.fr/lvhb/files/2026/03/GUMULDJINA_04bis-300x229.jpg 300w, https://blogs.univ-tlse2.fr/lvhb/files/2026/03/GUMULDJINA_04bis-768x587.jpg 768w, https://blogs.univ-tlse2.fr/lvhb/files/2026/03/GUMULDJINA_04bis-1536x1174.jpg 1536w, https://blogs.univ-tlse2.fr/lvhb/files/2026/03/GUMULDJINA_04bis-2048x1566.jpg 2048w, https://blogs.univ-tlse2.fr/lvhb/files/2026/03/GUMULDJINA_04bis-1568x1199.jpg 1568w" sizes="auto, (max-width: 1024px) 100vw, 1024px" /><figcaption class="wp-element-caption">Tumulus près de Gumuldjina (avril 1920)</figcaption></figure>
</div>
</div>



<div style="height:100px" aria-hidden="true" class="wp-block-spacer"></div>



<figure class="wp-block-gallery alignwide has-nested-images columns-default is-cropped wp-block-gallery-1 is-layout-flex wp-block-gallery-is-layout-flex">
<figure class="wp-block-image size-large"><img loading="lazy" decoding="async" width="1024" height="1024" data-id="420" src="https://blogs.univ-tlse2.fr/lvhb/files/2026/03/GUMULDJINA_01_1920bis-1-1024x1024.jpg" alt="" class="wp-image-420" srcset="https://blogs.univ-tlse2.fr/lvhb/files/2026/03/GUMULDJINA_01_1920bis-1-1024x1024.jpg 1024w, https://blogs.univ-tlse2.fr/lvhb/files/2026/03/GUMULDJINA_01_1920bis-1-300x300.jpg 300w, https://blogs.univ-tlse2.fr/lvhb/files/2026/03/GUMULDJINA_01_1920bis-1-150x150.jpg 150w, https://blogs.univ-tlse2.fr/lvhb/files/2026/03/GUMULDJINA_01_1920bis-1-768x767.jpg 768w, https://blogs.univ-tlse2.fr/lvhb/files/2026/03/GUMULDJINA_01_1920bis-1-1536x1536.jpg 1536w, https://blogs.univ-tlse2.fr/lvhb/files/2026/03/GUMULDJINA_01_1920bis-1-2048x2046.jpg 2048w, https://blogs.univ-tlse2.fr/lvhb/files/2026/03/GUMULDJINA_01_1920bis-1-1568x1567.jpg 1568w" sizes="auto, (max-width: 1024px) 100vw, 1024px" /><figcaption class="wp-element-caption">Une rue à Gumuldjina (1920)</figcaption></figure>



<figure class="wp-block-image size-large"><img loading="lazy" decoding="async" width="1024" height="855" data-id="421" src="https://blogs.univ-tlse2.fr/lvhb/files/2026/03/GUMULDJINA_02_1920bis-1024x855.jpg" alt="" class="wp-image-421" srcset="https://blogs.univ-tlse2.fr/lvhb/files/2026/03/GUMULDJINA_02_1920bis-1024x855.jpg 1024w, https://blogs.univ-tlse2.fr/lvhb/files/2026/03/GUMULDJINA_02_1920bis-300x250.jpg 300w, https://blogs.univ-tlse2.fr/lvhb/files/2026/03/GUMULDJINA_02_1920bis-768x641.jpg 768w, https://blogs.univ-tlse2.fr/lvhb/files/2026/03/GUMULDJINA_02_1920bis-1536x1282.jpg 1536w, https://blogs.univ-tlse2.fr/lvhb/files/2026/03/GUMULDJINA_02_1920bis-2048x1710.jpg 2048w, https://blogs.univ-tlse2.fr/lvhb/files/2026/03/GUMULDJINA_02_1920bis-1568x1309.jpg 1568w" sizes="auto, (max-width: 1024px) 100vw, 1024px" /><figcaption class="wp-element-caption">Gumuldjina (1920)</figcaption></figure>
</figure>



<div style="height:100px" aria-hidden="true" class="wp-block-spacer"></div>



<div data-wp-context="{ &quot;autoclose&quot;: true, &quot;accordionItems&quot;: [] }" data-wp-interactive="core/accordion" role="group" class="wp-block-accordion alignwide is-layout-flow wp-block-accordion-is-layout-flow">
<div data-wp-class--is-open="state.isOpen" data-wp-context="{ &quot;id&quot;: &quot;accordion-item-2&quot;, &quot;openByDefault&quot;: false }" data-wp-init="callbacks.initAccordionItems" data-wp-on-window--hashchange="callbacks.hashChange" class="wp-block-accordion-item is-layout-flow wp-block-accordion-item-is-layout-flow">
<h4 class="wp-block-accordion-heading"><button aria-expanded="false" aria-controls="accordion-item-2-panel" data-wp-bind--aria-expanded="state.isOpen" data-wp-on--click="actions.toggle" data-wp-on--keydown="actions.handleKeyDown" id="accordion-item-2" type="button" class="wp-block-accordion-heading__toggle"><span class="wp-block-accordion-heading__toggle-icon" aria-hidden="true">+</span><span class="wp-block-accordion-heading__toggle-title">Sources</span></button></h4>



<div inert aria-labelledby="accordion-item-2" data-wp-bind--inert="!state.isOpen" id="accordion-item-2-panel" role="region" class="wp-block-accordion-panel is-layout-flow wp-block-accordion-panel-is-layout-flow">
<ul class="wp-block-list">
<li>Chekroun Amélie, « Un archéologue capucin en Éthiopie (1922-1936) : François Bernardin Azaïs », <em>Afriques</em> [En ligne], Varia, mis en ligne le 27 janvier 2011, consulté le 17 mars 2026. URL : http://journals.openedition.org/afriques/785 ; DOI : https://doi.org/10.4000/afriques.785</li>



<li>« Chronique des fouilles et découvertes archéologiques dans l&rsquo;Orient hellénique (novembre 1919 &#8211; novembre 1920) », <em>Bulletin de correspondance hellénique</em>, Volume 44, 1920. p. 367 &#8211; 415.</li>
</ul>
</div>
</div>
</div>

<p>C&rsquo;est à l&rsquo;occasion de ces fouilles, et en lien avec son travail d&rsquo;archéologue qu&rsquo;Henri Bégouën se rend en Thrace en avril 1920. Cependant, cela ne l&#8217;empêche pas de s&rsquo;intéresser à la ville qui l&rsquo;accueille et à ses habitants. Entre 1919 et 1920, la Thrace occidentale est administrée par un corps d&rsquo;occupation français, ce qui permet&hellip; <a class="more-link" href="https://blogs.univ-tlse2.fr/lvhb/thrace/">Poursuivre la lecture <span class="screen-reader-text">Thrace</span></a></p>
