 {"id":275,"date":"2026-04-15T14:26:51","date_gmt":"2026-04-15T12:26:51","guid":{"rendered":"https:\/\/blogs.univ-tlse2.fr\/lvhb\/?page_id=275"},"modified":"2026-04-16T16:32:41","modified_gmt":"2026-04-16T14:32:41","slug":"sejours-dans-la-region-des-balkans","status":"publish","type":"page","link":"https:\/\/blogs.univ-tlse2.fr\/lvhb\/sejours-dans-la-region-des-balkans\/","title":{"rendered":"S\u00e9jours dans la r\u00e9gion des Balkans"},"content":{"rendered":"\n<div class=\"wp-block-cover alignfull has-parallax\"><div class=\"wp-block-cover__image-background wp-image-276 size-large has-parallax\" style=\"background-position:50% 50%;background-image:url(https:\/\/blogs.univ-tlse2.fr\/lvhb\/files\/2025\/12\/BELGRADE_P-1024x709.jpg)\"><\/div><span aria-hidden=\"true\" class=\"wp-block-cover__background has-background-dim\" style=\"background-color:#717171\"><\/span><div class=\"wp-block-cover__inner-container is-layout-constrained wp-block-cover-is-layout-constrained\">\n<div class=\"wp-block-buttons is-content-justification-center is-layout-flex wp-container-core-buttons-is-layout-16018d1d wp-block-buttons-is-layout-flex\">\n<div class=\"wp-block-button\"><a class=\"wp-block-button__link wp-element-button\" href=\"https:\/\/blogs.univ-tlse2.fr\/lvhb\/\">Accueil<\/a><\/div>\n\n\n\n<div class=\"wp-block-button\"><a class=\"wp-block-button__link wp-element-button\" href=\"https:\/\/blogs.univ-tlse2.fr\/lvhb\/bulgarie\/\">Bulgarie<\/a><\/div>\n\n\n\n<div class=\"wp-block-button\"><a class=\"wp-block-button__link wp-element-button\" href=\"https:\/\/blogs.univ-tlse2.fr\/lvhb\/bosnie-herzegovine\/\">Bosnie-Herz\u00e9govine<\/a><\/div>\n\n\n\n<div class=\"wp-block-button\"><a class=\"wp-block-button__link wp-element-button\" href=\"https:\/\/blogs.univ-tlse2.fr\/lvhb\/croatie\/\">Croatie<\/a><\/div>\n\n\n\n<div class=\"wp-block-button\"><a class=\"wp-block-button__link wp-element-button\" href=\"https:\/\/blogs.univ-tlse2.fr\/lvhb\/serbie\/\">Serbie<\/a><\/div>\n\n\n\n<div class=\"wp-block-button\"><a class=\"wp-block-button__link wp-element-button\" href=\"https:\/\/blogs.univ-tlse2.fr\/lvhb\/slovenie\/\">Slov\u00e9nie<\/a><\/div>\n\n\n\n<div class=\"wp-block-button\"><a class=\"wp-block-button__link wp-element-button\" href=\"https:\/\/blogs.univ-tlse2.fr\/lvhb\/thrace\/\">Thrace<\/a><\/div>\n<\/div>\n\n\n\n<p class=\"has-text-align-center has-large-font-size\"><\/p>\n<\/div><\/div>\n\n\n\n<div style=\"height:92px\" aria-hidden=\"true\" class=\"wp-block-spacer\"><\/div>\n\n\n\n<div class=\"wp-block-columns alignwide is-layout-flex wp-container-core-columns-is-layout-9d6595d7 wp-block-columns-is-layout-flex\">\n<div class=\"wp-block-column is-layout-flow wp-block-column-is-layout-flow\">\n<div style=\"height:51px\" aria-hidden=\"true\" class=\"wp-block-spacer\"><\/div>\n\n\n\n<p>La r\u00e9gion des Balkans est situ\u00e9e au carrefour d&rsquo;influences culturelles, linguistiques et religieuses vari\u00e9es. D\u00e8s lors, les revendications nationalistes s&rsquo;intensifient \u00e0 la fin du XIXe si\u00e8cle, conduisant \u00e0 des conflits. Les peuples balkaniques cherchent \u00e0 obtenir leur ind\u00e9pendance, \u00e0 \u00eatre reconnus en tant que nations. C&rsquo;est notamment le cas de la Serbie et du Mont\u00e9n\u00e9gro, qui, \u00e0 l&rsquo;issue d&rsquo;une guerre entre 1875 et 1878, obtiennent leur ind\u00e9pendance en 1878 \u00e0 l&rsquo;occasion du congr\u00e8s de Berlin. Ainsi, au cours de ses voyages, Henri B\u00e9gou\u00ebn assiste \u00e0 une \u00e9volution de la g\u00e9opolitique dans les Balkans, avec l&rsquo;\u00e9mergence de nouveaux \u00e9tats, tel que le Royaume des Serbes, des Croates et des Slov\u00e8nes au sortir de la premi\u00e8re guerre mondiale, qui deviendra la Yougoslavie en 1929.<\/p>\n<\/div>\n\n\n\n<div class=\"wp-block-column is-layout-flow wp-block-column-is-layout-flow\">\n<figure class=\"wp-block-image size-large is-resized\"><img loading=\"lazy\" decoding=\"async\" width=\"732\" height=\"1024\" src=\"https:\/\/blogs.univ-tlse2.fr\/lvhb\/files\/2026\/03\/HenriBegouen.2-732x1024.png\" alt=\"\" class=\"wp-image-395\" style=\"aspect-ratio:0.714844186306266;width:202px;height:auto\" srcset=\"https:\/\/blogs.univ-tlse2.fr\/lvhb\/files\/2026\/03\/HenriBegouen.2-732x1024.png 732w, https:\/\/blogs.univ-tlse2.fr\/lvhb\/files\/2026\/03\/HenriBegouen.2-214x300.png 214w, https:\/\/blogs.univ-tlse2.fr\/lvhb\/files\/2026\/03\/HenriBegouen.2.png 733w\" sizes=\"auto, (max-width: 732px) 100vw, 732px\" \/><\/figure>\n\n\n\n<p>Le comte B\u00e9gou\u00ebn entreprend donc plusieurs voyages dans la r\u00e9gion dans le cadre de son activit\u00e9 de journaliste. D&rsquo;abord en 1887, et 1888, puis \u00e0 l&rsquo;issue de la premi\u00e8re guerre mondiale en 1919. Il s\u00e9journe \u00e0 nouveau dans la r\u00e9gion \u00e0 plusieurs reprises dans les ann\u00e9es 1920.<\/p>\n<\/div>\n<\/div>\n\n\n\n<div style=\"height:138px\" aria-hidden=\"true\" class=\"wp-block-spacer\"><\/div>\n","protected":false},"excerpt":{"rendered":"<p>La r\u00e9gion des Balkans est situ\u00e9e au carrefour d&rsquo;influences culturelles, linguistiques et religieuses vari\u00e9es. D\u00e8s lors, les revendications nationalistes s&rsquo;intensifient \u00e0 la fin du XIXe si\u00e8cle, conduisant \u00e0 des conflits. Les peuples balkaniques cherchent \u00e0 obtenir leur ind\u00e9pendance, \u00e0 \u00eatre reconnus en tant que nations. C&rsquo;est notamment le cas de la Serbie et du Mont\u00e9n\u00e9gro,&hellip; <a class=\"more-link\" href=\"https:\/\/blogs.univ-tlse2.fr\/lvhb\/sejours-dans-la-region-des-balkans\/\">Poursuivre la lecture <span class=\"screen-reader-text\">S\u00e9jours dans la r\u00e9gion des Balkans<\/span><\/a><\/p>\n","protected":false},"author":1522,"featured_media":0,"parent":0,"menu_order":0,"comment_status":"closed","ping_status":"closed","template":"","meta":{"footnotes":""},"class_list":["post-275","page","type-page","status-publish","hentry","entry"],"_links":{"self":[{"href":"https:\/\/blogs.univ-tlse2.fr\/lvhb\/wp-json\/wp\/v2\/pages\/275","targetHints":{"allow":["GET"]}}],"collection":[{"href":"https:\/\/blogs.univ-tlse2.fr\/lvhb\/wp-json\/wp\/v2\/pages"}],"about":[{"href":"https:\/\/blogs.univ-tlse2.fr\/lvhb\/wp-json\/wp\/v2\/types\/page"}],"author":[{"embeddable":true,"href":"https:\/\/blogs.univ-tlse2.fr\/lvhb\/wp-json\/wp\/v2\/users\/1522"}],"replies":[{"embeddable":true,"href":"https:\/\/blogs.univ-tlse2.fr\/lvhb\/wp-json\/wp\/v2\/comments?post=275"}],"version-history":[{"count":22,"href":"https:\/\/blogs.univ-tlse2.fr\/lvhb\/wp-json\/wp\/v2\/pages\/275\/revisions"}],"predecessor-version":[{"id":768,"href":"https:\/\/blogs.univ-tlse2.fr\/lvhb\/wp-json\/wp\/v2\/pages\/275\/revisions\/768"}],"wp:attachment":[{"href":"https:\/\/blogs.univ-tlse2.fr\/lvhb\/wp-json\/wp\/v2\/media?parent=275"}],"curies":[{"name":"wp","href":"https:\/\/api.w.org\/{rel}","templated":true}]}}

Séjours dans la région des Balkans

<div class="wp-block-cover alignfull has-parallax"><div class="wp-block-cover__image-background wp-image-276 size-large has-parallax" style="background-position:50% 50%;background-image:url(https://blogs.univ-tlse2.fr/lvhb/files/2025/12/BELGRADE_P-1024x709.jpg)"></div><span aria-hidden="true" class="wp-block-cover__background has-background-dim" style="background-color:#717171"></span><div class="wp-block-cover__inner-container is-layout-constrained wp-block-cover-is-layout-constrained">
<div class="wp-block-buttons is-content-justification-center is-layout-flex wp-container-core-buttons-is-layout-16018d1d wp-block-buttons-is-layout-flex">
<div class="wp-block-button"><a class="wp-block-button__link wp-element-button" href="https://blogs.univ-tlse2.fr/lvhb/">Accueil</a></div>



<div class="wp-block-button"><a class="wp-block-button__link wp-element-button" href="https://blogs.univ-tlse2.fr/lvhb/bulgarie/">Bulgarie</a></div>



<div class="wp-block-button"><a class="wp-block-button__link wp-element-button" href="https://blogs.univ-tlse2.fr/lvhb/bosnie-herzegovine/">Bosnie-Herzégovine</a></div>



<div class="wp-block-button"><a class="wp-block-button__link wp-element-button" href="https://blogs.univ-tlse2.fr/lvhb/croatie/">Croatie</a></div>



<div class="wp-block-button"><a class="wp-block-button__link wp-element-button" href="https://blogs.univ-tlse2.fr/lvhb/serbie/">Serbie</a></div>



<div class="wp-block-button"><a class="wp-block-button__link wp-element-button" href="https://blogs.univ-tlse2.fr/lvhb/slovenie/">Slovénie</a></div>



<div class="wp-block-button"><a class="wp-block-button__link wp-element-button" href="https://blogs.univ-tlse2.fr/lvhb/thrace/">Thrace</a></div>
</div>



<p class="has-text-align-center has-large-font-size"></p>
</div></div>



<div style="height:92px" aria-hidden="true" class="wp-block-spacer"></div>



<div class="wp-block-columns alignwide is-layout-flex wp-container-core-columns-is-layout-9d6595d7 wp-block-columns-is-layout-flex">
<div class="wp-block-column is-layout-flow wp-block-column-is-layout-flow">
<div style="height:51px" aria-hidden="true" class="wp-block-spacer"></div>



<p>La région des Balkans est située au carrefour d&rsquo;influences culturelles, linguistiques et religieuses variées. Dès lors, les revendications nationalistes s&rsquo;intensifient à la fin du XIXe siècle, conduisant à des conflits. Les peuples balkaniques cherchent à obtenir leur indépendance, à être reconnus en tant que nations. C&rsquo;est notamment le cas de la Serbie et du Monténégro, qui, à l&rsquo;issue d&rsquo;une guerre entre 1875 et 1878, obtiennent leur indépendance en 1878 à l&rsquo;occasion du congrès de Berlin. Ainsi, au cours de ses voyages, Henri Bégouën assiste à une évolution de la géopolitique dans les Balkans, avec l&rsquo;émergence de nouveaux états, tel que le Royaume des Serbes, des Croates et des Slovènes au sortir de la première guerre mondiale, qui deviendra la Yougoslavie en 1929.</p>
</div>



<div class="wp-block-column is-layout-flow wp-block-column-is-layout-flow">
<figure class="wp-block-image size-large is-resized"><img loading="lazy" decoding="async" width="732" height="1024" src="https://blogs.univ-tlse2.fr/lvhb/files/2026/03/HenriBegouen.2-732x1024.png" alt="" class="wp-image-395" style="aspect-ratio:0.714844186306266;width:202px;height:auto" srcset="https://blogs.univ-tlse2.fr/lvhb/files/2026/03/HenriBegouen.2-732x1024.png 732w, https://blogs.univ-tlse2.fr/lvhb/files/2026/03/HenriBegouen.2-214x300.png 214w, https://blogs.univ-tlse2.fr/lvhb/files/2026/03/HenriBegouen.2.png 733w" sizes="auto, (max-width: 732px) 100vw, 732px" /></figure>



<p>Le comte Bégouën entreprend donc plusieurs voyages dans la région dans le cadre de son activité de journaliste. D&rsquo;abord en 1887, et 1888, puis à l&rsquo;issue de la première guerre mondiale en 1919. Il séjourne à nouveau dans la région à plusieurs reprises dans les années 1920.</p>
</div>
</div>



<div style="height:138px" aria-hidden="true" class="wp-block-spacer"></div>

<p>La région des Balkans est située au carrefour d&rsquo;influences culturelles, linguistiques et religieuses variées. Dès lors, les revendications nationalistes s&rsquo;intensifient à la fin du XIXe siècle, conduisant à des conflits. Les peuples balkaniques cherchent à obtenir leur indépendance, à être reconnus en tant que nations. C&rsquo;est notamment le cas de la Serbie et du Monténégro,&hellip; <a class="more-link" href="https://blogs.univ-tlse2.fr/lvhb/sejours-dans-la-region-des-balkans/">Poursuivre la lecture <span class="screen-reader-text">Séjours dans la région des Balkans</span></a></p>
