 {"id":284,"date":"2026-04-15T14:26:51","date_gmt":"2026-04-15T12:26:51","guid":{"rendered":"https:\/\/blogs.univ-tlse2.fr\/lvhb\/?page_id=284"},"modified":"2026-04-16T16:36:15","modified_gmt":"2026-04-16T14:36:15","slug":"mitteleuropa-periples-en-tchecoslovaquie","status":"publish","type":"page","link":"https:\/\/blogs.univ-tlse2.fr\/lvhb\/mitteleuropa-periples-en-tchecoslovaquie\/","title":{"rendered":"Mitteleuropa: p\u00e9riples en Tch\u00e9coslovaquie"},"content":{"rendered":"\n<div class=\"wp-block-cover alignfull is-light has-parallax\"><div class=\"wp-block-cover__image-background wp-image-286 size-large has-parallax\" style=\"background-position:65% 63%;background-image:url(https:\/\/blogs.univ-tlse2.fr\/lvhb\/files\/2026\/02\/REPUBLIQUE-TCHEQUE_02-1024x694.jpg)\"><\/div><span aria-hidden=\"true\" class=\"wp-block-cover__background has-background-dim\" style=\"background-color:#8d8e89\"><\/span><div class=\"wp-block-cover__inner-container is-layout-constrained wp-block-cover-is-layout-constrained\">\n<div class=\"wp-block-buttons is-content-justification-center is-layout-flex wp-container-core-buttons-is-layout-16018d1d wp-block-buttons-is-layout-flex\">\n<div class=\"wp-block-button\"><a class=\"wp-block-button__link wp-element-button\" href=\"https:\/\/blogs.univ-tlse2.fr\/lvhb\/\">Accueil<\/a><\/div>\n\n\n\n<div class=\"wp-block-button\"><a class=\"wp-block-button__link wp-element-button\" href=\"https:\/\/blogs.univ-tlse2.fr\/lvhb\/brno\/\">Brno<\/a><\/div>\n\n\n\n<div class=\"wp-block-button\"><a class=\"wp-block-button__link wp-element-button\" href=\"https:\/\/blogs.univ-tlse2.fr\/lvhb\/prague\/\">Prague<\/a><\/div>\n\n\n\n<div class=\"wp-block-button\"><a class=\"wp-block-button__link wp-element-button\" href=\"https:\/\/blogs.univ-tlse2.fr\/lvhb\/vistonitze\/\">Vistonitz\u00e9<\/a><\/div>\n<\/div>\n\n\n\n<p class=\"has-text-align-center has-large-font-size\"><\/p>\n<\/div><\/div>\n\n\n\n<div style=\"height:106px\" aria-hidden=\"true\" class=\"wp-block-spacer\"><\/div>\n\n\n\n<div class=\"wp-block-media-text alignwide is-stacked-on-mobile\"><figure class=\"wp-block-media-text__media\"><img loading=\"lazy\" decoding=\"async\" width=\"865\" height=\"1024\" src=\"https:\/\/blogs.univ-tlse2.fr\/lvhb\/files\/2026\/02\/TCHECOSLOVAQUIE_04bis-865x1024.jpg\" alt=\"Hradec Kralove, Tch\u00e9coslovaquie\" class=\"wp-image-287 size-full\" srcset=\"https:\/\/blogs.univ-tlse2.fr\/lvhb\/files\/2026\/02\/TCHECOSLOVAQUIE_04bis-865x1024.jpg 865w, https:\/\/blogs.univ-tlse2.fr\/lvhb\/files\/2026\/02\/TCHECOSLOVAQUIE_04bis-253x300.jpg 253w, https:\/\/blogs.univ-tlse2.fr\/lvhb\/files\/2026\/02\/TCHECOSLOVAQUIE_04bis-768x909.jpg 768w, https:\/\/blogs.univ-tlse2.fr\/lvhb\/files\/2026\/02\/TCHECOSLOVAQUIE_04bis-1297x1536.jpg 1297w, https:\/\/blogs.univ-tlse2.fr\/lvhb\/files\/2026\/02\/TCHECOSLOVAQUIE_04bis-1730x2048.jpg 1730w, https:\/\/blogs.univ-tlse2.fr\/lvhb\/files\/2026\/02\/TCHECOSLOVAQUIE_04bis-1568x1857.jpg 1568w\" sizes=\"auto, (max-width: 865px) 100vw, 865px\" \/><\/figure><div class=\"wp-block-media-text__content\">\n<p>Alors qu&rsquo;il est encore enfant, Henri B\u00e9gou\u00ebn&nbsp;voyage pour la premi\u00e8re fois en Autriche-Hongrie avec son p\u00e8re en 1879. Ils rendent alors visite au g\u00e9ologue Joachim Barrande, alors \u00e9tabli en Boh\u00eame.&nbsp;Plus tard, \u00e0 l&rsquo;\u00e2ge de 25 ans, son travail pour le <em>Journal des D\u00e9bats<\/em> l&rsquo;am\u00e8ne \u00e0 nouveau \u00e0 faire route vers l&rsquo;Est en ao\u00fbt 1887. Son voyage a principalement pour but de renseigner la France sur l&rsquo;organisation politique de la r\u00e9gion avec la question de l&rsquo;\u00e9veil des nationalit\u00e9s, cause \u00e0 laquelle il se rallie d\u00e8s son arriv\u00e9e. Cependant il est rapidement rappel\u00e9 en France pour des raisons familiales, et interrompt son enqu\u00eate. Il laisse toutefois derri\u00e8re lui un correspondant \u00e0 Prague pour le journal, M. Karel Kramar.<\/p>\n\n\n\n<p>Par la suite, Henri B\u00e9gou\u00ebn a eu l&rsquo;occasion d&rsquo;exprimer \u00e0 nouveau son soutien \u00e0 l&rsquo;\u00e9gard du mouvement tch\u00e9coslovaque. Durant la premi\u00e8re guerre mondiale, en 1917, il est envoy\u00e9 en mission officieuse en Suisse afin de servir d&rsquo;interm\u00e9diaire pour Edvard B\u00e9n\u00e8s, membre du conseil national tch\u00e9coslovaque. <\/p>\n\n\n\n<p>Henri B\u00e9gou\u00ebn use de son passeport diplomatique pour faire passer des lettres et des documents. Il sera honor\u00e9 de la distinction de commandeur de l&rsquo;ordre du Lion Blanc, en remerciement de ses services pour la cause tch\u00e9coslovaque. En outre, il devient \u00e9galement membre de l&rsquo;Institut d&rsquo;Anthropologie de l&rsquo;Universit\u00e9 Charles \u00e0 Prague et de l&rsquo;universit\u00e9 Masaryk \u00e0 Brno.<\/p>\n<\/div><\/div>\n\n\n\n<div style=\"height:89px\" aria-hidden=\"true\" class=\"wp-block-spacer\"><\/div>\n\n\n\n<figure class=\"wp-block-image alignwide size-large is-style-rounded\"><img loading=\"lazy\" decoding=\"async\" width=\"1024\" height=\"649\" src=\"https:\/\/blogs.univ-tlse2.fr\/lvhb\/files\/2026\/02\/REPUBLIQUE-TCHEQUE_01_1924bis-1-1024x649.jpg\" alt=\"\" class=\"wp-image-291\" srcset=\"https:\/\/blogs.univ-tlse2.fr\/lvhb\/files\/2026\/02\/REPUBLIQUE-TCHEQUE_01_1924bis-1-1024x649.jpg 1024w, https:\/\/blogs.univ-tlse2.fr\/lvhb\/files\/2026\/02\/REPUBLIQUE-TCHEQUE_01_1924bis-1-300x190.jpg 300w, https:\/\/blogs.univ-tlse2.fr\/lvhb\/files\/2026\/02\/REPUBLIQUE-TCHEQUE_01_1924bis-1-768x487.jpg 768w, https:\/\/blogs.univ-tlse2.fr\/lvhb\/files\/2026\/02\/REPUBLIQUE-TCHEQUE_01_1924bis-1-1536x974.jpg 1536w, https:\/\/blogs.univ-tlse2.fr\/lvhb\/files\/2026\/02\/REPUBLIQUE-TCHEQUE_01_1924bis-1-2048x1298.jpg 2048w, https:\/\/blogs.univ-tlse2.fr\/lvhb\/files\/2026\/02\/REPUBLIQUE-TCHEQUE_01_1924bis-1-1568x994.jpg 1568w\" sizes=\"auto, (max-width: 1024px) 100vw, 1024px\" \/><figcaption class=\"wp-element-caption\">Tch\u00e9coslovaquie, bords de la Thaya (Septembre 1924)<\/figcaption><\/figure>\n\n\n\n<div style=\"height:100px\" aria-hidden=\"true\" class=\"wp-block-spacer\"><\/div>\n\n\n\n<div class=\"wp-block-media-text alignwide has-media-on-the-right is-stacked-on-mobile\" style=\"grid-template-columns:auto 43%\"><div class=\"wp-block-media-text__content\">\n<p>Apr\u00e8s la guerre, il se consacre davantage \u00e0 son travail sur l&rsquo;arch\u00e9ologie pr\u00e9historique qui l&rsquo;am\u00e8ne \u00e0 retourner dans la r\u00e9gion, d\u00e9sormais reconnue comme la Tch\u00e9coslovaquie. En effet, en 1924 il est secr\u00e9taire g\u00e9n\u00e9ral pour le Congr\u00e8s international d&rsquo;anthropologie et d&rsquo;arch\u00e9ologie pr\u00e9historique organis\u00e9 \u00e0 Prague et \u00e0 Brno. A cette occasion, il a pu observer le patrimoine pr\u00e9historique Tch\u00e9coslovaque, et notamment d\u00e9couvrir le gisement de Vistonitz\u00e9 (un ossuaire de mammouths). Cette derni\u00e8re d\u00e9couverte est alors le pr\u00e9texte \u00e0 d&rsquo;autres voyages en 1928 et en 1932, afin de se tenir inform\u00e9 de la progression des recherches.<\/p>\n<\/div><figure class=\"wp-block-media-text__media\"><img loading=\"lazy\" decoding=\"async\" width=\"707\" height=\"1024\" src=\"https:\/\/blogs.univ-tlse2.fr\/lvhb\/files\/2026\/02\/REPUBLIQUE-TCHEQUE_03_1924-1-707x1024.jpg\" alt=\"Les Monts de Polau vus de la Thaya avec les gisements de Vistonitz\u00e9 (septembre 1924) \" class=\"wp-image-290 size-full\" srcset=\"https:\/\/blogs.univ-tlse2.fr\/lvhb\/files\/2026\/02\/REPUBLIQUE-TCHEQUE_03_1924-1-707x1024.jpg 707w, https:\/\/blogs.univ-tlse2.fr\/lvhb\/files\/2026\/02\/REPUBLIQUE-TCHEQUE_03_1924-1-207x300.jpg 207w, https:\/\/blogs.univ-tlse2.fr\/lvhb\/files\/2026\/02\/REPUBLIQUE-TCHEQUE_03_1924-1-768x1112.jpg 768w, https:\/\/blogs.univ-tlse2.fr\/lvhb\/files\/2026\/02\/REPUBLIQUE-TCHEQUE_03_1924-1-1061x1536.jpg 1061w, https:\/\/blogs.univ-tlse2.fr\/lvhb\/files\/2026\/02\/REPUBLIQUE-TCHEQUE_03_1924-1-1415x2048.jpg 1415w, https:\/\/blogs.univ-tlse2.fr\/lvhb\/files\/2026\/02\/REPUBLIQUE-TCHEQUE_03_1924-1.jpg 1461w\" sizes=\"auto, (max-width: 707px) 100vw, 707px\" \/><\/figure><\/div>\n\n\n\n<div style=\"height:100px\" aria-hidden=\"true\" class=\"wp-block-spacer\"><\/div>\n\n\n\n<div data-wp-context=\"{ &quot;autoclose&quot;: true, &quot;accordionItems&quot;: [] }\" data-wp-interactive=\"core\/accordion\" role=\"group\" class=\"wp-block-accordion alignwide is-layout-flow wp-block-accordion-is-layout-flow\">\n<div data-wp-class--is-open=\"state.isOpen\" data-wp-context=\"{ &quot;id&quot;: &quot;accordion-item-1&quot;, &quot;openByDefault&quot;: false }\" data-wp-init=\"callbacks.initAccordionItems\" data-wp-on-window--hashchange=\"callbacks.hashChange\" class=\"wp-block-accordion-item is-layout-flow wp-block-accordion-item-is-layout-flow\">\n<h4 class=\"wp-block-accordion-heading\"><button aria-expanded=\"false\" aria-controls=\"accordion-item-1-panel\" data-wp-bind--aria-expanded=\"state.isOpen\" data-wp-on--click=\"actions.toggle\" data-wp-on--keydown=\"actions.handleKeyDown\" id=\"accordion-item-1\" type=\"button\" class=\"wp-block-accordion-heading__toggle\"><span class=\"wp-block-accordion-heading__toggle-icon\" aria-hidden=\"true\">+<\/span><span class=\"wp-block-accordion-heading__toggle-title\">Sources<\/span><\/button><\/h4>\n\n\n\n<div inert aria-labelledby=\"accordion-item-1\" data-wp-bind--inert=\"!state.isOpen\" id=\"accordion-item-1-panel\" role=\"region\" class=\"wp-block-accordion-panel is-layout-flow wp-block-accordion-panel-is-layout-flow\">\n<ul class=\"wp-block-list\">\n<li>B\u00e9gou\u00ebn Henri, 1937, <em>Impressions de voyage en Tch\u00e9coslovaquie 1879 &#8211; 1932<\/em>, Toulouse, Imprimerie du Sud-Ouest.<\/li>\n<\/ul>\n<\/div>\n<\/div>\n<\/div>\n","protected":false},"excerpt":{"rendered":"<p>Alors qu&rsquo;il est encore enfant, Henri B\u00e9gou\u00ebn&nbsp;voyage pour la premi\u00e8re fois en Autriche-Hongrie avec son p\u00e8re en 1879. Ils rendent alors visite au g\u00e9ologue Joachim Barrande, alors \u00e9tabli en Boh\u00eame.&nbsp;Plus tard, \u00e0 l&rsquo;\u00e2ge de 25 ans, son travail pour le Journal des D\u00e9bats l&rsquo;am\u00e8ne \u00e0 nouveau \u00e0 faire route vers l&rsquo;Est en ao\u00fbt 1887. Son&hellip; <a class=\"more-link\" href=\"https:\/\/blogs.univ-tlse2.fr\/lvhb\/mitteleuropa-periples-en-tchecoslovaquie\/\">Poursuivre la lecture <span class=\"screen-reader-text\">Mitteleuropa: p\u00e9riples en Tch\u00e9coslovaquie<\/span><\/a><\/p>\n","protected":false},"author":1522,"featured_media":0,"parent":0,"menu_order":0,"comment_status":"closed","ping_status":"closed","template":"","meta":{"footnotes":""},"class_list":["post-284","page","type-page","status-publish","hentry","entry"],"_links":{"self":[{"href":"https:\/\/blogs.univ-tlse2.fr\/lvhb\/wp-json\/wp\/v2\/pages\/284","targetHints":{"allow":["GET"]}}],"collection":[{"href":"https:\/\/blogs.univ-tlse2.fr\/lvhb\/wp-json\/wp\/v2\/pages"}],"about":[{"href":"https:\/\/blogs.univ-tlse2.fr\/lvhb\/wp-json\/wp\/v2\/types\/page"}],"author":[{"embeddable":true,"href":"https:\/\/blogs.univ-tlse2.fr\/lvhb\/wp-json\/wp\/v2\/users\/1522"}],"replies":[{"embeddable":true,"href":"https:\/\/blogs.univ-tlse2.fr\/lvhb\/wp-json\/wp\/v2\/comments?post=284"}],"version-history":[{"count":28,"href":"https:\/\/blogs.univ-tlse2.fr\/lvhb\/wp-json\/wp\/v2\/pages\/284\/revisions"}],"predecessor-version":[{"id":773,"href":"https:\/\/blogs.univ-tlse2.fr\/lvhb\/wp-json\/wp\/v2\/pages\/284\/revisions\/773"}],"wp:attachment":[{"href":"https:\/\/blogs.univ-tlse2.fr\/lvhb\/wp-json\/wp\/v2\/media?parent=284"}],"curies":[{"name":"wp","href":"https:\/\/api.w.org\/{rel}","templated":true}]}}

Mitteleuropa: périples en Tchécoslovaquie

<div class="wp-block-cover alignfull is-light has-parallax"><div class="wp-block-cover__image-background wp-image-286 size-large has-parallax" style="background-position:65% 63%;background-image:url(https://blogs.univ-tlse2.fr/lvhb/files/2026/02/REPUBLIQUE-TCHEQUE_02-1024x694.jpg)"></div><span aria-hidden="true" class="wp-block-cover__background has-background-dim" style="background-color:#8d8e89"></span><div class="wp-block-cover__inner-container is-layout-constrained wp-block-cover-is-layout-constrained">
<div class="wp-block-buttons is-content-justification-center is-layout-flex wp-container-core-buttons-is-layout-16018d1d wp-block-buttons-is-layout-flex">
<div class="wp-block-button"><a class="wp-block-button__link wp-element-button" href="https://blogs.univ-tlse2.fr/lvhb/">Accueil</a></div>



<div class="wp-block-button"><a class="wp-block-button__link wp-element-button" href="https://blogs.univ-tlse2.fr/lvhb/brno/">Brno</a></div>



<div class="wp-block-button"><a class="wp-block-button__link wp-element-button" href="https://blogs.univ-tlse2.fr/lvhb/prague/">Prague</a></div>



<div class="wp-block-button"><a class="wp-block-button__link wp-element-button" href="https://blogs.univ-tlse2.fr/lvhb/vistonitze/">Vistonitzé</a></div>
</div>



<p class="has-text-align-center has-large-font-size"></p>
</div></div>



<div style="height:106px" aria-hidden="true" class="wp-block-spacer"></div>



<div class="wp-block-media-text alignwide is-stacked-on-mobile"><figure class="wp-block-media-text__media"><img loading="lazy" decoding="async" width="865" height="1024" src="https://blogs.univ-tlse2.fr/lvhb/files/2026/02/TCHECOSLOVAQUIE_04bis-865x1024.jpg" alt="Hradec Kralove, Tchécoslovaquie" class="wp-image-287 size-full" srcset="https://blogs.univ-tlse2.fr/lvhb/files/2026/02/TCHECOSLOVAQUIE_04bis-865x1024.jpg 865w, https://blogs.univ-tlse2.fr/lvhb/files/2026/02/TCHECOSLOVAQUIE_04bis-253x300.jpg 253w, https://blogs.univ-tlse2.fr/lvhb/files/2026/02/TCHECOSLOVAQUIE_04bis-768x909.jpg 768w, https://blogs.univ-tlse2.fr/lvhb/files/2026/02/TCHECOSLOVAQUIE_04bis-1297x1536.jpg 1297w, https://blogs.univ-tlse2.fr/lvhb/files/2026/02/TCHECOSLOVAQUIE_04bis-1730x2048.jpg 1730w, https://blogs.univ-tlse2.fr/lvhb/files/2026/02/TCHECOSLOVAQUIE_04bis-1568x1857.jpg 1568w" sizes="auto, (max-width: 865px) 100vw, 865px" /></figure><div class="wp-block-media-text__content">
<p>Alors qu&rsquo;il est encore enfant, Henri Bégouën&nbsp;voyage pour la première fois en Autriche-Hongrie avec son père en 1879. Ils rendent alors visite au géologue Joachim Barrande, alors établi en Bohême.&nbsp;Plus tard, à l&rsquo;âge de 25 ans, son travail pour le <em>Journal des Débats</em> l&rsquo;amène à nouveau à faire route vers l&rsquo;Est en août 1887. Son voyage a principalement pour but de renseigner la France sur l&rsquo;organisation politique de la région avec la question de l&rsquo;éveil des nationalités, cause à laquelle il se rallie dès son arrivée. Cependant il est rapidement rappelé en France pour des raisons familiales, et interrompt son enquête. Il laisse toutefois derrière lui un correspondant à Prague pour le journal, M. Karel Kramar.</p>



<p>Par la suite, Henri Bégouën a eu l&rsquo;occasion d&rsquo;exprimer à nouveau son soutien à l&rsquo;égard du mouvement tchécoslovaque. Durant la première guerre mondiale, en 1917, il est envoyé en mission officieuse en Suisse afin de servir d&rsquo;intermédiaire pour Edvard Bénès, membre du conseil national tchécoslovaque. </p>



<p>Henri Bégouën use de son passeport diplomatique pour faire passer des lettres et des documents. Il sera honoré de la distinction de commandeur de l&rsquo;ordre du Lion Blanc, en remerciement de ses services pour la cause tchécoslovaque. En outre, il devient également membre de l&rsquo;Institut d&rsquo;Anthropologie de l&rsquo;Université Charles à Prague et de l&rsquo;université Masaryk à Brno.</p>
</div></div>



<div style="height:89px" aria-hidden="true" class="wp-block-spacer"></div>



<figure class="wp-block-image alignwide size-large is-style-rounded"><img loading="lazy" decoding="async" width="1024" height="649" src="https://blogs.univ-tlse2.fr/lvhb/files/2026/02/REPUBLIQUE-TCHEQUE_01_1924bis-1-1024x649.jpg" alt="" class="wp-image-291" srcset="https://blogs.univ-tlse2.fr/lvhb/files/2026/02/REPUBLIQUE-TCHEQUE_01_1924bis-1-1024x649.jpg 1024w, https://blogs.univ-tlse2.fr/lvhb/files/2026/02/REPUBLIQUE-TCHEQUE_01_1924bis-1-300x190.jpg 300w, https://blogs.univ-tlse2.fr/lvhb/files/2026/02/REPUBLIQUE-TCHEQUE_01_1924bis-1-768x487.jpg 768w, https://blogs.univ-tlse2.fr/lvhb/files/2026/02/REPUBLIQUE-TCHEQUE_01_1924bis-1-1536x974.jpg 1536w, https://blogs.univ-tlse2.fr/lvhb/files/2026/02/REPUBLIQUE-TCHEQUE_01_1924bis-1-2048x1298.jpg 2048w, https://blogs.univ-tlse2.fr/lvhb/files/2026/02/REPUBLIQUE-TCHEQUE_01_1924bis-1-1568x994.jpg 1568w" sizes="auto, (max-width: 1024px) 100vw, 1024px" /><figcaption class="wp-element-caption">Tchécoslovaquie, bords de la Thaya (Septembre 1924)</figcaption></figure>



<div style="height:100px" aria-hidden="true" class="wp-block-spacer"></div>



<div class="wp-block-media-text alignwide has-media-on-the-right is-stacked-on-mobile" style="grid-template-columns:auto 43%"><div class="wp-block-media-text__content">
<p>Après la guerre, il se consacre davantage à son travail sur l&rsquo;archéologie préhistorique qui l&rsquo;amène à retourner dans la région, désormais reconnue comme la Tchécoslovaquie. En effet, en 1924 il est secrétaire général pour le Congrès international d&rsquo;anthropologie et d&rsquo;archéologie préhistorique organisé à Prague et à Brno. A cette occasion, il a pu observer le patrimoine préhistorique Tchécoslovaque, et notamment découvrir le gisement de Vistonitzé (un ossuaire de mammouths). Cette dernière découverte est alors le prétexte à d&rsquo;autres voyages en 1928 et en 1932, afin de se tenir informé de la progression des recherches.</p>
</div><figure class="wp-block-media-text__media"><img loading="lazy" decoding="async" width="707" height="1024" src="https://blogs.univ-tlse2.fr/lvhb/files/2026/02/REPUBLIQUE-TCHEQUE_03_1924-1-707x1024.jpg" alt="Les Monts de Polau vus de la Thaya avec les gisements de Vistonitzé (septembre 1924) " class="wp-image-290 size-full" srcset="https://blogs.univ-tlse2.fr/lvhb/files/2026/02/REPUBLIQUE-TCHEQUE_03_1924-1-707x1024.jpg 707w, https://blogs.univ-tlse2.fr/lvhb/files/2026/02/REPUBLIQUE-TCHEQUE_03_1924-1-207x300.jpg 207w, https://blogs.univ-tlse2.fr/lvhb/files/2026/02/REPUBLIQUE-TCHEQUE_03_1924-1-768x1112.jpg 768w, https://blogs.univ-tlse2.fr/lvhb/files/2026/02/REPUBLIQUE-TCHEQUE_03_1924-1-1061x1536.jpg 1061w, https://blogs.univ-tlse2.fr/lvhb/files/2026/02/REPUBLIQUE-TCHEQUE_03_1924-1-1415x2048.jpg 1415w, https://blogs.univ-tlse2.fr/lvhb/files/2026/02/REPUBLIQUE-TCHEQUE_03_1924-1.jpg 1461w" sizes="auto, (max-width: 707px) 100vw, 707px" /></figure></div>



<div style="height:100px" aria-hidden="true" class="wp-block-spacer"></div>



<div data-wp-context="{ &quot;autoclose&quot;: true, &quot;accordionItems&quot;: [] }" data-wp-interactive="core/accordion" role="group" class="wp-block-accordion alignwide is-layout-flow wp-block-accordion-is-layout-flow">
<div data-wp-class--is-open="state.isOpen" data-wp-context="{ &quot;id&quot;: &quot;accordion-item-1&quot;, &quot;openByDefault&quot;: false }" data-wp-init="callbacks.initAccordionItems" data-wp-on-window--hashchange="callbacks.hashChange" class="wp-block-accordion-item is-layout-flow wp-block-accordion-item-is-layout-flow">
<h4 class="wp-block-accordion-heading"><button aria-expanded="false" aria-controls="accordion-item-1-panel" data-wp-bind--aria-expanded="state.isOpen" data-wp-on--click="actions.toggle" data-wp-on--keydown="actions.handleKeyDown" id="accordion-item-1" type="button" class="wp-block-accordion-heading__toggle"><span class="wp-block-accordion-heading__toggle-icon" aria-hidden="true">+</span><span class="wp-block-accordion-heading__toggle-title">Sources</span></button></h4>



<div inert aria-labelledby="accordion-item-1" data-wp-bind--inert="!state.isOpen" id="accordion-item-1-panel" role="region" class="wp-block-accordion-panel is-layout-flow wp-block-accordion-panel-is-layout-flow">
<ul class="wp-block-list">
<li>Bégouën Henri, 1937, <em>Impressions de voyage en Tchécoslovaquie 1879 &#8211; 1932</em>, Toulouse, Imprimerie du Sud-Ouest.</li>
</ul>
</div>
</div>
</div>

<p>Alors qu&rsquo;il est encore enfant, Henri Bégouën&nbsp;voyage pour la première fois en Autriche-Hongrie avec son père en 1879. Ils rendent alors visite au géologue Joachim Barrande, alors établi en Bohême.&nbsp;Plus tard, à l&rsquo;âge de 25 ans, son travail pour le Journal des Débats l&rsquo;amène à nouveau à faire route vers l&rsquo;Est en août 1887. Son&hellip; <a class="more-link" href="https://blogs.univ-tlse2.fr/lvhb/mitteleuropa-periples-en-tchecoslovaquie/">Poursuivre la lecture <span class="screen-reader-text">Mitteleuropa: périples en Tchécoslovaquie</span></a></p>
