 {"id":298,"date":"2026-04-15T14:26:51","date_gmt":"2026-04-15T12:26:51","guid":{"rendered":"https:\/\/blogs.univ-tlse2.fr\/lvhb\/?page_id=298"},"modified":"2026-04-16T16:10:20","modified_gmt":"2026-04-16T14:10:20","slug":"prague","status":"publish","type":"page","link":"https:\/\/blogs.univ-tlse2.fr\/lvhb\/prague\/","title":{"rendered":"Prague"},"content":{"rendered":"\n<div class=\"wp-block-cover alignfull has-parallax\"><div class=\"wp-block-cover__image-background wp-image-301 size-large has-parallax\" style=\"background-position:50% 50%;background-image:url(https:\/\/blogs.univ-tlse2.fr\/lvhb\/files\/2026\/02\/PRAGUE_02bis-1006x1024.jpg)\"><\/div><span aria-hidden=\"true\" class=\"wp-block-cover__background has-background-dim\" style=\"background-color:#6d6c68\"><\/span><div class=\"wp-block-cover__inner-container is-layout-constrained wp-block-cover-is-layout-constrained\">\n<p class=\"has-text-align-center has-large-font-size\"><\/p>\n\n\n\n<div class=\"wp-block-buttons is-content-justification-center is-layout-flex wp-container-core-buttons-is-layout-16018d1d wp-block-buttons-is-layout-flex\">\n<div class=\"wp-block-button\"><a class=\"wp-block-button__link wp-element-button\" href=\"https:\/\/blogs.univ-tlse2.fr\/lvhb\/\">Accueil<\/a><\/div>\n\n\n\n<div class=\"wp-block-button\"><a class=\"wp-block-button__link wp-element-button\" href=\"https:\/\/blogs.univ-tlse2.fr\/lvhb\/brno\/\">Brno<\/a><\/div>\n\n\n\n<div class=\"wp-block-button\"><a class=\"wp-block-button__link wp-element-button\" href=\"https:\/\/blogs.univ-tlse2.fr\/lvhb\/prague\/\">Prague<\/a><\/div>\n\n\n\n<div class=\"wp-block-button\"><a class=\"wp-block-button__link wp-element-button\" href=\"https:\/\/blogs.univ-tlse2.fr\/lvhb\/vistonitze\/\">Vistonitz\u00e9<\/a><\/div>\n<\/div>\n<\/div><\/div>\n\n\n\n<div style=\"height:73px\" aria-hidden=\"true\" class=\"wp-block-spacer\"><\/div>\n\n\n\n<div class=\"wp-block-media-text alignwide has-media-on-the-right is-stacked-on-mobile\" style=\"grid-template-columns:auto 38%\"><div class=\"wp-block-media-text__content\">\n<p>D\u00e8s son premier voyage \u00e0 Prague, Henri B\u00e9gou\u00ebn re\u00e7oit un accueil qu&rsquo;il qualifie de chaleureux en sa qualit\u00e9 de journaliste fran\u00e7ais. Cela lui permet de commencer son enqu\u00eate, et de distinguer deux camps chez les nationalistes tch\u00e8ques, entre les \u00ab\u00a0Vieux Tch\u00e8ques\u00a0\u00bb et les \u00ab\u00a0Jeunes Tch\u00e8ques\u00a0\u00bb.<\/p>\n<\/div><figure class=\"wp-block-media-text__media\"><img loading=\"lazy\" decoding=\"async\" width=\"748\" height=\"1024\" src=\"https:\/\/blogs.univ-tlse2.fr\/lvhb\/files\/2026\/02\/PRAGUE_01bis-1-748x1024.jpg\" alt=\"\" class=\"wp-image-300 size-full\" srcset=\"https:\/\/blogs.univ-tlse2.fr\/lvhb\/files\/2026\/02\/PRAGUE_01bis-1-748x1024.jpg 748w, https:\/\/blogs.univ-tlse2.fr\/lvhb\/files\/2026\/02\/PRAGUE_01bis-1-219x300.jpg 219w, https:\/\/blogs.univ-tlse2.fr\/lvhb\/files\/2026\/02\/PRAGUE_01bis-1-768x1051.jpg 768w, https:\/\/blogs.univ-tlse2.fr\/lvhb\/files\/2026\/02\/PRAGUE_01bis-1-1122x1536.jpg 1122w, https:\/\/blogs.univ-tlse2.fr\/lvhb\/files\/2026\/02\/PRAGUE_01bis-1-1496x2048.jpg 1496w, https:\/\/blogs.univ-tlse2.fr\/lvhb\/files\/2026\/02\/PRAGUE_01bis-1-1568x2146.jpg 1568w, https:\/\/blogs.univ-tlse2.fr\/lvhb\/files\/2026\/02\/PRAGUE_01bis-1-scaled.jpg 1871w\" sizes=\"auto, (max-width: 748px) 100vw, 748px\" \/><\/figure><\/div>\n\n\n\n<div style=\"height:139px\" aria-hidden=\"true\" class=\"wp-block-spacer\"><\/div>\n\n\n\n<div class=\"wp-block-media-text alignwide is-stacked-on-mobile\" style=\"grid-template-columns:51% auto\"><figure class=\"wp-block-media-text__media\"><img loading=\"lazy\" decoding=\"async\" width=\"748\" height=\"1024\" src=\"https:\/\/blogs.univ-tlse2.fr\/lvhb\/files\/2026\/02\/PRAGUE_03bis-748x1024.jpg\" alt=\"\" class=\"wp-image-304 size-full\" srcset=\"https:\/\/blogs.univ-tlse2.fr\/lvhb\/files\/2026\/02\/PRAGUE_03bis-748x1024.jpg 748w, https:\/\/blogs.univ-tlse2.fr\/lvhb\/files\/2026\/02\/PRAGUE_03bis-219x300.jpg 219w, https:\/\/blogs.univ-tlse2.fr\/lvhb\/files\/2026\/02\/PRAGUE_03bis-768x1052.jpg 768w, https:\/\/blogs.univ-tlse2.fr\/lvhb\/files\/2026\/02\/PRAGUE_03bis-1122x1536.jpg 1122w, https:\/\/blogs.univ-tlse2.fr\/lvhb\/files\/2026\/02\/PRAGUE_03bis-1496x2048.jpg 1496w, https:\/\/blogs.univ-tlse2.fr\/lvhb\/files\/2026\/02\/PRAGUE_03bis-1568x2147.jpg 1568w, https:\/\/blogs.univ-tlse2.fr\/lvhb\/files\/2026\/02\/PRAGUE_03bis-scaled.jpg 1869w\" sizes=\"auto, (max-width: 748px) 100vw, 748px\" \/><\/figure><div class=\"wp-block-media-text__content\">\n<p>Par la suite, il se rend \u00e0 nouveau \u00e0 Prague en tant que membre de l&rsquo;universit\u00e9 de Charles. Il est notamment pr\u00e9sent \u00e0 l&rsquo;occasion du congr\u00e8s international d&rsquo;anthropologie et d&rsquo;arch\u00e9ologie pr\u00e9historique organis\u00e9 \u00e0 Prague et Brno en 1924.<\/p>\n<\/div><\/div>\n\n\n\n<div style=\"height:142px\" aria-hidden=\"true\" class=\"wp-block-spacer\"><\/div>\n\n\n\n<div class=\"wp-block-media-text alignwide has-media-on-the-right is-stacked-on-mobile\" style=\"grid-template-columns:auto 45%\"><div class=\"wp-block-media-text__content\">\n<p>Cependant ses visites \u00e9taient aussi motiv\u00e9es par ses implications politiques dans la r\u00e9gion lorsqu&rsquo;il rendait visite \u00e0 Karel Kramar \u00e0 c\u00f4t\u00e9 du palais pr\u00e9sidentiel du Hradin.<\/p>\n\n\n\n<figure class=\"wp-block-pullquote\"><blockquote><p>Je l&rsquo;ai visit\u00e9 \u00e0 plusieurs reprises dans la belle villa qu&rsquo;il poss\u00e9dait sur la colline tout \u00e0 c\u00f4t\u00e9 de l&rsquo;imposant palais maintenant pr\u00e9sidentiel du Hradchin.<\/p><cite>Henri B\u00e9gou\u00ebn, 1937, <em>Impressions de voyage en Tch\u00e9coslovaquie 1879 &#8211; 1932<\/em>, Toulouse, Imprimerie du Sud-Ouest, p.12.<\/cite><\/blockquote><\/figure>\n<\/div><figure class=\"wp-block-media-text__media\"><img loading=\"lazy\" decoding=\"async\" width=\"735\" height=\"1024\" src=\"https:\/\/blogs.univ-tlse2.fr\/lvhb\/files\/2026\/02\/PRAGUE_04bis-735x1024.jpg\" alt=\"\" class=\"wp-image-305 size-full\" srcset=\"https:\/\/blogs.univ-tlse2.fr\/lvhb\/files\/2026\/02\/PRAGUE_04bis-735x1024.jpg 735w, https:\/\/blogs.univ-tlse2.fr\/lvhb\/files\/2026\/02\/PRAGUE_04bis-215x300.jpg 215w, https:\/\/blogs.univ-tlse2.fr\/lvhb\/files\/2026\/02\/PRAGUE_04bis-768x1071.jpg 768w, https:\/\/blogs.univ-tlse2.fr\/lvhb\/files\/2026\/02\/PRAGUE_04bis-1102x1536.jpg 1102w, https:\/\/blogs.univ-tlse2.fr\/lvhb\/files\/2026\/02\/PRAGUE_04bis-1469x2048.jpg 1469w, https:\/\/blogs.univ-tlse2.fr\/lvhb\/files\/2026\/02\/PRAGUE_04bis-1568x2186.jpg 1568w, https:\/\/blogs.univ-tlse2.fr\/lvhb\/files\/2026\/02\/PRAGUE_04bis-scaled.jpg 1836w\" sizes=\"auto, (max-width: 735px) 100vw, 735px\" \/><\/figure><\/div>\n\n\n\n<div style=\"height:94px\" aria-hidden=\"true\" class=\"wp-block-spacer\"><\/div>\n\n\n\n<figure class=\"wp-block-image size-large is-style-rounded\"><img loading=\"lazy\" decoding=\"async\" width=\"1024\" height=\"1007\" src=\"https:\/\/blogs.univ-tlse2.fr\/lvhb\/files\/2026\/02\/PRAGUE_05bis-1024x1007.jpg\" alt=\"\" class=\"wp-image-306\" srcset=\"https:\/\/blogs.univ-tlse2.fr\/lvhb\/files\/2026\/02\/PRAGUE_05bis-1024x1007.jpg 1024w, https:\/\/blogs.univ-tlse2.fr\/lvhb\/files\/2026\/02\/PRAGUE_05bis-300x295.jpg 300w, https:\/\/blogs.univ-tlse2.fr\/lvhb\/files\/2026\/02\/PRAGUE_05bis-768x756.jpg 768w, https:\/\/blogs.univ-tlse2.fr\/lvhb\/files\/2026\/02\/PRAGUE_05bis-1536x1511.jpg 1536w, https:\/\/blogs.univ-tlse2.fr\/lvhb\/files\/2026\/02\/PRAGUE_05bis-2048x2015.jpg 2048w, https:\/\/blogs.univ-tlse2.fr\/lvhb\/files\/2026\/02\/PRAGUE_05bis-1568x1543.jpg 1568w\" sizes=\"auto, (max-width: 1024px) 100vw, 1024px\" \/><figcaption class=\"wp-element-caption\">Le Hradchin et le pont Charles IV<\/figcaption><\/figure>\n\n\n\n<div style=\"height:61px\" aria-hidden=\"true\" class=\"wp-block-spacer\"><\/div>\n\n\n\n<div data-wp-context=\"{ &quot;autoclose&quot;: true, &quot;accordionItems&quot;: [] }\" data-wp-interactive=\"core\/accordion\" role=\"group\" class=\"wp-block-accordion alignwide is-layout-flow wp-block-accordion-is-layout-flow\">\n<div data-wp-class--is-open=\"state.isOpen\" data-wp-context=\"{ &quot;id&quot;: &quot;accordion-item-1&quot;, &quot;openByDefault&quot;: false }\" data-wp-init=\"callbacks.initAccordionItems\" data-wp-on-window--hashchange=\"callbacks.hashChange\" class=\"wp-block-accordion-item is-layout-flow wp-block-accordion-item-is-layout-flow\">\n<h4 class=\"wp-block-accordion-heading\"><button aria-expanded=\"false\" aria-controls=\"accordion-item-1-panel\" data-wp-bind--aria-expanded=\"state.isOpen\" data-wp-on--click=\"actions.toggle\" data-wp-on--keydown=\"actions.handleKeyDown\" id=\"accordion-item-1\" type=\"button\" class=\"wp-block-accordion-heading__toggle\"><span class=\"wp-block-accordion-heading__toggle-icon\" aria-hidden=\"true\">+<\/span><span class=\"wp-block-accordion-heading__toggle-title\">Sources<\/span><\/button><\/h4>\n\n\n\n<div inert aria-labelledby=\"accordion-item-1\" data-wp-bind--inert=\"!state.isOpen\" id=\"accordion-item-1-panel\" role=\"region\" class=\"wp-block-accordion-panel is-layout-flow wp-block-accordion-panel-is-layout-flow\">\n<ul class=\"wp-block-list\">\n<li>B\u00e9gou\u00ebn Henri, 1937, <em>Impressions de voyage en Tch\u00e9coslovaquie 1879 &#8211; 1932<\/em>, Toulouse, Imprimerie du Sud-Ouest.<\/li>\n<\/ul>\n<\/div>\n<\/div>\n<\/div>\n","protected":false},"excerpt":{"rendered":"<p>D\u00e8s son premier voyage \u00e0 Prague, Henri B\u00e9gou\u00ebn re\u00e7oit un accueil qu&rsquo;il qualifie de chaleureux en sa qualit\u00e9 de journaliste fran\u00e7ais. Cela lui permet de commencer son enqu\u00eate, et de distinguer deux camps chez les nationalistes tch\u00e8ques, entre les \u00ab\u00a0Vieux Tch\u00e8ques\u00a0\u00bb et les \u00ab\u00a0Jeunes Tch\u00e8ques\u00a0\u00bb. Par la suite, il se rend \u00e0 nouveau \u00e0 Prague&hellip; <a class=\"more-link\" href=\"https:\/\/blogs.univ-tlse2.fr\/lvhb\/prague\/\">Poursuivre la lecture <span class=\"screen-reader-text\">Prague<\/span><\/a><\/p>\n","protected":false},"author":1522,"featured_media":0,"parent":0,"menu_order":2,"comment_status":"closed","ping_status":"closed","template":"","meta":{"footnotes":""},"class_list":["post-298","page","type-page","status-publish","hentry","entry"],"_links":{"self":[{"href":"https:\/\/blogs.univ-tlse2.fr\/lvhb\/wp-json\/wp\/v2\/pages\/298","targetHints":{"allow":["GET"]}}],"collection":[{"href":"https:\/\/blogs.univ-tlse2.fr\/lvhb\/wp-json\/wp\/v2\/pages"}],"about":[{"href":"https:\/\/blogs.univ-tlse2.fr\/lvhb\/wp-json\/wp\/v2\/types\/page"}],"author":[{"embeddable":true,"href":"https:\/\/blogs.univ-tlse2.fr\/lvhb\/wp-json\/wp\/v2\/users\/1522"}],"replies":[{"embeddable":true,"href":"https:\/\/blogs.univ-tlse2.fr\/lvhb\/wp-json\/wp\/v2\/comments?post=298"}],"version-history":[{"count":21,"href":"https:\/\/blogs.univ-tlse2.fr\/lvhb\/wp-json\/wp\/v2\/pages\/298\/revisions"}],"predecessor-version":[{"id":757,"href":"https:\/\/blogs.univ-tlse2.fr\/lvhb\/wp-json\/wp\/v2\/pages\/298\/revisions\/757"}],"wp:attachment":[{"href":"https:\/\/blogs.univ-tlse2.fr\/lvhb\/wp-json\/wp\/v2\/media?parent=298"}],"curies":[{"name":"wp","href":"https:\/\/api.w.org\/{rel}","templated":true}]}}

<div class="wp-block-cover alignfull has-parallax"><div class="wp-block-cover__image-background wp-image-301 size-large has-parallax" style="background-position:50% 50%;background-image:url(https://blogs.univ-tlse2.fr/lvhb/files/2026/02/PRAGUE_02bis-1006x1024.jpg)"></div><span aria-hidden="true" class="wp-block-cover__background has-background-dim" style="background-color:#6d6c68"></span><div class="wp-block-cover__inner-container is-layout-constrained wp-block-cover-is-layout-constrained">
<p class="has-text-align-center has-large-font-size"></p>



<div class="wp-block-buttons is-content-justification-center is-layout-flex wp-container-core-buttons-is-layout-16018d1d wp-block-buttons-is-layout-flex">
<div class="wp-block-button"><a class="wp-block-button__link wp-element-button" href="https://blogs.univ-tlse2.fr/lvhb/">Accueil</a></div>



<div class="wp-block-button"><a class="wp-block-button__link wp-element-button" href="https://blogs.univ-tlse2.fr/lvhb/brno/">Brno</a></div>



<div class="wp-block-button"><a class="wp-block-button__link wp-element-button" href="https://blogs.univ-tlse2.fr/lvhb/prague/">Prague</a></div>



<div class="wp-block-button"><a class="wp-block-button__link wp-element-button" href="https://blogs.univ-tlse2.fr/lvhb/vistonitze/">Vistonitzé</a></div>
</div>
</div></div>



<div style="height:73px" aria-hidden="true" class="wp-block-spacer"></div>



<div class="wp-block-media-text alignwide has-media-on-the-right is-stacked-on-mobile" style="grid-template-columns:auto 38%"><div class="wp-block-media-text__content">
<p>Dès son premier voyage à Prague, Henri Bégouën reçoit un accueil qu&rsquo;il qualifie de chaleureux en sa qualité de journaliste français. Cela lui permet de commencer son enquête, et de distinguer deux camps chez les nationalistes tchèques, entre les « Vieux Tchèques » et les « Jeunes Tchèques ».</p>
</div><figure class="wp-block-media-text__media"><img loading="lazy" decoding="async" width="748" height="1024" src="https://blogs.univ-tlse2.fr/lvhb/files/2026/02/PRAGUE_01bis-1-748x1024.jpg" alt="" class="wp-image-300 size-full" srcset="https://blogs.univ-tlse2.fr/lvhb/files/2026/02/PRAGUE_01bis-1-748x1024.jpg 748w, https://blogs.univ-tlse2.fr/lvhb/files/2026/02/PRAGUE_01bis-1-219x300.jpg 219w, https://blogs.univ-tlse2.fr/lvhb/files/2026/02/PRAGUE_01bis-1-768x1051.jpg 768w, https://blogs.univ-tlse2.fr/lvhb/files/2026/02/PRAGUE_01bis-1-1122x1536.jpg 1122w, https://blogs.univ-tlse2.fr/lvhb/files/2026/02/PRAGUE_01bis-1-1496x2048.jpg 1496w, https://blogs.univ-tlse2.fr/lvhb/files/2026/02/PRAGUE_01bis-1-1568x2146.jpg 1568w, https://blogs.univ-tlse2.fr/lvhb/files/2026/02/PRAGUE_01bis-1-scaled.jpg 1871w" sizes="auto, (max-width: 748px) 100vw, 748px" /></figure></div>



<div style="height:139px" aria-hidden="true" class="wp-block-spacer"></div>



<div class="wp-block-media-text alignwide is-stacked-on-mobile" style="grid-template-columns:51% auto"><figure class="wp-block-media-text__media"><img loading="lazy" decoding="async" width="748" height="1024" src="https://blogs.univ-tlse2.fr/lvhb/files/2026/02/PRAGUE_03bis-748x1024.jpg" alt="" class="wp-image-304 size-full" srcset="https://blogs.univ-tlse2.fr/lvhb/files/2026/02/PRAGUE_03bis-748x1024.jpg 748w, https://blogs.univ-tlse2.fr/lvhb/files/2026/02/PRAGUE_03bis-219x300.jpg 219w, https://blogs.univ-tlse2.fr/lvhb/files/2026/02/PRAGUE_03bis-768x1052.jpg 768w, https://blogs.univ-tlse2.fr/lvhb/files/2026/02/PRAGUE_03bis-1122x1536.jpg 1122w, https://blogs.univ-tlse2.fr/lvhb/files/2026/02/PRAGUE_03bis-1496x2048.jpg 1496w, https://blogs.univ-tlse2.fr/lvhb/files/2026/02/PRAGUE_03bis-1568x2147.jpg 1568w, https://blogs.univ-tlse2.fr/lvhb/files/2026/02/PRAGUE_03bis-scaled.jpg 1869w" sizes="auto, (max-width: 748px) 100vw, 748px" /></figure><div class="wp-block-media-text__content">
<p>Par la suite, il se rend à nouveau à Prague en tant que membre de l&rsquo;université de Charles. Il est notamment présent à l&rsquo;occasion du congrès international d&rsquo;anthropologie et d&rsquo;archéologie préhistorique organisé à Prague et Brno en 1924.</p>
</div></div>



<div style="height:142px" aria-hidden="true" class="wp-block-spacer"></div>



<div class="wp-block-media-text alignwide has-media-on-the-right is-stacked-on-mobile" style="grid-template-columns:auto 45%"><div class="wp-block-media-text__content">
<p>Cependant ses visites étaient aussi motivées par ses implications politiques dans la région lorsqu&rsquo;il rendait visite à Karel Kramar à côté du palais présidentiel du Hradin.</p>



<figure class="wp-block-pullquote"><blockquote><p>Je l&rsquo;ai visité à plusieurs reprises dans la belle villa qu&rsquo;il possédait sur la colline tout à côté de l&rsquo;imposant palais maintenant présidentiel du Hradchin.</p><cite>Henri Bégouën, 1937, <em>Impressions de voyage en Tchécoslovaquie 1879 &#8211; 1932</em>, Toulouse, Imprimerie du Sud-Ouest, p.12.</cite></blockquote></figure>
</div><figure class="wp-block-media-text__media"><img loading="lazy" decoding="async" width="735" height="1024" src="https://blogs.univ-tlse2.fr/lvhb/files/2026/02/PRAGUE_04bis-735x1024.jpg" alt="" class="wp-image-305 size-full" srcset="https://blogs.univ-tlse2.fr/lvhb/files/2026/02/PRAGUE_04bis-735x1024.jpg 735w, https://blogs.univ-tlse2.fr/lvhb/files/2026/02/PRAGUE_04bis-215x300.jpg 215w, https://blogs.univ-tlse2.fr/lvhb/files/2026/02/PRAGUE_04bis-768x1071.jpg 768w, https://blogs.univ-tlse2.fr/lvhb/files/2026/02/PRAGUE_04bis-1102x1536.jpg 1102w, https://blogs.univ-tlse2.fr/lvhb/files/2026/02/PRAGUE_04bis-1469x2048.jpg 1469w, https://blogs.univ-tlse2.fr/lvhb/files/2026/02/PRAGUE_04bis-1568x2186.jpg 1568w, https://blogs.univ-tlse2.fr/lvhb/files/2026/02/PRAGUE_04bis-scaled.jpg 1836w" sizes="auto, (max-width: 735px) 100vw, 735px" /></figure></div>



<div style="height:94px" aria-hidden="true" class="wp-block-spacer"></div>



<figure class="wp-block-image size-large is-style-rounded"><img loading="lazy" decoding="async" width="1024" height="1007" src="https://blogs.univ-tlse2.fr/lvhb/files/2026/02/PRAGUE_05bis-1024x1007.jpg" alt="" class="wp-image-306" srcset="https://blogs.univ-tlse2.fr/lvhb/files/2026/02/PRAGUE_05bis-1024x1007.jpg 1024w, https://blogs.univ-tlse2.fr/lvhb/files/2026/02/PRAGUE_05bis-300x295.jpg 300w, https://blogs.univ-tlse2.fr/lvhb/files/2026/02/PRAGUE_05bis-768x756.jpg 768w, https://blogs.univ-tlse2.fr/lvhb/files/2026/02/PRAGUE_05bis-1536x1511.jpg 1536w, https://blogs.univ-tlse2.fr/lvhb/files/2026/02/PRAGUE_05bis-2048x2015.jpg 2048w, https://blogs.univ-tlse2.fr/lvhb/files/2026/02/PRAGUE_05bis-1568x1543.jpg 1568w" sizes="auto, (max-width: 1024px) 100vw, 1024px" /><figcaption class="wp-element-caption">Le Hradchin et le pont Charles IV</figcaption></figure>



<div style="height:61px" aria-hidden="true" class="wp-block-spacer"></div>



<div data-wp-context="{ &quot;autoclose&quot;: true, &quot;accordionItems&quot;: [] }" data-wp-interactive="core/accordion" role="group" class="wp-block-accordion alignwide is-layout-flow wp-block-accordion-is-layout-flow">
<div data-wp-class--is-open="state.isOpen" data-wp-context="{ &quot;id&quot;: &quot;accordion-item-1&quot;, &quot;openByDefault&quot;: false }" data-wp-init="callbacks.initAccordionItems" data-wp-on-window--hashchange="callbacks.hashChange" class="wp-block-accordion-item is-layout-flow wp-block-accordion-item-is-layout-flow">
<h4 class="wp-block-accordion-heading"><button aria-expanded="false" aria-controls="accordion-item-1-panel" data-wp-bind--aria-expanded="state.isOpen" data-wp-on--click="actions.toggle" data-wp-on--keydown="actions.handleKeyDown" id="accordion-item-1" type="button" class="wp-block-accordion-heading__toggle"><span class="wp-block-accordion-heading__toggle-icon" aria-hidden="true">+</span><span class="wp-block-accordion-heading__toggle-title">Sources</span></button></h4>



<div inert aria-labelledby="accordion-item-1" data-wp-bind--inert="!state.isOpen" id="accordion-item-1-panel" role="region" class="wp-block-accordion-panel is-layout-flow wp-block-accordion-panel-is-layout-flow">
<ul class="wp-block-list">
<li>Bégouën Henri, 1937, <em>Impressions de voyage en Tchécoslovaquie 1879 &#8211; 1932</em>, Toulouse, Imprimerie du Sud-Ouest.</li>
</ul>
</div>
</div>
</div>

<p>Dès son premier voyage à Prague, Henri Bégouën reçoit un accueil qu&rsquo;il qualifie de chaleureux en sa qualité de journaliste français. Cela lui permet de commencer son enquête, et de distinguer deux camps chez les nationalistes tchèques, entre les « Vieux Tchèques » et les « Jeunes Tchèques ». Par la suite, il se rend à nouveau à Prague&hellip; <a class="more-link" href="https://blogs.univ-tlse2.fr/lvhb/prague/">Poursuivre la lecture <span class="screen-reader-text">Prague</span></a></p>
