 {"id":449,"date":"2026-04-15T14:26:51","date_gmt":"2026-04-15T12:26:51","guid":{"rendered":"https:\/\/blogs.univ-tlse2.fr\/lvhb\/?page_id=449"},"modified":"2026-04-16T16:33:14","modified_gmt":"2026-04-16T14:33:14","slug":"voyages-autour-des-pays-baltes","status":"publish","type":"page","link":"https:\/\/blogs.univ-tlse2.fr\/lvhb\/voyages-autour-des-pays-baltes\/","title":{"rendered":"Voyages autour des pays baltes"},"content":{"rendered":"\n<div class=\"wp-block-cover alignfull is-light has-parallax\"><div class=\"wp-block-cover__image-background wp-image-451 size-large has-parallax\" style=\"background-position:50% 50%;background-image:url(https:\/\/blogs.univ-tlse2.fr\/lvhb\/files\/2026\/03\/BALTIQUE_3-1024x633.jpg)\"><\/div><span aria-hidden=\"true\" class=\"wp-block-cover__background has-background-dim-0 has-background-dim\" style=\"background-color:#8c8b87\"><\/span><div class=\"wp-block-cover__inner-container is-layout-constrained wp-block-cover-is-layout-constrained\">\n<div class=\"wp-block-buttons is-content-justification-center is-layout-flex wp-container-core-buttons-is-layout-64b26803 wp-block-buttons-is-layout-flex\">\n<div class=\"wp-block-button\"><a class=\"wp-block-button__link wp-element-button\" href=\"https:\/\/blogs.univ-tlse2.fr\/lvhb\/\">Accueil<\/a><\/div>\n\n\n\n<div class=\"wp-block-button\"><a class=\"wp-block-button__link wp-element-button\" href=\"https:\/\/blogs.univ-tlse2.fr\/lvhb\/mer-baltique\/\">Mer Baltique<\/a><\/div>\n\n\n\n<div class=\"wp-block-button\"><a class=\"wp-block-button__link wp-element-button\" href=\"https:\/\/blogs.univ-tlse2.fr\/lvhb\/estonie\/\">Estonie<\/a><\/div>\n\n\n\n<div class=\"wp-block-button\"><a class=\"wp-block-button__link wp-element-button\" href=\"https:\/\/blogs.univ-tlse2.fr\/lvhb\/finlande\/\">Finlande<\/a><\/div>\n\n\n\n<div class=\"wp-block-button\"><a class=\"wp-block-button__link wp-element-button\" href=\"https:\/\/blogs.univ-tlse2.fr\/lvhb\/lettonie\/\">Lettonie<\/a><\/div>\n\n\n\n<div class=\"wp-block-button\"><a class=\"wp-block-button__link wp-element-button\" href=\"https:\/\/blogs.univ-tlse2.fr\/lvhb\/lituanie\/\">Lituanie<\/a><\/div>\n<\/div>\n\n\n\n<p class=\"has-text-align-center has-large-font-size\"><\/p>\n<\/div><\/div>\n\n\n\n<div style=\"height:100px\" aria-hidden=\"true\" class=\"wp-block-spacer\"><\/div>\n\n\n\n<div class=\"wp-block-media-text alignwide is-stacked-on-mobile\"><figure class=\"wp-block-media-text__media\"><img loading=\"lazy\" decoding=\"async\" width=\"1024\" height=\"638\" src=\"https:\/\/blogs.univ-tlse2.fr\/lvhb\/files\/2026\/04\/ESTONIE_10_1932-1024x638.jpg\" alt=\"\" class=\"wp-image-619 size-full\" srcset=\"https:\/\/blogs.univ-tlse2.fr\/lvhb\/files\/2026\/04\/ESTONIE_10_1932-1024x638.jpg 1024w, https:\/\/blogs.univ-tlse2.fr\/lvhb\/files\/2026\/04\/ESTONIE_10_1932-300x187.jpg 300w, https:\/\/blogs.univ-tlse2.fr\/lvhb\/files\/2026\/04\/ESTONIE_10_1932-768x478.jpg 768w, https:\/\/blogs.univ-tlse2.fr\/lvhb\/files\/2026\/04\/ESTONIE_10_1932-1536x956.jpg 1536w, https:\/\/blogs.univ-tlse2.fr\/lvhb\/files\/2026\/04\/ESTONIE_10_1932-2048x1275.jpg 2048w, https:\/\/blogs.univ-tlse2.fr\/lvhb\/files\/2026\/04\/ESTONIE_10_1932-1568x976.jpg 1568w\" sizes=\"auto, (max-width: 1024px) 100vw, 1024px\" \/><\/figure><div class=\"wp-block-media-text__content\">\n<p>Henri B\u00e9gou\u00ebn se rend \u00e0 plusieurs reprises dans les pays baltes. En 1928, il est invit\u00e9 \u00e0 pr\u00e9senter une conf\u00e9rence sur ses voyages en Finlande, qui l&rsquo;am\u00e8ne \u00e0 contempler la mer baltique gel\u00e9e. Plus tard, en 1932, c&rsquo;est en tant qu&rsquo;arch\u00e9ologue qu&rsquo;il visite le site de Sandim\u00e4rdi en Estonie. C&rsquo;est \u00e0 cette occasion qu&rsquo;il se rend \u00e0 Kaunas en Lituanie.<\/p>\n<\/div><\/div>\n\n\n\n<details class=\"wp-block-details is-layout-flow wp-block-details-is-layout-flow\"><summary>Site de Sandim\u00e4rdi, Estonie (1932)<\/summary>\n<p><\/p>\n<\/details>\n\n\n\n<div style=\"height:100px\" aria-hidden=\"true\" class=\"wp-block-spacer\"><\/div>\n","protected":false},"excerpt":{"rendered":"<p>Henri B\u00e9gou\u00ebn se rend \u00e0 plusieurs reprises dans les pays baltes. En 1928, il est invit\u00e9 \u00e0 pr\u00e9senter une conf\u00e9rence sur ses voyages en Finlande, qui l&rsquo;am\u00e8ne \u00e0 contempler la mer baltique gel\u00e9e. Plus tard, en 1932, c&rsquo;est en tant qu&rsquo;arch\u00e9ologue qu&rsquo;il visite le site de Sandim\u00e4rdi en Estonie. C&rsquo;est \u00e0 cette occasion qu&rsquo;il se&hellip; <a class=\"more-link\" href=\"https:\/\/blogs.univ-tlse2.fr\/lvhb\/voyages-autour-des-pays-baltes\/\">Poursuivre la lecture <span class=\"screen-reader-text\">Voyages autour des pays baltes<\/span><\/a><\/p>\n","protected":false},"author":1522,"featured_media":0,"parent":0,"menu_order":0,"comment_status":"closed","ping_status":"closed","template":"","meta":{"footnotes":""},"class_list":["post-449","page","type-page","status-publish","hentry","entry"],"_links":{"self":[{"href":"https:\/\/blogs.univ-tlse2.fr\/lvhb\/wp-json\/wp\/v2\/pages\/449","targetHints":{"allow":["GET"]}}],"collection":[{"href":"https:\/\/blogs.univ-tlse2.fr\/lvhb\/wp-json\/wp\/v2\/pages"}],"about":[{"href":"https:\/\/blogs.univ-tlse2.fr\/lvhb\/wp-json\/wp\/v2\/types\/page"}],"author":[{"embeddable":true,"href":"https:\/\/blogs.univ-tlse2.fr\/lvhb\/wp-json\/wp\/v2\/users\/1522"}],"replies":[{"embeddable":true,"href":"https:\/\/blogs.univ-tlse2.fr\/lvhb\/wp-json\/wp\/v2\/comments?post=449"}],"version-history":[{"count":16,"href":"https:\/\/blogs.univ-tlse2.fr\/lvhb\/wp-json\/wp\/v2\/pages\/449\/revisions"}],"predecessor-version":[{"id":769,"href":"https:\/\/blogs.univ-tlse2.fr\/lvhb\/wp-json\/wp\/v2\/pages\/449\/revisions\/769"}],"wp:attachment":[{"href":"https:\/\/blogs.univ-tlse2.fr\/lvhb\/wp-json\/wp\/v2\/media?parent=449"}],"curies":[{"name":"wp","href":"https:\/\/api.w.org\/{rel}","templated":true}]}}