 {"id":18,"date":"2014-04-25T12:53:14","date_gmt":"2014-04-25T11:53:14","guid":{"rendered":"https:\/\/blogs.univ-tlse2.fr\/madrid\/?page_id=18"},"modified":"2014-06-24T09:34:11","modified_gmt":"2014-06-24T08:34:11","slug":"inscriptions","status":"publish","type":"page","link":"https:\/\/blogs.univ-tlse2.fr\/madrid\/inscriptions\/","title":{"rendered":"Inscriptions"},"content":{"rendered":"<p><b style=\"line-height: 1.5\"><i>Inscription au CEUM et droits\u00a0<\/i><\/b><\/p>\n<p>Les \u00e9tudiants int\u00e9ress\u00e9s doivent envoyer un <a href=\"https:\/\/blogs.univ-tlse2.fr\/madrid\/files\/2014\/06\/Demande-de-pr\u00e9inscription.pdf\">dossier de pr\u00e9-inscription<\/a>\u00a0puis confirmer leur candidature d\u00e8s les r\u00e9sultats d\u2019examens aupr\u00e8s de :<\/p>\n<p>Mme Castella<br \/>\n<a href=\"mailto:&#x6d;&#97;i&#x6c;&#x74;o:&#x67;&#114;e&#x6e;&#x69;er&#x40;&#117;n&#x69;&#x76;&#45;t&#x6c;&#x73;e&#x32;&#x2e;&#102;r\">c&#x61;&#x73;t&#101;&#x6c;l&#97;&#x40;&#x75;n&#x69;&#x76;-&#116;&#x6c;s&#101;&#x32;&#x2e;f&#x72;<\/a><br \/>\nTel. 05 61 50 49 85<\/p>\n<p>Ils devront envoyer les pi\u00e8ces du dossier \u00e0 :<\/p>\n<p style=\"padding-left: 60px\">Universit\u00e9 de Toulouse-Jean Jaur\u00e8s<br \/>\nC.E.U.M.<br \/>\nSecr\u00e9tariat du d\u00e9partement d&rsquo;\u00e9tudes hispaniques<br \/>\n5, all\u00e9es Antonio Machado<br \/>\n31058 Toulouse cedex 9<\/p>\n<p>Avant de partir vous installer \u00e0 Madrid, n\u2019oubliez pas de demander aupr\u00e8s de votre Caisse d\u2019Assurance Maladie en France la \u00ab\u00a0Carte europ\u00e9enne d&rsquo;assurance maladie\u00a0\u00bb.<\/p>\n<p><b><i>Inscription \u00e0 l&rsquo;Universit\u00e9 de Toulouse-Jean Jaur\u00e8s<\/i><\/b><\/p>\n<p>Les \u00e9tudiants d\u00e9j\u00e0 inscrits dans une autre Universit\u00e9 devront demander \u00e0 leur Universit\u00e9 d&rsquo;origine le transfert de leur dossier vers l&rsquo;Universit\u00e9 de Toulouse-Jean Jaur\u00e8s (ils pourront, par la suite, rejoindre leur Universit\u00e9 d&rsquo;origine s&rsquo;ils le d\u00e9sirent).<\/p>\n<p>S&rsquo;ils sont titulaires d&rsquo;une bourse d&rsquo;enseignement sup\u00e9rieur dans leur acad\u00e9mie, ils devront \u00e9galement en demander le transfert \u00e0 l&rsquo;Universit\u00e9 de Toulouse-Jean Jaur\u00e8s.<\/p>\n<p style=\"text-align: center\"><a href=\"https:\/\/blogs.univ-tlse2.fr\/madrid\/files\/2014\/04\/Demande-de-pr\u00e9inscription-copia.jpg\"><img loading=\"lazy\" decoding=\"async\" class=\"alignnone size-medium wp-image-320\" src=\"https:\/\/blogs.univ-tlse2.fr\/madrid\/files\/2014\/04\/Demande-de-pr\u00e9inscription-copia-211x300.jpg\" alt=\"\" width=\"211\" height=\"300\" srcset=\"https:\/\/blogs.univ-tlse2.fr\/madrid\/files\/2014\/04\/Demande-de-pr\u00e9inscription-copia-211x300.jpg 211w, https:\/\/blogs.univ-tlse2.fr\/madrid\/files\/2014\/04\/Demande-de-pr\u00e9inscription-copia-723x1024.jpg 723w, https:\/\/blogs.univ-tlse2.fr\/madrid\/files\/2014\/04\/Demande-de-pr\u00e9inscription-copia.jpg 1239w\" sizes=\"auto, (max-width: 211px) 100vw, 211px\" \/><\/a><\/p>\n<p>&nbsp;<\/p>\n","protected":false},"excerpt":{"rendered":"<p>Inscription au CEUM et droits\u00a0 Les \u00e9tudiants int\u00e9ress\u00e9s doivent envoyer un dossier de pr\u00e9-inscription\u00a0puis confirmer leur candidature d\u00e8s les r\u00e9sultats d\u2019examens aupr\u00e8s de : Mme Castella &#x63;&#x61;st&#x65;&#x6c;&#108;a&#64;&#x75;&#x6e;&#105;v-&#x74;&#x6c;&#115;e2&#x2e;&#x66;r Tel. 05 61 50 49 85 Ils devront envoyer les pi\u00e8ces du dossier \u00e0 : Universit\u00e9 de Toulouse-Jean Jaur\u00e8s C.E.U.M. Secr\u00e9tariat du d\u00e9partement d&rsquo;\u00e9tudes hispaniques 5, all\u00e9es Antonio &hellip; <a href=\"https:\/\/blogs.univ-tlse2.fr\/madrid\/inscriptions\/\" class=\"more-link\">Continuer la lecture de <span class=\"screen-reader-text\">Inscriptions<\/span> <span class=\"meta-nav\">&rarr;<\/span><\/a><\/p>\n","protected":false},"author":10,"featured_media":0,"parent":0,"menu_order":0,"comment_status":"closed","ping_status":"closed","template":"","meta":{"footnotes":""},"class_list":["post-18","page","type-page","status-publish","hentry"],"_links":{"self":[{"href":"https:\/\/blogs.univ-tlse2.fr\/madrid\/wp-json\/wp\/v2\/pages\/18","targetHints":{"allow":["GET"]}}],"collection":[{"href":"https:\/\/blogs.univ-tlse2.fr\/madrid\/wp-json\/wp\/v2\/pages"}],"about":[{"href":"https:\/\/blogs.univ-tlse2.fr\/madrid\/wp-json\/wp\/v2\/types\/page"}],"author":[{"embeddable":true,"href":"https:\/\/blogs.univ-tlse2.fr\/madrid\/wp-json\/wp\/v2\/users\/10"}],"replies":[{"embeddable":true,"href":"https:\/\/blogs.univ-tlse2.fr\/madrid\/wp-json\/wp\/v2\/comments?post=18"}],"version-history":[{"count":7,"href":"https:\/\/blogs.univ-tlse2.fr\/madrid\/wp-json\/wp\/v2\/pages\/18\/revisions"}],"predecessor-version":[{"id":321,"href":"https:\/\/blogs.univ-tlse2.fr\/madrid\/wp-json\/wp\/v2\/pages\/18\/revisions\/321"}],"wp:attachment":[{"href":"https:\/\/blogs.univ-tlse2.fr\/madrid\/wp-json\/wp\/v2\/media?parent=18"}],"curies":[{"name":"wp","href":"https:\/\/api.w.org\/{rel}","templated":true}]}}