 {"id":1410,"date":"2019-04-05T10:10:59","date_gmt":"2019-04-05T08:10:59","guid":{"rendered":"https:\/\/blogs.univ-tlse2.fr\/master-ethiquedusoin\/?page_id=1410"},"modified":"2026-02-05T09:43:56","modified_gmt":"2026-02-05T08:43:56","slug":"indications-bibliographiques-generales","status":"publish","type":"page","link":"https:\/\/blogs.univ-tlse2.fr\/master-ethiquedusoin\/ressources\/indications-bibliographiques-generales\/","title":{"rendered":"Indications bibliographiques g\u00e9n\u00e9rales"},"content":{"rendered":"\n<p><\/p>\n\n\n\n<h1 class=\"wp-block-heading\"><strong>Philosophie<\/strong><\/h1>\n\n\n\n<p>Flora Bastiani, <em>Philosophie du soin critique. Penser la relation en r\u00e9animation, en soins intensifs et dans le pr\u00e9l\u00e8vement d&rsquo;organes<\/em> <\/p>\n\n\n\n<p>Flora Bastiani et Mich\u00e8le Saint-Jean (dir.),&nbsp;<em>Soin et fin de vie \u2013 pour une \u00e9thique de l\u2019accompagnement<\/em>&nbsp;<\/p>\n\n\n\n<p>Georges Canguilhem,&nbsp;<em>Le normal et le pathologique<\/em>&nbsp;<\/p>\n\n\n\n<p>Vladimir Jank\u00e9l\u00e9vitch,<em>&nbsp;La mort<\/em><\/p>\n\n\n\n<p>Vladimir Jank\u00e9l\u00e9vitch,<em>&nbsp;Penser la mort&nbsp;?&nbsp;<\/em><\/p>\n\n\n\n<p>Hans Jonas,&nbsp;<em>Le ph\u00e9nom\u00e8ne de la vie, vers une biologie philosophique<\/em>, traduit par Danielle Lories<\/p>\n\n\n\n<p>Hans Jonas,&nbsp;<em>Le principe responsabilit\u00e9<\/em><\/p>\n\n\n\n<p>Emmanuel Levinas,&nbsp;<em>Le temps et l\u2019autre<\/em><\/p>\n\n\n\n<p>Maurice Merleau-Ponty,&nbsp;<em>Ph\u00e9nom\u00e9nologie de la perception<\/em><\/p>\n\n\n\n<p>Marc Richir,&nbsp;<em>Le corps, essai sur l\u2019int\u00e9riorit\u00e9<\/em><\/p>\n\n\n\n<p>Paul Ricoeur,&nbsp;<em>Soi-m\u00eame comme un autre&nbsp;<\/em><\/p>\n\n\n\n<p>Max Scheler,&nbsp;<em>Nature et forme de la sympathie&nbsp;<\/em><\/p>\n\n\n\n<h1 class=\"wp-block-heading\"><strong>Epist\u00e9mologie<\/strong><\/h1>\n\n\n\n<p>Patrick Dupouey et Denis Huisman,&nbsp;<em>Epist\u00e9mologie de la biologie: la connaissance du vivant<\/em><\/p>\n\n\n\n<p>Michel Morange,&nbsp;<em>La vie expliqu\u00e9e: 50 ans apr\u00e8s la double h\u00e9lice<\/em>&nbsp;<\/p>\n\n\n\n<p>Andr\u00e9 Pichot,&nbsp;<em>Expliquer la vie: de l\u2019\u00e2me \u00e0 la mol\u00e9cule<\/em><\/p>\n\n\n\n<p>Andr\u00e9 Pichot,&nbsp;<em>Histoire de la notion de vie<\/em>&nbsp;<\/p>\n\n\n\n<p>Erwin Schr\u00f6dinger,&nbsp;<em>Qu\u2019est-ce que la vie ? de la physique \u00e0 la biologie<\/em><\/p>\n\n\n\n<p>Francisco J. Varela et et Paul Bourgine,&nbsp;<em>Autonomie et connaissance: essai sur le vivant<\/em>&nbsp;<\/p>\n\n\n\n<h1 class=\"wp-block-heading\"><strong>Droit<\/strong><\/h1>\n\n\n\n<p>Xavier Bioy,&nbsp;<em>Biodroit \u2013 de la biopolitique au droit de la bio\u00e9thique<\/em>&nbsp;<\/p>\n\n\n\n<p>Xavier Bioy,&nbsp;<em>Droits fondamentaux et libert\u00e9s publiques<\/em><\/p>\n\n\n\n<p>Didier Truchet,&nbsp;<em>Le droit de la sant\u00e9 publique<\/em>&nbsp;<\/p>\n\n\n\n<p>Marie-Laure Moquet-Anger,&nbsp;<em>Droit hospitalier<\/em><\/p>\n\n\n\n<p>Marc Dupont, Claudine Esper et Christian Paire,&nbsp;<em>Droit hospitalier<\/em>&nbsp;<\/p>\n\n\n\n<p>Anne Laude, Bertrand Mathieu et Didier Tabuteau,&nbsp;<em>Droit de la sant\u00e9<\/em><\/p>\n\n\n\n<h1 class=\"wp-block-heading\"><strong>M\u00e9decine<\/strong><\/h1>\n\n\n\n<p>Didier Sicard,&nbsp;<em>L\u2019\u00e9thique m\u00e9dicale et la bio\u00e9thique&nbsp;<\/em><\/p>\n\n\n\n<p>Fabrice Gzil et Emmanuel Hirsch,&nbsp;<em>Alzheimer. Ethique et soci\u00e9t\u00e9<\/em><\/p>\n\n\n\n<p><\/p>\n\n\n\n<h1 class=\"wp-block-heading\"><strong>Romans et essais<\/strong><\/h1>\n\n\n\n<p>Marie De Hennezel<em>, La mort intime<\/em>&nbsp;(Pocket, 2006)<\/p>\n\n\n\n<p>Mathias Malzieu,<em>&nbsp;Journal d\u2019un vampire en pyjama&nbsp;<\/em>(LGF, 2017)<\/p>\n\n\n\n<p>Ruwen Ogien,&nbsp;<em>Mes mille et une nuits&nbsp;<\/em>(Albin Michel, 2017)<\/p>\n\n\n\n<p>Martin Winckler,&nbsp;<em>La maladie de Sachs&nbsp;<\/em>(Gallimard, 2005)<\/p>\n\n\n\n<p>Virginia Woolf,&nbsp;<em>De la maladie<\/em>, traduit par Elise Argaud (Payot &amp; Rivages, 2018)<\/p>\n","protected":false},"excerpt":{"rendered":"<p>Philosophie Flora Bastiani, Philosophie du soin critique. Penser la relation en r\u00e9animation, en soins intensifs et dans le pr\u00e9l\u00e8vement d&rsquo;organes Flora Bastiani et Mich\u00e8le Saint-Jean (dir.),&nbsp;Soin et fin de vie \u2013 pour une \u00e9thique de l\u2019accompagnement&nbsp; Georges Canguilhem,&nbsp;Le normal et le pathologique&nbsp; Vladimir Jank\u00e9l\u00e9vitch,&nbsp;La mort Vladimir Jank\u00e9l\u00e9vitch,&nbsp;Penser la mort&nbsp;?&nbsp; Hans Jonas,&nbsp;Le ph\u00e9nom\u00e8ne de la vie, &hellip; <\/p>\n<p class=\"link-more\"><a href=\"https:\/\/blogs.univ-tlse2.fr\/master-ethiquedusoin\/ressources\/indications-bibliographiques-generales\/\" class=\"more-link\">Continuer la lecture<span class=\"screen-reader-text\"> de &laquo;&nbsp;Indications bibliographiques g\u00e9n\u00e9rales&nbsp;&raquo;<\/span><\/a><\/p>\n","protected":false},"author":405,"featured_media":0,"parent":159,"menu_order":0,"comment_status":"closed","ping_status":"closed","template":"","meta":{"footnotes":"","_links_to":"","_links_to_target":""},"class_list":["post-1410","page","type-page","status-publish","hentry"],"_links":{"self":[{"href":"https:\/\/blogs.univ-tlse2.fr\/master-ethiquedusoin\/wp-json\/wp\/v2\/pages\/1410","targetHints":{"allow":["GET"]}}],"collection":[{"href":"https:\/\/blogs.univ-tlse2.fr\/master-ethiquedusoin\/wp-json\/wp\/v2\/pages"}],"about":[{"href":"https:\/\/blogs.univ-tlse2.fr\/master-ethiquedusoin\/wp-json\/wp\/v2\/types\/page"}],"author":[{"embeddable":true,"href":"https:\/\/blogs.univ-tlse2.fr\/master-ethiquedusoin\/wp-json\/wp\/v2\/users\/405"}],"replies":[{"embeddable":true,"href":"https:\/\/blogs.univ-tlse2.fr\/master-ethiquedusoin\/wp-json\/wp\/v2\/comments?post=1410"}],"version-history":[{"count":4,"href":"https:\/\/blogs.univ-tlse2.fr\/master-ethiquedusoin\/wp-json\/wp\/v2\/pages\/1410\/revisions"}],"predecessor-version":[{"id":2628,"href":"https:\/\/blogs.univ-tlse2.fr\/master-ethiquedusoin\/wp-json\/wp\/v2\/pages\/1410\/revisions\/2628"}],"up":[{"embeddable":true,"href":"https:\/\/blogs.univ-tlse2.fr\/master-ethiquedusoin\/wp-json\/wp\/v2\/pages\/159"}],"wp:attachment":[{"href":"https:\/\/blogs.univ-tlse2.fr\/master-ethiquedusoin\/wp-json\/wp\/v2\/media?parent=1410"}],"curies":[{"name":"wp","href":"https:\/\/api.w.org\/{rel}","templated":true}]}}

Indications bibliographiques générales

<p></p>



<h1 class="wp-block-heading"><strong>Philosophie</strong></h1>



<p>Flora Bastiani, <em>Philosophie du soin critique. Penser la relation en réanimation, en soins intensifs et dans le prélèvement d&rsquo;organes</em> </p>



<p>Flora Bastiani et Michèle Saint-Jean (dir.),&nbsp;<em>Soin et fin de vie – pour une éthique de l’accompagnement</em>&nbsp;</p>



<p>Georges Canguilhem,&nbsp;<em>Le normal et le pathologique</em>&nbsp;</p>



<p>Vladimir Jankélévitch,<em>&nbsp;La mort</em></p>



<p>Vladimir Jankélévitch,<em>&nbsp;Penser la mort&nbsp;?&nbsp;</em></p>



<p>Hans Jonas,&nbsp;<em>Le phénomène de la vie, vers une biologie philosophique</em>, traduit par Danielle Lories</p>



<p>Hans Jonas,&nbsp;<em>Le principe responsabilité</em></p>



<p>Emmanuel Levinas,&nbsp;<em>Le temps et l’autre</em></p>



<p>Maurice Merleau-Ponty,&nbsp;<em>Phénoménologie de la perception</em></p>



<p>Marc Richir,&nbsp;<em>Le corps, essai sur l’intériorité</em></p>



<p>Paul Ricoeur,&nbsp;<em>Soi-même comme un autre&nbsp;</em></p>



<p>Max Scheler,&nbsp;<em>Nature et forme de la sympathie&nbsp;</em></p>



<h1 class="wp-block-heading"><strong>Epistémologie</strong></h1>



<p>Patrick Dupouey et Denis Huisman,&nbsp;<em>Epistémologie de la biologie: la connaissance du vivant</em></p>



<p>Michel Morange,&nbsp;<em>La vie expliquée: 50 ans après la double hélice</em>&nbsp;</p>



<p>André Pichot,&nbsp;<em>Expliquer la vie: de l’âme à la molécule</em></p>



<p>André Pichot,&nbsp;<em>Histoire de la notion de vie</em>&nbsp;</p>



<p>Erwin Schrödinger,&nbsp;<em>Qu’est-ce que la vie ? de la physique à la biologie</em></p>



<p>Francisco J. Varela et et Paul Bourgine,&nbsp;<em>Autonomie et connaissance: essai sur le vivant</em>&nbsp;</p>



<h1 class="wp-block-heading"><strong>Droit</strong></h1>



<p>Xavier Bioy,&nbsp;<em>Biodroit – de la biopolitique au droit de la bioéthique</em>&nbsp;</p>



<p>Xavier Bioy,&nbsp;<em>Droits fondamentaux et libertés publiques</em></p>



<p>Didier Truchet,&nbsp;<em>Le droit de la santé publique</em>&nbsp;</p>



<p>Marie-Laure Moquet-Anger,&nbsp;<em>Droit hospitalier</em></p>



<p>Marc Dupont, Claudine Esper et Christian Paire,&nbsp;<em>Droit hospitalier</em>&nbsp;</p>



<p>Anne Laude, Bertrand Mathieu et Didier Tabuteau,&nbsp;<em>Droit de la santé</em></p>



<h1 class="wp-block-heading"><strong>Médecine</strong></h1>



<p>Didier Sicard,&nbsp;<em>L’éthique médicale et la bioéthique&nbsp;</em></p>



<p>Fabrice Gzil et Emmanuel Hirsch,&nbsp;<em>Alzheimer. Ethique et société</em></p>



<p></p>



<h1 class="wp-block-heading"><strong>Romans et essais</strong></h1>



<p>Marie De Hennezel<em>, La mort intime</em>&nbsp;(Pocket, 2006)</p>



<p>Mathias Malzieu,<em>&nbsp;Journal d’un vampire en pyjama&nbsp;</em>(LGF, 2017)</p>



<p>Ruwen Ogien,&nbsp;<em>Mes mille et une nuits&nbsp;</em>(Albin Michel, 2017)</p>



<p>Martin Winckler,&nbsp;<em>La maladie de Sachs&nbsp;</em>(Gallimard, 2005)</p>



<p>Virginia Woolf,&nbsp;<em>De la maladie</em>, traduit par Elise Argaud (Payot &amp; Rivages, 2018)</p>

<p>Philosophie Flora Bastiani, Philosophie du soin critique. Penser la relation en réanimation, en soins intensifs et dans le prélèvement d&rsquo;organes Flora Bastiani et Michèle Saint-Jean (dir.),&nbsp;Soin et fin de vie – pour une éthique de l’accompagnement&nbsp; Georges Canguilhem,&nbsp;Le normal et le pathologique&nbsp; Vladimir Jankélévitch,&nbsp;La mort Vladimir Jankélévitch,&nbsp;Penser la mort&nbsp;?&nbsp; Hans Jonas,&nbsp;Le phénomène de la vie, &hellip; </p>
<p class="link-more"><a href="https://blogs.univ-tlse2.fr/master-ethiquedusoin/ressources/indications-bibliographiques-generales/" class="more-link">Continuer la lecture<span class="screen-reader-text"> de &laquo;&nbsp;Indications bibliographiques générales&nbsp;&raquo;</span></a></p>
