 {"id":1929,"date":"2021-07-14T11:32:36","date_gmt":"2021-07-14T09:32:36","guid":{"rendered":"https:\/\/blogs.univ-tlse2.fr\/master-ethiquedusoin\/?page_id=1929"},"modified":"2024-08-25T18:46:18","modified_gmt":"2024-08-25T16:46:18","slug":"ethique-de-la-recherche-biomedicale-ups-ue906","status":"publish","type":"page","link":"https:\/\/blogs.univ-tlse2.fr\/master-ethiquedusoin\/ethique-de-la-recherche-biomedicale-ups-ue906\/","title":{"rendered":"\u00c9thique de la recherche biom\u00e9dicale (UPS) UE906"},"content":{"rendered":"<p>HAMEL<\/p>\n<p>Volume horaire pr\u00e9sentiel : 25h<\/p>\n<p>Contenu non communiqu\u00e9<\/p>\n<p>Modalit\u00e9s d&rsquo;\u00e9valuation identique pour le pr\u00e9sentiel et le distanciel : \u00e9crit terminal.<\/p>\n","protected":false},"excerpt":{"rendered":"<p>HAMEL Volume horaire pr\u00e9sentiel : 25h Contenu non communiqu\u00e9 Modalit\u00e9s d&rsquo;\u00e9valuation identique pour le pr\u00e9sentiel et le distanciel : \u00e9crit terminal.<\/p>\n","protected":false},"author":405,"featured_media":0,"parent":0,"menu_order":0,"comment_status":"closed","ping_status":"closed","template":"","meta":{"footnotes":"","_links_to":"","_links_to_target":""},"class_list":["post-1929","page","type-page","status-publish","hentry"],"_links":{"self":[{"href":"https:\/\/blogs.univ-tlse2.fr\/master-ethiquedusoin\/wp-json\/wp\/v2\/pages\/1929","targetHints":{"allow":["GET"]}}],"collection":[{"href":"https:\/\/blogs.univ-tlse2.fr\/master-ethiquedusoin\/wp-json\/wp\/v2\/pages"}],"about":[{"href":"https:\/\/blogs.univ-tlse2.fr\/master-ethiquedusoin\/wp-json\/wp\/v2\/types\/page"}],"author":[{"embeddable":true,"href":"https:\/\/blogs.univ-tlse2.fr\/master-ethiquedusoin\/wp-json\/wp\/v2\/users\/405"}],"replies":[{"embeddable":true,"href":"https:\/\/blogs.univ-tlse2.fr\/master-ethiquedusoin\/wp-json\/wp\/v2\/comments?post=1929"}],"version-history":[{"count":2,"href":"https:\/\/blogs.univ-tlse2.fr\/master-ethiquedusoin\/wp-json\/wp\/v2\/pages\/1929\/revisions"}],"predecessor-version":[{"id":2435,"href":"https:\/\/blogs.univ-tlse2.fr\/master-ethiquedusoin\/wp-json\/wp\/v2\/pages\/1929\/revisions\/2435"}],"wp:attachment":[{"href":"https:\/\/blogs.univ-tlse2.fr\/master-ethiquedusoin\/wp-json\/wp\/v2\/media?parent=1929"}],"curies":[{"name":"wp","href":"https:\/\/api.w.org\/{rel}","templated":true}]}}