 {"id":232,"date":"2017-05-27T10:58:46","date_gmt":"2017-05-27T08:58:46","guid":{"rendered":"https:\/\/blogs.univ-tlse2.fr\/master-ethiquedusoin\/?page_id=232"},"modified":"2026-02-05T09:36:42","modified_gmt":"2026-02-05T08:36:42","slug":"memoire","status":"publish","type":"page","link":"https:\/\/blogs.univ-tlse2.fr\/master-ethiquedusoin\/memoire\/","title":{"rendered":"M\u00e9moire"},"content":{"rendered":"<p><span style=\"text-decoration: underline\"><strong>Important :<\/strong><\/span> <strong>merci de consulter les documents mis \u00e0 votre disposition en bas de page. Les r\u00e9ponses \u00e0 la majorit\u00e9 des questions que vous vous posez s&rsquo;y trouvent !<\/strong><\/p>\n<p style=\"text-align: justify\">A l\u2019issue des deux ann\u00e9es de Master Ethique de la Sant\u00e9 et Recherche, afin de valider le dipl\u00f4me, chaque \u00e9tudiant-e doit pr\u00e9senter un m\u00e9moire de recherche. Il s\u2019agit d\u2019un volume de 80 \u00e0 100 pages (hors bibliographie et annexes) qui d\u00e9veloppe une r\u00e9flexion tridisciplinaire.<\/p>\n<p style=\"text-align: justify\">Si le m\u00e9moire est soutenu \u00e0 la fin de la formation, le travail de recherche qui le nourrit doit s\u2019\u00e9tablir au plus t\u00f4t dans le cursus, notamment par la r\u00e9flexion sur un th\u00e8me que vous aurez choisi personnellement, en lien avec les grands th\u00e8mes d\u00e9velopp\u00e9s dans le Master.<\/p>\n<p style=\"text-align: justify\">Chaque \u00e9tape est d\u00e9taill\u00e9e dans le document <a href=\"https:\/\/blogs.univ-tlse2.fr\/master-ethiquedusoin\/files\/2023\/05\/Suivi-autonome-Memoire.docx\">suivi autonome du m\u00e9moire de recherche &#8211; Check list<\/a>.<\/p>\n<p style=\"text-align: justify\">Le premier temps du travail sur le m\u00e9moire consiste ainsi pour chaque \u00e9tudiant-e \u00e0 se demander quel est le th\u00e8me sur lequel il-elle tend \u00e0 travailler. Et \u00e0 l\u2019int\u00e9rieur de ce champ th\u00e9matique, quelle question il-elle souhaite poser. Cette question sera autant que possible li\u00e9e au stage effectu\u00e9 pendant la formation. <strong><span style=\"text-decoration: underline\">Elle devra toujours \u00eatre abord\u00e9e \u00e0 partir des trois disciplines de la formation &#8211; droit, philosophie, m\u00e9decine.<\/span><\/strong><\/p>\n<p style=\"text-align: justify\">A ce stade, il faut consid\u00e9rer que le travail de recherche demandera un r\u00e9el investissement, mobilisant du temps de lecture, de r\u00e9flexion \u2013 \u00e9ventuellement d\u2019entretiens et d\u2019analyse de donn\u00e9es &#8211; et de r\u00e9daction. Toutes ces conditions impliquent de faire le choix d\u2019une question porteuse d\u2019enjeux qui vous importent \u00e0 titre personnel.<\/p>\n<p style=\"text-align: justify\">Une fois le th\u00e8me et la question majeure choisis, ils doivent \u00eatre d\u00e9velopp\u00e9s \u00e0 l\u2019\u00e9crit sous la forme d\u2019un projet de recherche pr\u00e9sentant votre probl\u00e9matique. Ce projet sera ensuite soumis \u00e0 la directrice ou au directeur de recherche que chaque \u00e9tudiant-e aura choisi de solliciter. Le choix de la directrice ou du directeur repose notamment sur le lien avec les th\u00e9matiques choisies pour le m\u00e9moire.<\/p>\n<p style=\"text-align: justify\">L\u2019accord d\u2019une directrice ou d&rsquo;un directeur de recherche, une fois recueilli, doit \u00eatre enregistr\u00e9 officiellement par le d\u00e9p\u00f4t du sujet de m\u00e9moire. Et cela aupr\u00e8s du secr\u00e9tariat de la discipline de la directrice ou du directeur (formulaire t\u00e9l\u00e9chargeable ci-dessous). Cette d\u00e9marche doit \u00eatre faite durant le semestre 4 (au premier semestre du M2), <span style=\"text-decoration: underline\"><strong>au plus tard au d\u00e9but du mois de d\u00e9cembre<\/strong> <\/span>de l&rsquo;ann\u00e9e universitaire en cours.<\/p>\n<p style=\"text-align: justify\">De mani\u00e8re \u00e0 mener \u00e0 bien ce travail interdisciplinaire, <span style=\"text-decoration: underline\"><strong>il est obligatoire que les m\u00e9moires soient suivis par un co-directeur.trice d&rsquo;une discipline diff\u00e9rente du directeur.trice principal.<\/strong><\/span> Dans la m\u00eame id\u00e9e, les soutenances auront toujours lieu devant un jury tripartite, repr\u00e9sentatif des trois disciplines &#8211; droit, philosophie, m\u00e9decine.<\/p>\n<p>Les soutenances sont regroup\u00e9es sur des dates d\u00e9termin\u00e9es d\u00e8s septembre. Merci de consulter le planning des cours sur le blog pour en prendre connaissance. Aucune d\u00e9rogation \u00e0 ces dates ne sera possible.<\/p>\n<p>L&rsquo;organisation des soutenances est faite \u00e0 partir des informations fournies dans le tableau \u00ab\u00a0M\u00e9moires et stages\u00a0\u00bb que vous devez vous-m\u00eames renseigner (document disponible sur le drive : M2 &#8211;&gt; Semestre 2 &#8211;&gt; M\u00e9moire). <strong>Tableau non rempli\/mal rempli = pas de soutenance.<\/strong><\/p>\n<p style=\"text-align: justify\"><strong>D\u00e9p\u00f4t :<\/strong> <span style=\"color: #ff0000\"><em><strong>Le m\u00e9moire est \u00e0 d\u00e9poser au format papier aupr\u00e8s de chaque membre du jury, au format PDF aux trois directeurs du Master \u00c9thique et en ligne sur le drive du Master (acc\u00e8s par l&rsquo;espace membre du blog).\u00a0<\/strong><\/em><\/span><\/p>\n<p><a href=\"https:\/\/blogs.univ-tlse2.fr\/master-ethiquedusoin\/files\/2023\/05\/Suivi-autonome-Memoire-1.docx\">Suivi autonome du m\u00e9moire de recherche &#8211; Check list<\/a><\/p>\n<p><a href=\"https:\/\/blogs.univ-tlse2.fr\/master-ethiquedusoin\/files\/2023\/05\/Consignes-pour-la-redaction-du-memoire-1.pdf\">R\u00e9daction du m\u00e9moire de recherche<\/a><\/p>\n<p><a href=\"https:\/\/www.ut-capitole.fr\/accueil\/bibliotheques\/accompagnement-et-formations\/bu-realiser-son-memoire\">Conseils sur la documentation du m\u00e9moire<\/a><\/p>\n<p><a href=\"https:\/\/blogs.univ-tlse2.fr\/master-ethiquedusoin\/files\/2020\/10\/Depot-sujet-memoire-M2-ETHIQUE-2020-21.pdf\">Formulaire D\u00e9p\u00f4t de sujet de m\u00e9moire<\/a><\/p>\n<p><a href=\"https:\/\/blogs.univ-tlse2.fr\/master-ethiquedusoin\/wp-content\/blogs.dir\/201\/files\/2017\/08\/Page-de-garde-M\u00e9moire-Master-ETHIQUE-2016.doc\">Page de garde vierge<\/a><\/p>\n","protected":false},"excerpt":{"rendered":"<p>Important : merci de consulter les documents mis \u00e0 votre disposition en bas de page. Les r\u00e9ponses \u00e0 la majorit\u00e9 des questions que vous vous posez s&rsquo;y trouvent ! A l\u2019issue des deux ann\u00e9es de Master Ethique de la Sant\u00e9 et Recherche, afin de valider le dipl\u00f4me, chaque \u00e9tudiant-e doit pr\u00e9senter un m\u00e9moire de recherche. &hellip; <\/p>\n<p class=\"link-more\"><a href=\"https:\/\/blogs.univ-tlse2.fr\/master-ethiquedusoin\/memoire\/\" class=\"more-link\">Continuer la lecture<span class=\"screen-reader-text\"> de &laquo;&nbsp;M\u00e9moire&nbsp;&raquo;<\/span><\/a><\/p>\n","protected":false},"author":405,"featured_media":0,"parent":0,"menu_order":0,"comment_status":"closed","ping_status":"closed","template":"","meta":{"footnotes":"","_links_to":"","_links_to_target":""},"class_list":["post-232","page","type-page","status-publish","hentry"],"_links":{"self":[{"href":"https:\/\/blogs.univ-tlse2.fr\/master-ethiquedusoin\/wp-json\/wp\/v2\/pages\/232","targetHints":{"allow":["GET"]}}],"collection":[{"href":"https:\/\/blogs.univ-tlse2.fr\/master-ethiquedusoin\/wp-json\/wp\/v2\/pages"}],"about":[{"href":"https:\/\/blogs.univ-tlse2.fr\/master-ethiquedusoin\/wp-json\/wp\/v2\/types\/page"}],"author":[{"embeddable":true,"href":"https:\/\/blogs.univ-tlse2.fr\/master-ethiquedusoin\/wp-json\/wp\/v2\/users\/405"}],"replies":[{"embeddable":true,"href":"https:\/\/blogs.univ-tlse2.fr\/master-ethiquedusoin\/wp-json\/wp\/v2\/comments?post=232"}],"version-history":[{"count":29,"href":"https:\/\/blogs.univ-tlse2.fr\/master-ethiquedusoin\/wp-json\/wp\/v2\/pages\/232\/revisions"}],"predecessor-version":[{"id":2625,"href":"https:\/\/blogs.univ-tlse2.fr\/master-ethiquedusoin\/wp-json\/wp\/v2\/pages\/232\/revisions\/2625"}],"wp:attachment":[{"href":"https:\/\/blogs.univ-tlse2.fr\/master-ethiquedusoin\/wp-json\/wp\/v2\/media?parent=232"}],"curies":[{"name":"wp","href":"https:\/\/api.w.org\/{rel}","templated":true}]}}