 {"id":259,"date":"2017-05-27T12:55:24","date_gmt":"2017-05-27T10:55:24","guid":{"rendered":"https:\/\/blogs.univ-tlse2.fr\/master-ethiquedusoin\/?page_id=259"},"modified":"2021-09-17T14:41:55","modified_gmt":"2021-09-17T12:41:55","slug":"conferences-en-ligne","status":"publish","type":"page","link":"https:\/\/blogs.univ-tlse2.fr\/master-ethiquedusoin\/conferences-en-ligne\/","title":{"rendered":"Conf\u00e9rences en ligne"},"content":{"rendered":"<h4 style=\"text-align: center\">S\u00e9minaire de recherche Mort &amp; Pand\u00e9mie<\/h4>\n<p><iframe loading=\"lazy\" title=\"Aux origines des rites fun\u00e9raires - Eric Crubezy. S\u00e9minaire Mort &amp; Pand\u00e9mie 1\" width=\"525\" height=\"295\" src=\"https:\/\/www.youtube.com\/embed\/0xQocSdM0Xs?list=PLbx_v354A2BBUC8cy-hfXgh7vKkT0ZS1m\" frameborder=\"0\" allow=\"accelerometer; autoplay; clipboard-write; encrypted-media; gyroscope; picture-in-picture; web-share\" referrerpolicy=\"strict-origin-when-cross-origin\" allowfullscreen><\/iframe><\/p>\n<h4 style=\"text-align: center\">Introduction aux questions d&rsquo;\u00e9thique<\/h4>\n<p><iframe loading=\"lazy\" title=\"Introdution aux questions d&#039;\u00e9thique en sant\u00e9\" width=\"525\" height=\"295\" src=\"https:\/\/www.youtube.com\/embed\/2DoNdkbm0Lw?feature=oembed\" frameborder=\"0\" allow=\"accelerometer; autoplay; clipboard-write; encrypted-media; gyroscope; picture-in-picture; web-share\" referrerpolicy=\"strict-origin-when-cross-origin\" allowfullscreen><\/iframe><\/p>\n<h4 style=\"text-align: center\">Vid\u00e9os de la journ\u00e9e d&rsquo;\u00e9tude \u00ab\u00a0Contention et relation de soin\u00a0\u00bb (novembre 2019)<\/h4>\n<p><iframe loading=\"lazy\" title=\"Introduction - Journe\u0301e &quot;Contention et relation de soin&quot;\" width=\"525\" height=\"295\" src=\"https:\/\/www.youtube.com\/embed\/8t81X-NafHU?list=PLbx_v354A2BC6vU0ijS3lf-qKvWEvhFiR\" frameborder=\"0\" allow=\"accelerometer; autoplay; clipboard-write; encrypted-media; gyroscope; picture-in-picture; web-share\" referrerpolicy=\"strict-origin-when-cross-origin\" allowfullscreen><\/iframe><\/p>\n<h4 style=\"text-align: center\">Vid\u00e9os du colloque \u00ab\u00a0Vie et relation\u00a0\u00bb (juillet 2019)<\/h4>\n<p><iframe loading=\"lazy\" title=\"&quot;L&#039;ocytocine&quot; Carole Levenes | &quot;La relation, l&#039;id\u00e9e et la vie&quot; Jean-Michel Salanskis\" width=\"525\" height=\"295\" src=\"https:\/\/www.youtube.com\/embed\/-BDqL2KE1i4?list=PLbx_v354A2BAeEXhKO3lp4MR_o2DBSZd0\" frameborder=\"0\" allow=\"accelerometer; autoplay; clipboard-write; encrypted-media; gyroscope; picture-in-picture; web-share\" referrerpolicy=\"strict-origin-when-cross-origin\" allowfullscreen><\/iframe><\/p>\n<h4 style=\"text-align: center\">Vid\u00e9os de la journ\u00e9e d&rsquo;\u00e9tude \u00ab\u00a0Privation de libert\u00e9 et relation de soin\u00a0\u00bb (7 d\u00e9cembre 2018)<\/h4>\n<p><iframe loading=\"lazy\" title=\"Introduction de la journ\u00e9e d&#039;\u00e9tude &quot;Privation de libert\u00e9 et relation de soin&quot;\" width=\"525\" height=\"295\" src=\"https:\/\/www.youtube.com\/embed\/lynl0qSkrPA?list=PLbx_v354A2BCie1EoYRys5pcOR4gDKNmT\" frameborder=\"0\" allow=\"accelerometer; autoplay; clipboard-write; encrypted-media; gyroscope; picture-in-picture; web-share\" referrerpolicy=\"strict-origin-when-cross-origin\" allowfullscreen><\/iframe><\/p>\n<h4 style=\"text-align: center\">Vid\u00e9os du colloque \u00ab\u00a0De dieu qui vient \u00e0 l&rsquo;id\u00e9e : de l&rsquo;alt\u00e9rit\u00e9 \u00e0 l&rsquo;ill\u00e9it\u00e9\u00a0\u00bb (juillet 2018)<\/h4>\n<p style=\"text-align: center\"><a href=\"https:\/\/youtu.be\/E3sI7Sd3pTc\">E3sI7Sd3pTc<\/a><\/p>\n<h4 style=\"text-align: center\">Vid\u00e9o de la conf\u00e9rence \u00ab\u00a0La posture soignante : science, conscience et bienveillance\u00a0\u00bb (20 octobre 2017)<\/h4>\n<p><iframe loading=\"lazy\" title=\"La posture soignante : science, conscience et bienveillance\" width=\"525\" height=\"295\" src=\"https:\/\/www.youtube.com\/embed\/TuOkQ9CiB24?start=1148&#038;feature=oembed\" frameborder=\"0\" allow=\"accelerometer; autoplay; clipboard-write; encrypted-media; gyroscope; picture-in-picture; web-share\" referrerpolicy=\"strict-origin-when-cross-origin\" allowfullscreen><\/iframe><\/p>\n<p style=\"text-align: center\"><strong>Vid\u00e9os du colloque \u00ab\u00a0La vie entre \u00e9thique et science\u00a0\u00bb (juillet 2017)<\/strong><\/p>\n<p><iframe loading=\"lazy\" title=\"&quot;La vie entre \u00e9thique et science&quot; 04\/07\/2017 - Michel Olivier\" width=\"525\" height=\"295\" src=\"https:\/\/www.youtube.com\/embed\/-QKLFAYFzyU?list=PLOMyVuRpZKx1baFxoUIEQe4jrf7jeBUDM\" frameborder=\"0\" allow=\"accelerometer; autoplay; clipboard-write; encrypted-media; gyroscope; picture-in-picture; web-share\" referrerpolicy=\"strict-origin-when-cross-origin\" allowfullscreen><\/iframe><\/p>\n<p style=\"text-align: center\"><strong>Vid\u00e9os du colloque \u00ab\u00a0Repr\u00e9sentation et alt\u00e9rit\u00e9 &#8211; Esth\u00e9tique et \u00e9pist\u00e9mologie \u00e0 partir d&rsquo;Emmanuel Levinas\u00a0\u00bb (juillet 2015)<\/strong><\/p>\n<p><iframe loading=\"lazy\" title=\"Repr\u00e9sentation et Alt\u00e9rit\u00e9 - Esth\u00e9tique et Epist\u00e9mologie \u00e0 partir d\u2019E. Levinas (Colloque international de philosophie, juillet 2015)\" width=\"525\" height=\"295\" src=\"https:\/\/www.youtube.com\/embed\/videoseries?list=PLOMyVuRpZKx0w9nShW2qiTnEszU_BUiTY\" frameborder=\"0\" allow=\"accelerometer; autoplay; clipboard-write; encrypted-media; gyroscope; picture-in-picture; web-share\" referrerpolicy=\"strict-origin-when-cross-origin\" allowfullscreen><\/iframe><\/p>\n<p style=\"text-align: center\"><strong>Vid\u00e9os du colloque \u00ab\u00a0L&rsquo;adresse &amp; l&rsquo;argument &#8211; Levinas et la philosophie analytique\u00a0\u00bb (avril 2015)<\/strong><\/p>\n<p><iframe loading=\"lazy\" title=\"L\u2019Adresse &amp; l\u2019Argument. Levinas et la philosophie analytique (2015)\" width=\"525\" height=\"295\" src=\"https:\/\/www.youtube.com\/embed\/videoseries?list=PLOMyVuRpZKx3okE7iP7UJ2D4vulPwbE0B\" frameborder=\"0\" allow=\"accelerometer; autoplay; clipboard-write; encrypted-media; gyroscope; picture-in-picture; web-share\" referrerpolicy=\"strict-origin-when-cross-origin\" allowfullscreen><\/iframe><\/p>\n<p style=\"text-align: center\"><strong>Vid\u00e9os du colloque \u00ab\u00a0Autrement qu&rsquo;\u00eatre\u00a0\u00bb (juillet 2014)<\/strong><\/p>\n<p><iframe loading=\"lazy\" title=\"Colloque sur Levinas \/ Autrement qu&#039;\u00eatre (2014)\" width=\"525\" height=\"295\" src=\"https:\/\/www.youtube.com\/embed\/videoseries?list=PLOMyVuRpZKx2mbOwUU6LzCVxF0oTytoj4\" frameborder=\"0\" allow=\"accelerometer; autoplay; clipboard-write; encrypted-media; gyroscope; picture-in-picture; web-share\" referrerpolicy=\"strict-origin-when-cross-origin\" allowfullscreen><\/iframe><\/p>\n<p style=\"text-align: center\"><strong>Vid\u00e9os du colloque \u00ab\u00a0Deleuze et Lyotard : deux lignes de fuite pour la philosophie du vingti\u00e8me si\u00e8cle\u00a0\u00bb (juillet 2013)<\/strong><\/p>\n<p><iframe loading=\"lazy\" title=\"Colloque de philosophie sur Deleuze et Lyotard (2013)\" width=\"525\" height=\"295\" src=\"https:\/\/www.youtube.com\/embed\/videoseries?list=PLOMyVuRpZKx1BnRK2MnzUCDVzY9p8do4N\" frameborder=\"0\" allow=\"accelerometer; autoplay; clipboard-write; encrypted-media; gyroscope; picture-in-picture; web-share\" referrerpolicy=\"strict-origin-when-cross-origin\" allowfullscreen><\/iframe><\/p>\n<p style=\"text-align: center\"><strong>Vid\u00e9os du colloque \u00ab\u00a0Bergson, Jank\u00e9l\u00e9vitch, Levinas &#8211; M\u00e9taphysique, morale et temps\u00a0\u00bb (juillet 2012)<\/strong><\/p>\n<p><iframe loading=\"lazy\" title=\"&quot;Bergson, Jank\u00e9l\u00e9vitch, Levinas&quot; Colloque Philosophie 2012\" width=\"525\" height=\"295\" src=\"https:\/\/www.youtube.com\/embed\/videoseries?list=PL4D2B91E9199E020E\" frameborder=\"0\" allow=\"accelerometer; autoplay; clipboard-write; encrypted-media; gyroscope; picture-in-picture; web-share\" referrerpolicy=\"strict-origin-when-cross-origin\" allowfullscreen><\/iframe><\/p>\n<p style=\"text-align: center\"><strong>Vid\u00e9os du colloque \u00ab\u00a0Retrouver un sens nouveau : rencontrer l&rsquo;impr\u00e9visible &#8211; actualit\u00e9 de la ph\u00e9nom\u00e9nologie\u00a0\u00bb (juillet 2011)<\/strong><\/p>\n<p><iframe loading=\"lazy\" title=\"&quot;RETROUVER UN SENS NOUVEAU : RENCONTRER L&#039;IMPREVISIBLE&quot;\" width=\"525\" height=\"295\" src=\"https:\/\/www.youtube.com\/embed\/videoseries?list=PL67B360EC4E7F56A5\" frameborder=\"0\" allow=\"accelerometer; autoplay; clipboard-write; encrypted-media; gyroscope; picture-in-picture; web-share\" referrerpolicy=\"strict-origin-when-cross-origin\" allowfullscreen><\/iframe><\/p>\n","protected":false},"excerpt":{"rendered":"<p>S\u00e9minaire de recherche Mort &amp; Pand\u00e9mie Introduction aux questions d&rsquo;\u00e9thique Vid\u00e9os de la journ\u00e9e d&rsquo;\u00e9tude \u00ab\u00a0Contention et relation de soin\u00a0\u00bb (novembre 2019) Vid\u00e9os du colloque \u00ab\u00a0Vie et relation\u00a0\u00bb (juillet 2019) Vid\u00e9os de la journ\u00e9e d&rsquo;\u00e9tude \u00ab\u00a0Privation de libert\u00e9 et relation de soin\u00a0\u00bb (7 d\u00e9cembre 2018) Vid\u00e9os du colloque \u00ab\u00a0De dieu qui vient \u00e0 l&rsquo;id\u00e9e : &hellip; <\/p>\n<p class=\"link-more\"><a href=\"https:\/\/blogs.univ-tlse2.fr\/master-ethiquedusoin\/conferences-en-ligne\/\" class=\"more-link\">Continuer la lecture<span class=\"screen-reader-text\"> de &laquo;&nbsp;Conf\u00e9rences en ligne&nbsp;&raquo;<\/span><\/a><\/p>\n","protected":false},"author":405,"featured_media":0,"parent":0,"menu_order":0,"comment_status":"closed","ping_status":"closed","template":"","meta":{"footnotes":"","_links_to":"","_links_to_target":""},"class_list":["post-259","page","type-page","status-publish","hentry"],"_links":{"self":[{"href":"https:\/\/blogs.univ-tlse2.fr\/master-ethiquedusoin\/wp-json\/wp\/v2\/pages\/259","targetHints":{"allow":["GET"]}}],"collection":[{"href":"https:\/\/blogs.univ-tlse2.fr\/master-ethiquedusoin\/wp-json\/wp\/v2\/pages"}],"about":[{"href":"https:\/\/blogs.univ-tlse2.fr\/master-ethiquedusoin\/wp-json\/wp\/v2\/types\/page"}],"author":[{"embeddable":true,"href":"https:\/\/blogs.univ-tlse2.fr\/master-ethiquedusoin\/wp-json\/wp\/v2\/users\/405"}],"replies":[{"embeddable":true,"href":"https:\/\/blogs.univ-tlse2.fr\/master-ethiquedusoin\/wp-json\/wp\/v2\/comments?post=259"}],"version-history":[{"count":13,"href":"https:\/\/blogs.univ-tlse2.fr\/master-ethiquedusoin\/wp-json\/wp\/v2\/pages\/259\/revisions"}],"predecessor-version":[{"id":2003,"href":"https:\/\/blogs.univ-tlse2.fr\/master-ethiquedusoin\/wp-json\/wp\/v2\/pages\/259\/revisions\/2003"}],"wp:attachment":[{"href":"https:\/\/blogs.univ-tlse2.fr\/master-ethiquedusoin\/wp-json\/wp\/v2\/media?parent=259"}],"curies":[{"name":"wp","href":"https:\/\/api.w.org\/{rel}","templated":true}]}}