 {"id":11,"date":"2019-02-11T11:48:08","date_gmt":"2019-02-11T10:48:08","guid":{"rendered":"https:\/\/blogs.univ-tlse2.fr\/master-gaed\/?page_id=11"},"modified":"2024-05-29T11:22:24","modified_gmt":"2024-05-29T09:22:24","slug":"presentation","status":"publish","type":"page","link":"https:\/\/blogs.univ-tlse2.fr\/master-gaed\/presentation\/","title":{"rendered":"Pr\u00e9sentation"},"content":{"rendered":"\n<p class=\"has-text-align-center has-medium-font-size\"><strong>Bienvenue sur le blog du master GAED ! <\/strong><\/p>\n\n\n\n<p class=\"has-text-align-center\"><img loading=\"lazy\" decoding=\"async\" width=\"478\" height=\"233\" class=\"wp-image-261\" style=\"width: 500px\" src=\"https:\/\/blogs.univ-tlse2.fr\/master-gaed\/files\/2020\/05\/vue_etudiants2.jpg\" alt=\"\" srcset=\"https:\/\/blogs.univ-tlse2.fr\/master-gaed\/files\/2020\/05\/vue_etudiants2.jpg 478w, https:\/\/blogs.univ-tlse2.fr\/master-gaed\/files\/2020\/05\/vue_etudiants2-300x146.jpg 300w\" sizes=\"auto, (max-width: 478px) 100vw, 478px\" \/><\/p>\n\n\n\n<p class=\"has-text-align-center\"><strong>La formation de master GAED permet d\u2019assurer la ma\u00eetrise des concepts et th\u00e9ories associ\u00e9s \u00e0 la g\u00e9ographie de l\u2019environnement et des m\u00e9thodes d\u2019analyse des dynamiques spatio-temporelles de l\u2019anthroposyst\u00e8me et des socio-\u00e9cosyst\u00e8mes. <\/strong><\/p>\n\n\n<div class=\"wp-block-image\">\n<figure class=\"aligncenter size-large is-resized\"><img loading=\"lazy\" decoding=\"async\" width=\"981\" height=\"1024\" src=\"https:\/\/blogs.univ-tlse2.fr\/master-gaed\/files\/2021\/03\/logo_GEMO_fond_blanc-981x1024.png\" alt=\"\" class=\"wp-image-394\" style=\"width:150px;height:150px\" srcset=\"https:\/\/blogs.univ-tlse2.fr\/master-gaed\/files\/2021\/03\/logo_GEMO_fond_blanc-981x1024.png 981w, https:\/\/blogs.univ-tlse2.fr\/master-gaed\/files\/2021\/03\/logo_GEMO_fond_blanc-287x300.png 287w, https:\/\/blogs.univ-tlse2.fr\/master-gaed\/files\/2021\/03\/logo_GEMO_fond_blanc-768x802.png 768w, https:\/\/blogs.univ-tlse2.fr\/master-gaed\/files\/2021\/03\/logo_GEMO_fond_blanc.png 1030w\" sizes=\"auto, (max-width: 981px) 100vw, 981px\" \/><\/figure>\n<\/div>\n\n\n<p class=\"has-text-align-center\"><strong>Le parcours GEMO est orient\u00e9 sur la gestion et l&rsquo;\u00e9valuation des environnements de montagne.<\/strong><\/p>\n\n\n\n<p class=\"has-text-align-center\"><img loading=\"lazy\" decoding=\"async\" width=\"291\" height=\"305\" class=\"wp-image-264\" style=\"width: 150px\" src=\"https:\/\/blogs.univ-tlse2.fr\/master-gaed\/files\/2020\/05\/logotrent.png\" alt=\"\" srcset=\"https:\/\/blogs.univ-tlse2.fr\/master-gaed\/files\/2020\/05\/logotrent.png 291w, https:\/\/blogs.univ-tlse2.fr\/master-gaed\/files\/2020\/05\/logotrent-286x300.png 286w\" sizes=\"auto, (max-width: 291px) 100vw, 291px\" \/><\/p>\n\n\n\n<p class=\"has-text-align-center\"><strong>Le parcours TRENT se focalise sur l\u2019adaptation en articulant politiques publiques, actions et gestion des territoires. <\/strong><\/p>\n\n\n\n<p class=\"has-text-align-center\">Pour en savoir + : <a rel=\"noreferrer noopener\" href=\"https:\/\/www.univ-tlse2.fr\/accueil\/navigation\/formation-insertion\/decouvrir-nos-formations\/mention-geographie-amenagement-environnement-et-developpement-436530.kjsp?RH=02Diplomes\" target=\"_blank\">la page du master sur le site de l&rsquo;UT2J<\/a><\/p>\n\n\n\n<p class=\"has-text-align-center\">T\u00e9l\u00e9charger l&rsquo;affiche GEMO :<\/p>\n\n\n\n<p class=\"has-text-align-center\"><a href=\"https:\/\/blogs.univ-tlse2.fr\/master-gaed\/files\/2024\/05\/Affiche-GEMO-light.pdf\" target=\"_blank\" rel=\"noreferrer noopener\"><img loading=\"lazy\" decoding=\"async\" width=\"100\" height=\"141\" class=\"wp-image-176\" style=\"width: 100px\" src=\"https:\/\/blogs.univ-tlse2.fr\/master-gaed\/files\/2020\/05\/icone_affiche_trent.jpg\" alt=\"\"><\/a><\/p>\n\n\n\n<p class=\"has-text-align-center\">T\u00e9l\u00e9charger l&rsquo;affiche TRENT :<\/p>\n\n\n\n<p class=\"has-text-align-center\"><a href=\"https:\/\/blogs.univ-tlse2.fr\/master-gaed\/files\/2020\/05\/affiche_trent_light.pdf\" target=\"_blank\" rel=\"noreferrer noopener\"><img loading=\"lazy\" decoding=\"async\" width=\"100\" height=\"141\" class=\"wp-image-176\" style=\"width: 100px\" src=\"https:\/\/blogs.univ-tlse2.fr\/master-gaed\/files\/2020\/05\/icone_affiche_trent.jpg\" alt=\"\"><\/a><\/p>\n","protected":false},"excerpt":{"rendered":"<p>Bienvenue sur le blog du master GAED ! La formation de master GAED permet d\u2019assurer la ma\u00eetrise des concepts et th\u00e9ories associ\u00e9s \u00e0 la g\u00e9ographie de l\u2019environnement et des m\u00e9thodes d\u2019analyse des dynamiques spatio-temporelles de l\u2019anthroposyst\u00e8me et des socio-\u00e9cosyst\u00e8mes. Le parcours GEMO est orient\u00e9 sur la gestion et l&rsquo;\u00e9valuation des environnements de montagne. Le parcours [&hellip;]<\/p>\n","protected":false},"author":293,"featured_media":0,"parent":0,"menu_order":0,"comment_status":"closed","ping_status":"closed","template":"","meta":{"footnotes":""},"class_list":["post-11","page","type-page","status-publish","hentry"],"_links":{"self":[{"href":"https:\/\/blogs.univ-tlse2.fr\/master-gaed\/wp-json\/wp\/v2\/pages\/11","targetHints":{"allow":["GET"]}}],"collection":[{"href":"https:\/\/blogs.univ-tlse2.fr\/master-gaed\/wp-json\/wp\/v2\/pages"}],"about":[{"href":"https:\/\/blogs.univ-tlse2.fr\/master-gaed\/wp-json\/wp\/v2\/types\/page"}],"author":[{"embeddable":true,"href":"https:\/\/blogs.univ-tlse2.fr\/master-gaed\/wp-json\/wp\/v2\/users\/293"}],"replies":[{"embeddable":true,"href":"https:\/\/blogs.univ-tlse2.fr\/master-gaed\/wp-json\/wp\/v2\/comments?post=11"}],"version-history":[{"count":16,"href":"https:\/\/blogs.univ-tlse2.fr\/master-gaed\/wp-json\/wp\/v2\/pages\/11\/revisions"}],"predecessor-version":[{"id":684,"href":"https:\/\/blogs.univ-tlse2.fr\/master-gaed\/wp-json\/wp\/v2\/pages\/11\/revisions\/684"}],"wp:attachment":[{"href":"https:\/\/blogs.univ-tlse2.fr\/master-gaed\/wp-json\/wp\/v2\/media?parent=11"}],"curies":[{"name":"wp","href":"https:\/\/api.w.org\/{rel}","templated":true}]}}