 {"id":161,"date":"2020-05-05T13:47:47","date_gmt":"2020-05-05T11:47:47","guid":{"rendered":"https:\/\/blogs.univ-tlse2.fr\/master-gaed\/?page_id=161"},"modified":"2021-04-13T14:44:02","modified_gmt":"2021-04-13T12:44:02","slug":"ue-901","status":"publish","type":"page","link":"https:\/\/blogs.univ-tlse2.fr\/master-gaed\/ue-901\/","title":{"rendered":"UE 806 &#8211; GEMO"},"content":{"rendered":"\n<p><strong>Atelier &#8211; Projet tuteur\u00e9<\/strong><\/p>\n\n\n\n<p>Responsable p\u00e9dagogique : <a href=\"http:\/\/w3.geode.univ-tlse2.fr\/permanents\/peltier.php\" target=\"_blank\" rel=\"noreferrer noopener\">Anne PELTIER<\/a><\/p>\n\n\n\n<p><strong>Objectifs<\/strong><\/p>\n\n\n\n<p>L\u2019objectif du module est de pr\u00e9parer les \u00e9tudiant.e.s \u00e0 r\u00e9pondre de mani\u00e8re collective, scientifique et pragmatique \u00e0 des probl\u00e9matiques sous forme d\u2019ateliers en M2. Il est donc organis\u00e9 selon deux directions concomitantes :<\/p>\n\n\n\n<p>1. Faire acqu\u00e9rir (ou r\u00e9acqu\u00e9rir) aux \u00e9tudiant.e.s des outils et m\u00e9thodes d\u2019apprentissage des d\u00e9marches g\u00e9ographiques et scientifiques de base (bibliographie, lecture de cartes, recherche documentaire, terrain\u2026)<\/p>\n\n\n\n<p>2. Parall\u00e8lement, mettre l\u2019\u00e9tudiant.e en conditions r\u00e9elles de r\u00e9ponse collective \u00e0 une commande de type professionnel et le.la familiariser avec la gestion de projet. En M1 le sujet de l\u2019atelier est fix\u00e9 par l\u2019\u00e9quipe enseignante qui accompagne toute la promotion en salle et sur le terrain. L\u2019objectif de cet atelier est d\u2019appliquer les enseignements \u00e0 un cas d\u2019\u00e9tude : un territoire, une probl\u00e9matique, voire des donn\u00e9es (\u00e0 traiter et int\u00e9grer dans un SIG en g\u00e9n\u00e9ral). La promotion est r\u00e9partie en petits groupes (3-4 \u00e9tudiant.e.s) qui ciblent leurs travaux sur un volet de l\u2019atelier, r\u00e9digent un petit dossier (une note par groupe) et int\u00e8grent les principaux r\u00e9sultats dans un expos\u00e9 oral collectif (une note globale).<\/p>\n\n\n\n<p><strong>Contenus<\/strong><\/p>\n\n\n\n<p>&#8211; cadrage formel et CM introductif en pr\u00e9sentiel<\/p>\n\n\n\n<p>&#8211; travail de terrain &#8211; plusieurs rendez-vous p\u00e9riodiques pour le suivi des apprentissages et l\u2019avanc\u00e9e des travaux<\/p>\n","protected":false},"excerpt":{"rendered":"<p>Atelier &#8211; Projet tuteur\u00e9 Responsable p\u00e9dagogique : Anne PELTIER Objectifs L\u2019objectif du module est de pr\u00e9parer les \u00e9tudiant.e.s \u00e0 r\u00e9pondre de mani\u00e8re collective, scientifique et pragmatique \u00e0 des probl\u00e9matiques sous forme d\u2019ateliers en M2. Il est donc organis\u00e9 selon deux directions concomitantes : 1. Faire acqu\u00e9rir (ou r\u00e9acqu\u00e9rir) aux \u00e9tudiant.e.s des outils et m\u00e9thodes d\u2019apprentissage [&hellip;]<\/p>\n","protected":false},"author":840,"featured_media":0,"parent":0,"menu_order":0,"comment_status":"closed","ping_status":"closed","template":"","meta":{"footnotes":""},"class_list":["post-161","page","type-page","status-publish","hentry"],"_links":{"self":[{"href":"https:\/\/blogs.univ-tlse2.fr\/master-gaed\/wp-json\/wp\/v2\/pages\/161","targetHints":{"allow":["GET"]}}],"collection":[{"href":"https:\/\/blogs.univ-tlse2.fr\/master-gaed\/wp-json\/wp\/v2\/pages"}],"about":[{"href":"https:\/\/blogs.univ-tlse2.fr\/master-gaed\/wp-json\/wp\/v2\/types\/page"}],"author":[{"embeddable":true,"href":"https:\/\/blogs.univ-tlse2.fr\/master-gaed\/wp-json\/wp\/v2\/users\/840"}],"replies":[{"embeddable":true,"href":"https:\/\/blogs.univ-tlse2.fr\/master-gaed\/wp-json\/wp\/v2\/comments?post=161"}],"version-history":[{"count":5,"href":"https:\/\/blogs.univ-tlse2.fr\/master-gaed\/wp-json\/wp\/v2\/pages\/161\/revisions"}],"predecessor-version":[{"id":466,"href":"https:\/\/blogs.univ-tlse2.fr\/master-gaed\/wp-json\/wp\/v2\/pages\/161\/revisions\/466"}],"wp:attachment":[{"href":"https:\/\/blogs.univ-tlse2.fr\/master-gaed\/wp-json\/wp\/v2\/media?parent=161"}],"curies":[{"name":"wp","href":"https:\/\/api.w.org\/{rel}","templated":true}]}}