 {"id":201,"date":"2020-05-06T14:24:29","date_gmt":"2020-05-06T12:24:29","guid":{"rendered":"https:\/\/blogs.univ-tlse2.fr\/master-gaed\/?page_id=201"},"modified":"2021-04-13T14:27:52","modified_gmt":"2021-04-13T12:27:52","slug":"ue-705-gaed","status":"publish","type":"page","link":"https:\/\/blogs.univ-tlse2.fr\/master-gaed\/ue-705-gaed\/","title":{"rendered":"UE 705 &#8211; GEMO"},"content":{"rendered":"\n<p><strong>Gestion des environnements montagnards<\/strong><\/p>\n\n\n\n<p>Responsable p\u00e9dagogique : <a href=\"http:\/\/w3.geode.univ-tlse2.fr\/permanents\/peltier.php\" target=\"_blank\" rel=\"noreferrer noopener\">Anne Peltier<\/a><\/p>\n\n\n\n<p><strong>Objectifs<\/strong><\/p>\n\n\n\n<p>Cette UE a pour objectif de donner aux \u00e9tudiants des clefs de compr\u00e9hension des modalit\u00e9s de gestion des environnements montagnards, particuli\u00e8rement sur le plan r\u00e9glementaire. Elle traite en particulier des politiques publiques relatives \u00e0 la montagne mais aussi de l\u2019ad\u00e9quation des politiques publiques environnementales g\u00e9n\u00e9rales aux sp\u00e9cificit\u00e9s montagnardes.<\/p>\n\n\n\n<p><strong>Comp\u00e9tences vis\u00e9es<\/strong><\/p>\n\n\n\n<p>Comprendre les logiques d\u2019\u00e9volution des politiques publiques relatives \u00e0 la montagne. \u00c9valuer la mise en \u0153uvre des politiques publiques environnementales en montagne. Caract\u00e9riser les freins et les leviers \u00e0 cette mise en \u0153uvre.<\/p>\n\n\n\n<p><strong>Contenus<\/strong><\/p>\n\n\n\n<p>Les cours portent sur l\u2019\u00e9volution de la gestion des milieux montagnards et notamment sur l\u2019histoire des relations entre l\u2019\u00c9tat et les communaut\u00e9s locales et les conflits environnementaux anciens. Ils abordent \u00e9galement la loi Montagne de 1985 et ses \u00e9volutions successives. Enfin, les s\u00e9ances se concentrent sur les enjeux de la gestion actuelle de l\u2019environnement en montagne, notamment dans le domaine de la gestion des milieux (fermeture des paysages, impacts environnementaux des pratiques touristiques&#8230;), des espaces prot\u00e9g\u00e9s et des risques.<\/p>\n\n\n\n<p><strong>Indications bibliographiques<\/strong><\/p>\n\n\n\n<ul class=\"wp-block-list\"><li>Office fran\u00e7ais pour la biodiversit\u00e9, Outils juridiques pour la protection des espaces naturels, 71 p., <a href=\"http:\/\/ct78.espaces-naturels.fr\/\">http:\/\/ct78.espaces-naturels.fr\/<\/a><\/li><li>Ost F., 2003, <em>La nature hors la loi<\/em>, La D\u00e9couverte (poche)<\/li><li>Prieur, Cohendet, Delzangles, 2019, <em>Droit de l&rsquo;environnement<\/em> &#8211; Dalloz, 8e \u00e9d. Broch\u00e9 \u2013 1440 p.<\/li><li>R\u00e9mond-Gouilloud M., 1989, <em>Du droit de d\u00e9truire. Essai sur le droit de l&rsquo;environnement<\/em>. PUF, Paris.<\/li><li>Romi R., Audrain-Demey G., 2018, <em>Droit de l&rsquo;environnement et du d\u00e9veloppement durable<\/em>, Dunod, 750 p.<\/li><\/ul>\n","protected":false},"excerpt":{"rendered":"<p>Gestion des environnements montagnards Responsable p\u00e9dagogique : Anne Peltier Objectifs Cette UE a pour objectif de donner aux \u00e9tudiants des clefs de compr\u00e9hension des modalit\u00e9s de gestion des environnements montagnards, particuli\u00e8rement sur le plan r\u00e9glementaire. Elle traite en particulier des politiques publiques relatives \u00e0 la montagne mais aussi de l\u2019ad\u00e9quation des politiques publiques environnementales g\u00e9n\u00e9rales [&hellip;]<\/p>\n","protected":false},"author":840,"featured_media":0,"parent":0,"menu_order":0,"comment_status":"closed","ping_status":"closed","template":"","meta":{"footnotes":""},"class_list":["post-201","page","type-page","status-publish","hentry"],"_links":{"self":[{"href":"https:\/\/blogs.univ-tlse2.fr\/master-gaed\/wp-json\/wp\/v2\/pages\/201","targetHints":{"allow":["GET"]}}],"collection":[{"href":"https:\/\/blogs.univ-tlse2.fr\/master-gaed\/wp-json\/wp\/v2\/pages"}],"about":[{"href":"https:\/\/blogs.univ-tlse2.fr\/master-gaed\/wp-json\/wp\/v2\/types\/page"}],"author":[{"embeddable":true,"href":"https:\/\/blogs.univ-tlse2.fr\/master-gaed\/wp-json\/wp\/v2\/users\/840"}],"replies":[{"embeddable":true,"href":"https:\/\/blogs.univ-tlse2.fr\/master-gaed\/wp-json\/wp\/v2\/comments?post=201"}],"version-history":[{"count":3,"href":"https:\/\/blogs.univ-tlse2.fr\/master-gaed\/wp-json\/wp\/v2\/pages\/201\/revisions"}],"predecessor-version":[{"id":460,"href":"https:\/\/blogs.univ-tlse2.fr\/master-gaed\/wp-json\/wp\/v2\/pages\/201\/revisions\/460"}],"wp:attachment":[{"href":"https:\/\/blogs.univ-tlse2.fr\/master-gaed\/wp-json\/wp\/v2\/media?parent=201"}],"curies":[{"name":"wp","href":"https:\/\/api.w.org\/{rel}","templated":true}]}}