 {"id":232,"date":"2020-05-06T18:11:19","date_gmt":"2020-05-06T16:11:19","guid":{"rendered":"https:\/\/blogs.univ-tlse2.fr\/master-gaed\/?page_id=232"},"modified":"2021-04-14T14:41:16","modified_gmt":"2021-04-14T12:41:16","slug":"ue-804-gaed","status":"publish","type":"page","link":"https:\/\/blogs.univ-tlse2.fr\/master-gaed\/ue-804-gaed\/","title":{"rendered":"UE 804 &#8211; GAED"},"content":{"rendered":"\n<p><strong><strong><strong>Communication et valorisation<\/strong><\/strong><\/strong><\/p>\n\n\n\n<p>Responsable p\u00e9dagogique&nbsp; :&nbsp; <a href=\"http:\/\/www.franckvidal.fr\/\" target=\"_blank\" rel=\"noreferrer noopener\">Franck VIDAL<\/a><\/p>\n\n\n\n<p><strong>Objectifs<\/strong><\/p>\n\n\n\n<p>Le module propos\u00e9 vise \u00e0 faire acqu\u00e9rir aux \u00e9tudiants les bases des communications qu\u2019ils auront \u00e0 d\u00e9velopper au cours de leurs \u00e9tudes et de leur carri\u00e8re&nbsp;professionnelle et sur tous les types de supports de communication actuels : pr\u00e9sentation r\u00e9tro-projet\u00e9e&nbsp;; cr\u00e9ation d\u2019un document papier de type poster, affiche, plaquette&nbsp;; pr\u00e9sentation orale&nbsp;; montage d\u2019un blog scientifique ou institutionnel&nbsp;; initiation au montage vid\u00e9o.<\/p>\n\n\n\n<p><strong>Contenus<\/strong><\/p>\n\n\n\n<p>Le cours s\u2019organise autour d\u2019un apprentissage des outils de base imm\u00e9diatement suivis par une validation not\u00e9e sous forme de cr\u00e9ation de produit<\/p>\n\n\n\n<ul class=\"wp-block-list\"><li>2 heures&nbsp;: Les r\u00e8gles de base de la communication<\/li><li>4 heures&nbsp;: Outil r\u00e9tro projet\u00e9s type Powerpoint et Prezi<\/li><li>6 heures&nbsp;: Outil papier type Inkscape<\/li><li>4 heures&nbsp;: Outil d\u2019apprentissage oral type Pecha kucha<\/li><li>4 heures&nbsp;: Outil video type Openshot<\/li><li>4 heures&nbsp;: Outil web type WordPress<\/li><\/ul>\n\n\n\n<p><strong>Indications bibliographiques<\/strong> <\/p>\n\n\n\n<p>Toutes infos et r\u00e9f\u00e9rences sur <a href=\"http:\/\/www.franckvidal.fr\/\" target=\"_blank\" rel=\"noreferrer noopener\">franckvidal.fr<\/a> rubrique \u00ab&nbsp;mes cours&nbsp;\u00bb<\/p>\n","protected":false},"excerpt":{"rendered":"<p>Communication et valorisation Responsable p\u00e9dagogique&nbsp; :&nbsp; Franck VIDAL Objectifs Le module propos\u00e9 vise \u00e0 faire acqu\u00e9rir aux \u00e9tudiants les bases des communications qu\u2019ils auront \u00e0 d\u00e9velopper au cours de leurs \u00e9tudes et de leur carri\u00e8re&nbsp;professionnelle et sur tous les types de supports de communication actuels : pr\u00e9sentation r\u00e9tro-projet\u00e9e&nbsp;; cr\u00e9ation d\u2019un document papier de type poster, [&hellip;]<\/p>\n","protected":false},"author":840,"featured_media":0,"parent":0,"menu_order":0,"comment_status":"closed","ping_status":"closed","template":"","meta":{"footnotes":""},"class_list":["post-232","page","type-page","status-publish","hentry"],"_links":{"self":[{"href":"https:\/\/blogs.univ-tlse2.fr\/master-gaed\/wp-json\/wp\/v2\/pages\/232","targetHints":{"allow":["GET"]}}],"collection":[{"href":"https:\/\/blogs.univ-tlse2.fr\/master-gaed\/wp-json\/wp\/v2\/pages"}],"about":[{"href":"https:\/\/blogs.univ-tlse2.fr\/master-gaed\/wp-json\/wp\/v2\/types\/page"}],"author":[{"embeddable":true,"href":"https:\/\/blogs.univ-tlse2.fr\/master-gaed\/wp-json\/wp\/v2\/users\/840"}],"replies":[{"embeddable":true,"href":"https:\/\/blogs.univ-tlse2.fr\/master-gaed\/wp-json\/wp\/v2\/comments?post=232"}],"version-history":[{"count":3,"href":"https:\/\/blogs.univ-tlse2.fr\/master-gaed\/wp-json\/wp\/v2\/pages\/232\/revisions"}],"predecessor-version":[{"id":544,"href":"https:\/\/blogs.univ-tlse2.fr\/master-gaed\/wp-json\/wp\/v2\/pages\/232\/revisions\/544"}],"wp:attachment":[{"href":"https:\/\/blogs.univ-tlse2.fr\/master-gaed\/wp-json\/wp\/v2\/media?parent=232"}],"curies":[{"name":"wp","href":"https:\/\/api.w.org\/{rel}","templated":true}]}}