 {"id":500,"date":"2021-04-14T10:50:51","date_gmt":"2021-04-14T08:50:51","guid":{"rendered":"https:\/\/blogs.univ-tlse2.fr\/master-gaed\/?page_id=500"},"modified":"2021-04-14T10:51:04","modified_gmt":"2021-04-14T08:51:04","slug":"ue-705-trent","status":"publish","type":"page","link":"https:\/\/blogs.univ-tlse2.fr\/master-gaed\/ue-705-trent\/","title":{"rendered":"UE 705 &#8211; TRENT"},"content":{"rendered":"\n<p><strong>Lois et grands programmes de la transition environnementale<\/strong><\/p>\n\n\n\n<p>Responsable p\u00e9dagogique : <a href=\"http:\/\/w3.geode.univ-tlse2.fr\/permanents\/marc.php\" target=\"_blank\" rel=\"noreferrer noopener\">Daniel MARC<\/a><\/p>\n\n\n\n<p><strong>Objectifs<\/strong><\/p>\n\n\n\n<p>Cet enseignement vise \u00e0 comprendre le processus de normalisation de l\u2019environnement. Depuis les id\u00e9aux jusqu\u2019\u00e0 la mise en \u0153uvre. La mise en perspectives de ces \u00e9l\u00e9ments fondamentaux des politiques publiques est sens\u00e9e d\u00e9velopper l\u2019analyse critique. Les \u00e9tudiants acqui\u00e8rent des bases en droit de l\u2019environnement\u00a0; apprennent o\u00f9 trouver une information pr\u00e9cise lorsque l\u2019on est dans l\u2019action\u00a0; voient les proc\u00e9dures administratives&#8230; La finalit\u00e9 est de permettre aux \u00e9tudiants d\u2019\u00eatre op\u00e9rationnels plus rapidement lors de leur prise de poste future et leur donner le recul n\u00e9cessaire pour appliquer plus efficacement la r\u00e9glementation.<\/p>\n\n\n\n<p><strong>Contenus <\/strong><\/p>\n\n\n\n<p>Cette UE pr\u00e9sente les principaux grands programmes internationaux, europ\u00e9ens notamment, en lien avec la transition environnementale et leur d\u00e9clinaison nationale (Accords de Paris\u00a0; Convention sur la biodiversit\u00e9 \u2013 Loi Biodiversit\u00e9 2016\u00a0; Indicateurs du D\u00e9veloppement Durable, Grenelles 1 et 2\u2026). L\u2019enseignement apporte une perspective historique du droit de l\u2019environnement, suivi d\u2019une pr\u00e9sentation des grands textes fondateurs de la transition et de leurs modalit\u00e9s de mise en \u0153uvre. On y aborde notamment leur traduction territoriale et leurs modalit\u00e9s d\u2019application\u00a0(la hi\u00e9rarchie des normes dans les documents d\u2019am\u00e9nagements, l\u2019applicabilit\u00e9 du droit : entre la question du contr\u00f4le et l\u2019acceptation sociale, les types d&rsquo;\u00e9valuation environnementale), ainsi que quelques exemples d\u2019outils d\u2019application ou d\u2019\u00e9valuation (la d\u00e9marche d&rsquo;autorisation environnementale unique, les indicateurs dans la transition \u00e9cologique, etc\u2026).<\/p>\n\n\n\n<p><strong>Indications bibliographiques<\/strong><\/p>\n\n\n\n<p>&#8211; B\u00c9TAILLE, Julien. Les conditions juridiques de l\u2019effectivit\u00e9 de la norme en droit public interne: illustrations en droit de l\u2019urbanisme et en droit de l\u2019environnement. Th\u00e8se en droit de l\u2019environnement soutenue en 2012, 735 pages.<\/p>\n\n\n\n<p>&#8211; https:\/\/www.ecologie.gouv.fr\/collection-thema<\/p>\n\n\n\n<p>&#8211; Ordonnance du 3 ao\u00fbt 2016 portant r\u00e9forme des proc\u00e9dures destin\u00e9es \u00e0 assurer l&rsquo;information et la participation du public \u00e0 l&rsquo;\u00e9laboration de certaines d\u00e9cisions susceptibles d&rsquo;avoir une incidence sur l&rsquo;environnement.<\/p>\n\n\n\n<p>&#8211; MARC Daniel, GOUIX Nicolas \u2013 Quelle gestion pour la biodiversit\u00e9 ? R\u00e9flexions sur les m\u00e9thodes de hi\u00e9rarchisation et leurs cons\u00e9quences. Sud-Ouest Europ\u00e9en \u2013 Revue g\u00e9ographique des Pyr\u00e9n\u00e9es et du Sud-Ouest. 2020. N\u00b049 p.17-28. &#8211; SEBASTIEN L\u00e9a, Markku Lehtonen, Tom Bauler. Introduction. Les indicateurs participatifs tiennent-ils leurs promesses? Participations &#8211; Revue de sciences sociales sur la d\u00e9mocratie et la citoyennet\u00e9, De Boeck Sup\u00e9rieur, 2017, pp.9-38.<\/p>\n","protected":false},"excerpt":{"rendered":"<p>Lois et grands programmes de la transition environnementale Responsable p\u00e9dagogique : Daniel MARC Objectifs Cet enseignement vise \u00e0 comprendre le processus de normalisation de l\u2019environnement. Depuis les id\u00e9aux jusqu\u2019\u00e0 la mise en \u0153uvre. La mise en perspectives de ces \u00e9l\u00e9ments fondamentaux des politiques publiques est sens\u00e9e d\u00e9velopper l\u2019analyse critique. Les \u00e9tudiants acqui\u00e8rent des bases en [&hellip;]<\/p>\n","protected":false},"author":840,"featured_media":0,"parent":0,"menu_order":0,"comment_status":"closed","ping_status":"closed","template":"","meta":{"footnotes":""},"class_list":["post-500","page","type-page","status-publish","hentry"],"_links":{"self":[{"href":"https:\/\/blogs.univ-tlse2.fr\/master-gaed\/wp-json\/wp\/v2\/pages\/500","targetHints":{"allow":["GET"]}}],"collection":[{"href":"https:\/\/blogs.univ-tlse2.fr\/master-gaed\/wp-json\/wp\/v2\/pages"}],"about":[{"href":"https:\/\/blogs.univ-tlse2.fr\/master-gaed\/wp-json\/wp\/v2\/types\/page"}],"author":[{"embeddable":true,"href":"https:\/\/blogs.univ-tlse2.fr\/master-gaed\/wp-json\/wp\/v2\/users\/840"}],"replies":[{"embeddable":true,"href":"https:\/\/blogs.univ-tlse2.fr\/master-gaed\/wp-json\/wp\/v2\/comments?post=500"}],"version-history":[{"count":2,"href":"https:\/\/blogs.univ-tlse2.fr\/master-gaed\/wp-json\/wp\/v2\/pages\/500\/revisions"}],"predecessor-version":[{"id":502,"href":"https:\/\/blogs.univ-tlse2.fr\/master-gaed\/wp-json\/wp\/v2\/pages\/500\/revisions\/502"}],"wp:attachment":[{"href":"https:\/\/blogs.univ-tlse2.fr\/master-gaed\/wp-json\/wp\/v2\/media?parent=500"}],"curies":[{"name":"wp","href":"https:\/\/api.w.org\/{rel}","templated":true}]}}