 {"id":552,"date":"2021-04-14T14:59:00","date_gmt":"2021-04-14T12:59:00","guid":{"rendered":"https:\/\/blogs.univ-tlse2.fr\/master-gaed\/?page_id=552"},"modified":"2021-04-14T14:59:00","modified_gmt":"2021-04-14T12:59:00","slug":"ue-1002-gaed","status":"publish","type":"page","link":"https:\/\/blogs.univ-tlse2.fr\/master-gaed\/ue-1002-gaed\/","title":{"rendered":"UE 1002 &#8211; GAED"},"content":{"rendered":"\n<p><strong>Droit de l\u2019environnement\u00a0<\/strong><\/p>\n\n\n\n<p>Responsable p\u00e9dagogique : Vincent Le Coq<\/p>\n\n\n\n<p>L\u2019UE 1002 a comme <strong>objectifs <\/strong>de\u00a0:<\/p>\n\n\n\n<ul class=\"wp-block-list\"><li>Montrer le d\u00e9calage entre l\u2019importance attribu\u00e9e symboliquement au droit de l\u2019environnement et sa place effective dans la hi\u00e9rarchie des priorit\u00e9s<\/li><li>Comprendre la mainmise de l\u2019industrie sur la construction du droit de l\u2019environnement<\/li><li>Comprendre les raisons de l\u2019inefficacit\u00e9 du droit de l\u2019environnement \u00e0 atteindre les objectifs qui lui sont officiellement assign\u00e9s<\/li><\/ul>\n\n\n\n<p><strong>Contenus <\/strong><\/p>\n\n\n\n<p>Cet enseignement est un cours magistral. Il porte sur les grands principes du droit de l\u2019environnement, sa construction r\u00e9cente par rapport aux autres branches du droit, et surtout les limites de son application. Le cours interrogera les liens entre certitude scientifique et d\u00e9cision politique et portera une attention particuli\u00e8re au soubassement scientifique du droit de l\u2019environnement et visera \u00e0 montrer que la ma\u00eetrise par les industriels de la rationalit\u00e9 scientifique permet son d\u00e9voiement et aboutit \u00e0 un droit de l\u2019environnement insusceptible d\u2019endiguer l\u2019empoisonnement chimique du monde.<\/p>\n\n\n\n<p><strong>Indications bibliographiques<\/strong><\/p>\n\n\n\n<ul class=\"wp-block-list\"><li>Rachel Carson, <em>Printemps silencieux<\/em>, Plon, 1963<\/li><li>St\u00e9phane Horel, <em>La grande invasion. Enqu\u00eate sur les produits qui intoxiquent notre vie quotidienne<\/em>, \u00c9ditions du Moment, 2008<\/li><li>Philippe Kourilsky, Genevi\u00e8ve Viney, Le principe de pr\u00e9caution, Odile Jacob, La Documentation fran\u00e7aise, 2000<\/li><li>Naomi Oreskes, Erik M. Conway, <em>Les marchands de doute<\/em>, Le Pommier, 2010<\/li><li>Annie Th\u00e9baud-Mony, <em>La science asservie<\/em>, La D\u00e9couverte, 2014<\/li><\/ul>\n","protected":false},"excerpt":{"rendered":"<p>Droit de l\u2019environnement\u00a0 Responsable p\u00e9dagogique : Vincent Le Coq L\u2019UE 1002 a comme objectifs de\u00a0: Montrer le d\u00e9calage entre l\u2019importance attribu\u00e9e symboliquement au droit de l\u2019environnement et sa place effective dans la hi\u00e9rarchie des priorit\u00e9s Comprendre la mainmise de l\u2019industrie sur la construction du droit de l\u2019environnement Comprendre les raisons de l\u2019inefficacit\u00e9 du droit de [&hellip;]<\/p>\n","protected":false},"author":840,"featured_media":0,"parent":0,"menu_order":0,"comment_status":"closed","ping_status":"closed","template":"","meta":{"footnotes":""},"class_list":["post-552","page","type-page","status-publish","hentry"],"_links":{"self":[{"href":"https:\/\/blogs.univ-tlse2.fr\/master-gaed\/wp-json\/wp\/v2\/pages\/552","targetHints":{"allow":["GET"]}}],"collection":[{"href":"https:\/\/blogs.univ-tlse2.fr\/master-gaed\/wp-json\/wp\/v2\/pages"}],"about":[{"href":"https:\/\/blogs.univ-tlse2.fr\/master-gaed\/wp-json\/wp\/v2\/types\/page"}],"author":[{"embeddable":true,"href":"https:\/\/blogs.univ-tlse2.fr\/master-gaed\/wp-json\/wp\/v2\/users\/840"}],"replies":[{"embeddable":true,"href":"https:\/\/blogs.univ-tlse2.fr\/master-gaed\/wp-json\/wp\/v2\/comments?post=552"}],"version-history":[{"count":1,"href":"https:\/\/blogs.univ-tlse2.fr\/master-gaed\/wp-json\/wp\/v2\/pages\/552\/revisions"}],"predecessor-version":[{"id":553,"href":"https:\/\/blogs.univ-tlse2.fr\/master-gaed\/wp-json\/wp\/v2\/pages\/552\/revisions\/553"}],"wp:attachment":[{"href":"https:\/\/blogs.univ-tlse2.fr\/master-gaed\/wp-json\/wp\/v2\/media?parent=552"}],"curies":[{"name":"wp","href":"https:\/\/api.w.org\/{rel}","templated":true}]}}