 {"id":85,"date":"2020-04-30T10:12:07","date_gmt":"2020-04-30T08:12:07","guid":{"rendered":"https:\/\/blogs.univ-tlse2.fr\/master-gaed\/?page_id=85"},"modified":"2021-04-02T14:24:15","modified_gmt":"2021-04-02T12:24:15","slug":"equipe-dynem","status":"publish","type":"page","link":"https:\/\/blogs.univ-tlse2.fr\/master-gaed\/equipe-dynem\/","title":{"rendered":"\u00c9quipe GEMO"},"content":{"rendered":"\n<p>L\u2019essentiel de l\u2019\u00e9quipe intervenant dans le parcours GEMO est compos\u00e9e d\u2019enseignants-chercheurs et ing\u00e9nieurs du D\u00e9partement de G\u00e9ographie (Professeurs et Ma\u00eetres de conf\u00e9rences), ainsi que de chercheurs et ing\u00e9nieurs du laboratoire d\u2019adossement du master, <a href=\"http:\/\/w3.geode.univ-tlse2.fr\/\">GEODE UMR-5602<\/a> du CNRS :<\/p>\n\n\n\n<ul class=\"wp-block-list\"><li><a rel=\"noreferrer noopener\" href=\"http:\/\/w3.geode.univ-tlse2.fr\/permanents\/angeliaume.php\" target=\"_blank\">ANGELIAUME Alexandra<\/a>, Ma\u00eetre de Conf\u00e9rences &#8211; Montagnes tropicales, gestion de l\u2019eau<\/li><li><a href=\"http:\/\/w3.geode.univ-tlse2.fr\/permanents\/antoine.php\">ANTOINE Jean Ma<\/a><a rel=\"noreferrer noopener\" href=\"http:\/\/w3.geode.univ-tlse2.fr\/permanents\/antoine.php\" target=\"_blank\">rc<\/a>, Ma\u00eetre de Conf\u00e9rences HDR &#8211; Risques naturels, Zones humides, G\u00e9ohistoire de l\u2019environnement  &#8211; <strong>coordonnateur parcours GEMO<\/strong><\/li><li><a rel=\"noreferrer noopener\" href=\"https:\/\/geo.univ-tlse2.fr\/m-aussaguel-francois-394856.kjsp\" target=\"_blank\">AUSSAGUEL Fran\u00e7ois<\/a>, Ing\u00e9nieur D\u00e9partement de G\u00e9ographie \u2013 Cartographie, G\u00e9omatique<\/li><li><a href=\"http:\/\/w3.geode.univ-tlse2.fr\/permanents\/bal.php\" data-type=\"URL\" data-id=\"http:\/\/w3.geode.univ-tlse2.fr\/permanents\/bal.php\">BAL Marie-Claude<\/a>, Ma\u00eetre de Conf\u00e9rences &#8211; P\u00e9dologie, anthracologie &#8211; <strong>Directrice Adjointe du GEODE<\/strong><\/li><li><a href=\"http:\/\/w3.geode.univ-tlse2.fr\/permanents\/barcet.php\">BARCET Hugues<\/a>, Ing\u00e9nieur CNRS &#8211; G\u00e9omatique<\/li><li><a href=\"http:\/\/w3.geode.univ-tlse2.fr\/permanents\/briane.php\">BRIANE G\u00e9rard<\/a>, Ma\u00eetre de Conf\u00e9rences &#8211; Biog\u00e9ographie, Paysages<\/li><li><a href=\"http:\/\/w3.geode.univ-tlse2.fr\/permanents\/chapron.php\">CHAPRON Emmanuel<\/a>, Professeur &#8211; S\u00e9dimentologie lacustre, <\/li><li><a rel=\"noreferrer noopener\" href=\"http:\/\/w3.geode.univ-tlse2.fr\/permanents\/galop.php\" target=\"_blank\">GALOP Didier<\/a>, Directeur de Recherche CNRS \u2013 Palynologie, Pal\u00e9oenvironnements<\/li><li><a rel=\"noreferrer noopener\" href=\"http:\/\/w3.geode.univ-tlse2.fr\/permanents\/guillerme.php\" target=\"_blank\">GUILLERME Sylvie<\/a>, Charg\u00e9e de Recherche CNRS &#8211; GEODE<\/li><li><a rel=\"noreferrer noopener\" href=\"https:\/\/lisst.univ-tlse2.fr\/accueil\/navigation\/autres-infos\/annuaire\/cecile-jebeili--82969.kjsp?RH=Annuaire_LISST#\/\" target=\"_blank\">JEBEILI C\u00e9cile<\/a>, Ma\u00eetre de Conf\u00e9rences &#8211; Droit de l\u2019am\u00e9nagement et des collectivit\u00e9s territoriales<\/li><li>LE COQ Vincent, Ma\u00eetre de Conf\u00e9rences &#8211; Droit de l&rsquo;environnement et des associations<\/li><li><a rel=\"noreferrer noopener\" href=\"http:\/\/w3.geode.univ-tlse2.fr\/permanents\/lerigoleur.php\" target=\"_blank\">LERIGOLEUR \u00c9milie<\/a>, Ing\u00e9nieure CNRS &#8211; Gestion de bases de donn\u00e9es<\/li><li><a rel=\"noreferrer noopener\" href=\"https:\/\/www.researchgate.net\/profile\/Daniel_Marc3\" target=\"_blank\">MARC Daniel<\/a>, Professeur associ\u00e9 &#8211; Conservatoire des Espaces Naturels Occitanie<\/li><li><a rel=\"noreferrer noopener\" href=\"http:\/\/w3.geode.univ-tlse2.fr\/permanents\/mazier.php\" target=\"_blank\">MAZIER Florence<\/a>, Charg\u00e9e de Recherche CNRS &#8211; Pal\u00e9oenvironnements, Palynologie<\/li><li><a rel=\"noreferrer noopener\" href=\"http:\/\/w3.geode.univ-tlse2.fr\/permanents\/paegelow.php\" target=\"_blank\">PAEGELOW Martin<\/a>, Professeur &#8211; G\u00e9omatique, Mod\u00e9lisation<\/li><li><a rel=\"noreferrer noopener\" href=\"http:\/\/w3.geode.univ-tlse2.fr\/permanents\/peltier.php\" target=\"_blank\">PELTIER Anne<\/a>, Ma\u00eetre de Conf\u00e9rences &#8211; Risques naturels &#8211; <strong>coordonnatrice parcours M1 GEMO<\/strong><\/li><li><a rel=\"noreferrer noopener\" href=\"http:\/\/w3.geode.univ-tlse2.fr\/permanents\/py.php\" target=\"_blank\">PY-SARAGAGLIA Vanessa<\/a>, Charg\u00e9e de Recherche CNRS &#8211; Dendrologie, anthracologie &#8211; <strong>Directrice GEODE<\/strong><\/li><li><a rel=\"noreferrer noopener\" href=\"http:\/\/w3.geode.univ-tlse2.fr\/permanents\/saqalli.php\" target=\"_blank\">SAQALLI Mehdi<\/a>, Charg\u00e9 de Recherche CNRS &#8211; Mod\u00e9lisation, SMA<\/li><li><a rel=\"noreferrer noopener\" href=\"http:\/\/w3.geode.univ-tlse2.fr\/permanents\/valette.php\" target=\"_blank\">VALETTE Philippe<\/a>, Ma\u00eetre de Conf\u00e9rences HDR &#8211; Paysages, g\u00e9ohistoire de l\u2019environnement<\/li><li><a rel=\"noreferrer noopener\" href=\"http:\/\/www.franckvidal.fr\/\" target=\"_blank\">VIDAL Franck<\/a>, Ing\u00e9nieur CNRS &#8211; Communication<\/li><\/ul>\n\n\n\n<p>Interviennent \u00e9galement un certain nombre de coll\u00e8gues enseignants-chercheurs ou chercheurs d\u2019autres universit\u00e9s ou d\u2019autres laboratoires, en France ou \u00e0 l\u2019\u00e9tranger&nbsp;:<\/p>\n\n\n\n<ul class=\"wp-block-list\"><li><a href=\"https:\/\/www.isto-orleans.fr\/author\/sbinet\/\">BINET St\u00e9phane<\/a>, Maitre de conf\u00e9rences, Universit\u00e9 d\u2019Orl\u00e9ans, Institut des Sciences de la Terre \u2013 Hydrologie, hydrog\u00e9ologie<\/li><li>DECONCHAT Marc, Ing\u00e9nieur agronome, Laboratoire DYNAFOR, INRAE<\/li><\/ul>\n\n\n\n<p>Ponctuellement des enseignants-chercheurs \u00e9trangers invit\u00e9s peuvent \u00eatre amen\u00e9s \u00e0 participer aux enseignements&nbsp;:<\/p>\n\n\n\n<ul class=\"wp-block-list\"><li>2020&nbsp;: Marcel MINDRESCU, Universit\u00e9 de Suceava, Roumanie<\/li><li>2019&nbsp;: Eduardo PIOVANO, Universit\u00e9 de Cordoba, Argentine<\/li><li>2018&nbsp;: Luisa MOLINA, Universidad de Los Andes, M\u00e9rida, Venezuela<\/li><li>2017&nbsp;: Geoffroy LAMARCHE, Universit\u00e9 d\u2019Auckland, Nouvelle-Z\u00e9lande et Alfredo OLLERO, Universit\u00e9 de Saragosse, Espagne<\/li><\/ul>\n\n\n\n<p>Enfin, des professionnels associ\u00e9s sont int\u00e9gr\u00e9s \u00e0 l\u2019\u00e9quipe p\u00e9dagogique, notamment&nbsp;:<\/p>\n\n\n\n<ul class=\"wp-block-list\"><li><a rel=\"noreferrer noopener\" href=\"https:\/\/www.researchgate.net\/profile\/Daniel_Marc3\" target=\"_blank\">MARC Daniel<\/a>, Professionnel associ\u00e9 au D\u00e9partement de G\u00e9ographie, Directeur du Conservatoire des Espaces Naturels d\u2019Occitanie<\/li><li>BENZENET Yvain, Agence Fran\u00e7aise de la Biodiversit\u00e9 Occitanie<\/li><\/ul>\n\n\n\n<p>Et pour des interventions plus ponctuelles :<\/p>\n\n\n\n<ul class=\"wp-block-list\"><li>ABOUMAJD Yasmina, CAUE de l&rsquo;Aude<\/li><li>BREINIG Thomas, Syndicat mixte interd\u00e9partemental de la vall\u00e9e de la L\u00e8ze<\/li><li>CAV\u00c9 J\u00e9r\u00e9mie, consultant en \u00e9cologie urbaine<\/li><li>CIAPPARA \u00c9ric, CAUE de l&rsquo;Aude<\/li><li>CONTE Elia, Association CIME\u2019TREE<\/li><li>DYRDA Camille, charg\u00e9e de communication, Nature en Occitanie<\/li><li>DAVID M\u00e9lodie<\/li><li>MORELLO Josette, Consultante RH, Chrysalide RH<\/li><\/ul>\n\n\n\n<p><\/p>\n","protected":false},"excerpt":{"rendered":"<p>L\u2019essentiel de l\u2019\u00e9quipe intervenant dans le parcours GEMO est compos\u00e9e d\u2019enseignants-chercheurs et ing\u00e9nieurs du D\u00e9partement de G\u00e9ographie (Professeurs et Ma\u00eetres de conf\u00e9rences), ainsi que de chercheurs et ing\u00e9nieurs du laboratoire d\u2019adossement du master, GEODE UMR-5602 du CNRS : ANGELIAUME Alexandra, Ma\u00eetre de Conf\u00e9rences &#8211; Montagnes tropicales, gestion de l\u2019eau ANTOINE Jean Marc, Ma\u00eetre de Conf\u00e9rences [&hellip;]<\/p>\n","protected":false},"author":840,"featured_media":0,"parent":0,"menu_order":0,"comment_status":"closed","ping_status":"closed","template":"","meta":{"footnotes":""},"class_list":["post-85","page","type-page","status-publish","hentry"],"_links":{"self":[{"href":"https:\/\/blogs.univ-tlse2.fr\/master-gaed\/wp-json\/wp\/v2\/pages\/85","targetHints":{"allow":["GET"]}}],"collection":[{"href":"https:\/\/blogs.univ-tlse2.fr\/master-gaed\/wp-json\/wp\/v2\/pages"}],"about":[{"href":"https:\/\/blogs.univ-tlse2.fr\/master-gaed\/wp-json\/wp\/v2\/types\/page"}],"author":[{"embeddable":true,"href":"https:\/\/blogs.univ-tlse2.fr\/master-gaed\/wp-json\/wp\/v2\/users\/840"}],"replies":[{"embeddable":true,"href":"https:\/\/blogs.univ-tlse2.fr\/master-gaed\/wp-json\/wp\/v2\/comments?post=85"}],"version-history":[{"count":8,"href":"https:\/\/blogs.univ-tlse2.fr\/master-gaed\/wp-json\/wp\/v2\/pages\/85\/revisions"}],"predecessor-version":[{"id":402,"href":"https:\/\/blogs.univ-tlse2.fr\/master-gaed\/wp-json\/wp\/v2\/pages\/85\/revisions\/402"}],"wp:attachment":[{"href":"https:\/\/blogs.univ-tlse2.fr\/master-gaed\/wp-json\/wp\/v2\/media?parent=85"}],"curies":[{"name":"wp","href":"https:\/\/api.w.org\/{rel}","templated":true}]}}