 {"id":40,"date":"2021-02-12T12:38:26","date_gmt":"2021-02-12T11:38:26","guid":{"rendered":"https:\/\/mastergtdl.wordpress.com\/?page_id=40"},"modified":"2021-11-04T18:33:57","modified_gmt":"2021-11-04T17:33:57","slug":"debouches","status":"publish","type":"page","link":"https:\/\/blogs.univ-tlse2.fr\/master-gtdl\/debouches\/","title":{"rendered":"D\u00e9bouch\u00e9s"},"content":{"rendered":"\n<p>Le <strong><span style=\"color:#35845d\" class=\"has-inline-color\">Master \u00ab&nbsp;Gestion des territoires et d\u00e9veloppement local \u2013 Ruralit\u00e9s dans les Nords et les Suds \u00bb<\/span> <\/strong>pr\u00e9pare aux m\u00e9tiers du d\u00e9veloppement rural et agricole dans les pays du Nord et du Sud dans les domaines suivants&nbsp;:<\/p>\n\n\n\n<div class=\"wp-block-columns is-layout-flex wp-container-core-columns-is-layout-9d6595d7 wp-block-columns-is-layout-flex\">\n<div class=\"wp-block-column is-layout-flow wp-block-column-is-layout-flow\" style=\"flex-basis:100%\">\n<ul class=\"wp-block-list\"><li>Am\u00e9nagement, D\u00e9veloppement Territorial et Environnement<\/li><li>Recherche<\/li><li>Enseignement, Formation, \u00c9ducation<\/li><\/ul>\n<\/div>\n<\/div>\n\n\n\n<p><a href=\"https:\/\/blogs.univ-tlse2.fr\/master-gtdl\/files\/2021\/03\/GTDL-TR-enquete-insertion2018.pdf\">Voir les r\u00e9sultats de notre enqu\u00eate d\u2019insertion automne 2018<\/a><img decoding=\"async\" class=\"wp-image-395\" style=\"width: NaNpx\" src=\"https:\/\/blogs.univ-tlse2.fr\/master-gtdl\/files\/2021\/03\/GTDL-TR-enquete-insertion2018.pdf\" alt=\"\"><img decoding=\"async\" class=\"wp-image-394\" style=\"width: NaNpx\" src=\"https:\/\/blogs.univ-tlse2.fr\/master-gtdl\/files\/2021\/03\/GTDL-TR-enquete-insertion2017.pdf\" alt=\"\"><\/p>\n\n\n\n<p><a href=\"https:\/\/blogs.univ-tlse2.fr\/master-dtr\/files\/2019\/05\/GTDL-TR-enqu\u00eate-insertion2017.pdf\">Voir les r\u00e9sultats de notre enqu\u00eate d\u2019insertion <\/a><a href=\"https:\/\/blogs.univ-tlse2.fr\/master-gtdl\/files\/2021\/03\/GTDL-TR-enquete-insertion2017.pdf\" data-type=\"URL\" data-id=\"https:\/\/blogs.univ-tlse2.fr\/master-gtdl\/files\/2021\/03\/GTDL-TR-enquete-insertion2017.pdf\">\u00e9t\u00e9 <\/a><a href=\"https:\/\/blogs.univ-tlse2.fr\/master-dtr\/files\/2019\/05\/GTDL-TR-enqu\u00eate-insertion2017.pdf\">2017<\/a><\/p>\n\n\n\n<p><a href=\"https:\/\/blogs.univ-tlse2.fr\/master-gtdl\/files\/2021\/03\/Developpement-Territoires-Ruraux-promotions-2012-a-2015.pdf\">Voir l\u2019enqu\u00eate 2012-2015 de l\u2019Observatoire de la Vie Etudiante<\/a><\/p>\n\n\n\n<h2 class=\"wp-block-heading\"><\/h2>\n\n\n\n<p><strong>La formation pr\u00e9pare ainsi \u00e0&nbsp;des fonctions de :<\/strong><\/p>\n\n\n\n<ul class=\"wp-block-list\"><li>chef de projet<\/li><li>ing\u00e9nieur \/ cadre<\/li><li>charg\u00e9 de mission<\/li><li>consultant<\/li><li>expert<\/li><li>chercheur<\/li><li>enseignant<\/li><\/ul>\n\n\n\n<p><strong>Ces fonctions sont exerc\u00e9es dans les structures professionnelles suivantes&nbsp;:<\/strong><\/p>\n\n\n\n<ul class=\"wp-block-list\"><li>Collectivit\u00e9s territoriales : communes, intercommunalit\u00e9s, d\u00e9partements, r\u00e9gions<\/li><li>Bureaux d\u2019\u00e9tude et entreprises<\/li><li>Administrations : Directions d\u00e9partementales des territoires -et de la mer- (DDT-M), Directions r\u00e9gionales de l\u2019Environnement, de l\u2019Am\u00e9nagement et du Logement (DREAL), Directions r\u00e9gionales de l\u2019Alimentation, de l\u2019Agriculture et de la For\u00eat (DRAAF)<\/li><li>Administrations et centres de recherche internationaux&nbsp;: Europe, Nations-Unis<\/li><li>ONG de d\u00e9veloppement<\/li><li>Associations de d\u00e9veloppement, Pays, Parcs Naturels R\u00e9gionaux, \u2026<\/li><li>Etablissements publics&nbsp;: Parcs Nationaux, syndicats mixtes, organismes consulaires (CCI, Chambres d\u2019Agriculture, Chambres des M\u00e9tiers), SAFER, \u2026<\/li><li>Etablissements d\u2019Enseignement Sup\u00e9rieur et de Recherche, CEMAGREF, CIRAD, INRA, IRD, etc.<\/li><\/ul>\n\n\n\n<h2 class=\"wp-block-heading\"><strong><span class=\"has-inline-color has-vivid-green-cyan-color\">T\u00e9moignages<\/span><\/strong><\/h2>\n\n\n\n<p>Vous trouverez<a href=\"https:\/\/blogs.univ-tlse2.fr\/master-gtdl\/temoignages\/\" data-type=\"URL\"> ici des t\u00e9moignages<\/a> des \u00e9tudiants des promotions pr\u00e9c\u00e9dentes : <\/p>\n\n\n\n<h2 class=\"wp-block-heading\"><strong><span class=\"has-inline-color has-vivid-green-cyan-color\">Exemple d&#8217;emploi<\/span><\/strong><\/h2>\n\n\n\n<h4 class=\"wp-block-heading\"><\/h4>\n\n\n\n<p>Voici un exemple d\u2019emploi auquel pr\u00e9tendre avec le Master : <a href=\"https:\/\/blogs.univ-tlse2.fr\/master-gtdl\/files\/2021\/01\/13-2021-DG_Charge_de_mission_PNR_montagne_basque-1.pdf\" target=\"_blank\" rel=\"noreferrer noopener\">Charg\u00e9.e de mission \u00ab PNR Montagne Basque \u00bb<\/a><\/p>\n","protected":false},"excerpt":{"rendered":"<p>Le Master \u00ab&nbsp;Gestion des territoires et d\u00e9veloppement local \u2013 Ruralit\u00e9s dans les Nords et les Suds \u00bb pr\u00e9pare aux m\u00e9tiers du d\u00e9veloppement rural et agricole dans les pays du Nord et du Sud dans les domaines suivants&nbsp;: Am\u00e9nagement, D\u00e9veloppement Territorial et Environnement Recherche Enseignement, Formation, \u00c9ducation Voir les r\u00e9sultats de notre enqu\u00eate d\u2019insertion automne 2018 &hellip; <\/p>\n<p class=\"link-more\"><a href=\"https:\/\/blogs.univ-tlse2.fr\/master-gtdl\/debouches\/\" class=\"more-link\">Continuer la lecture<span class=\"screen-reader-text\"> de &laquo;&nbsp;D\u00e9bouch\u00e9s&nbsp;&raquo;<\/span><\/a><\/p>\n","protected":false},"author":964,"featured_media":0,"parent":0,"menu_order":0,"comment_status":"closed","ping_status":"closed","template":"","meta":{"footnotes":""},"class_list":["post-40","page","type-page","status-publish","hentry"],"_links":{"self":[{"href":"https:\/\/blogs.univ-tlse2.fr\/master-gtdl\/wp-json\/wp\/v2\/pages\/40","targetHints":{"allow":["GET"]}}],"collection":[{"href":"https:\/\/blogs.univ-tlse2.fr\/master-gtdl\/wp-json\/wp\/v2\/pages"}],"about":[{"href":"https:\/\/blogs.univ-tlse2.fr\/master-gtdl\/wp-json\/wp\/v2\/types\/page"}],"author":[{"embeddable":true,"href":"https:\/\/blogs.univ-tlse2.fr\/master-gtdl\/wp-json\/wp\/v2\/users\/964"}],"replies":[{"embeddable":true,"href":"https:\/\/blogs.univ-tlse2.fr\/master-gtdl\/wp-json\/wp\/v2\/comments?post=40"}],"version-history":[{"count":5,"href":"https:\/\/blogs.univ-tlse2.fr\/master-gtdl\/wp-json\/wp\/v2\/pages\/40\/revisions"}],"predecessor-version":[{"id":653,"href":"https:\/\/blogs.univ-tlse2.fr\/master-gtdl\/wp-json\/wp\/v2\/pages\/40\/revisions\/653"}],"wp:attachment":[{"href":"https:\/\/blogs.univ-tlse2.fr\/master-gtdl\/wp-json\/wp\/v2\/media?parent=40"}],"curies":[{"name":"wp","href":"https:\/\/api.w.org\/{rel}","templated":true}]}}