 {"id":1668,"date":"2025-09-26T12:46:21","date_gmt":"2025-09-26T11:46:21","guid":{"rendered":"https:\/\/blogs.univ-tlse2.fr\/master-prehistoire-protohistoire\/?page_id=1668"},"modified":"2025-09-28T22:27:49","modified_gmt":"2025-09-28T21:27:49","slug":"accueil","status":"publish","type":"page","link":"https:\/\/blogs.univ-tlse2.fr\/master-prehistoire-protohistoire\/","title":{"rendered":"Accueil"},"content":{"rendered":"\n<p>Le Master recherche \u00ab\u00a0<em>Arts, Soci\u00e9t\u00e9s et Environnements de la Pr\u00e9histoire et de la Protohistoire : Europe, Afrique<\/em>\u00a0\u00bb (ASE2P) forme \u00e0 l\u2019acquisition des connaissances, m\u00e9thodes et outils permettant d\u2019appr\u00e9hender de fa\u00e7on globale les soci\u00e9t\u00e9s pr\u00e9historiques et protohistoriques. Son ambition est de former des arch\u00e9ologues et des pal\u00e9o-environnementalistes, sp\u00e9cialistes de ces p\u00e9riodes ou de ces domaines d\u2019\u00e9tude, en leur donnant des cadres th\u00e9oriques et pratiques dans une perspective tr\u00e8s largement pluridisciplinaire. <br><br>Le master ASE2P est co-accr\u00e9dit\u00e9 avec l\u2019\u00c9cole des Hautes \u00c9tudes en Sciences Sociales. Une <a href=\"https:\/\/blogs.univ-tlse2.fr\/master-prehistoire-protohistoire\/promo-2014-2015-m1\/\">co-diplomation<\/a> existe avec le master \u00ab <em>Laurea Magistrale in Quaternario, preistoria e archeologia<\/em> \u00bb de l\u2019Universit\u00e9 de Ferrare (Italie).<\/p>\n\n\n\n<h2 class=\"wp-block-heading has-text-color has-link-color wp-elements-07ccb48a026ee21c09d94c03a84fe4eb\" style=\"color:#296378\"><strong>Les derni\u00e8res actualit\u00e9s<\/strong><\/h2>\n\n\n<ul class=\"wp-block-latest-posts__list has-dates wp-block-latest-posts\"><li><a class=\"wp-block-latest-posts__post-title\" href=\"https:\/\/blogs.univ-tlse2.fr\/master-prehistoire-protohistoire\/2025\/06\/20\/1612\/\">PV de soutenance de Master 1 et 2<\/a><time datetime=\"2025-06-20T15:18:56+01:00\" class=\"wp-block-latest-posts__post-date\">20 juin 2025<\/time><div class=\"wp-block-latest-posts__post-excerpt\">Vous retrouverez ici les proc\u00e8s verbaux \u00e0 signer \u00e0 l&rsquo;issu des soutenances de M1 et M2.<\/div><\/li>\n<li><a class=\"wp-block-latest-posts__post-title\" href=\"https:\/\/blogs.univ-tlse2.fr\/master-prehistoire-protohistoire\/2025\/06\/20\/rentree-universitaire-2025-2026\/\">Rentr\u00e9e universitaire 2025-2026<\/a><time datetime=\"2025-06-20T15:17:00+01:00\" class=\"wp-block-latest-posts__post-date\">20 juin 2025<\/time><div class=\"wp-block-latest-posts__post-excerpt\">La r\u00e9union de rentr\u00e9e aura lieu le 17 septembre, de 14h \u00e0 17h dans la salle GH123 de l&rsquo;UFR Olympe de Gouges. Dans l&rsquo;attente de &hellip; <p class=\"link-more\"><a href=\"https:\/\/blogs.univ-tlse2.fr\/master-prehistoire-protohistoire\/2025\/06\/20\/rentree-universitaire-2025-2026\/\" class=\"more-link\">Continuer la lecture<span class=\"screen-reader-text\"> de &laquo;&nbsp;Rentr\u00e9e universitaire 2025-2026&nbsp;&raquo;<\/span><\/a><\/p><\/div><\/li>\n<li><a class=\"wp-block-latest-posts__post-title\" href=\"https:\/\/blogs.univ-tlse2.fr\/master-prehistoire-protohistoire\/2023\/07\/28\/aide-a-la-redaction\/\">Aide \u00e0 la r\u00e9daction<\/a><time datetime=\"2023-07-28T12:02:39+01:00\" class=\"wp-block-latest-posts__post-date\">28 juillet 2023<\/time><div class=\"wp-block-latest-posts__post-excerpt\">Une ressource utile pour vous aiguiller dans la r\u00e9daction d&rsquo;un m\u00e9moire de recherche : L\u2019art de la th\u00e8se. Comment pr\u00e9parer et r\u00e9diger un m\u00e9moire de &hellip; <p class=\"link-more\"><a href=\"https:\/\/blogs.univ-tlse2.fr\/master-prehistoire-protohistoire\/2023\/07\/28\/aide-a-la-redaction\/\" class=\"more-link\">Continuer la lecture<span class=\"screen-reader-text\"> de &laquo;&nbsp;Aide \u00e0 la r\u00e9daction&nbsp;&raquo;<\/span><\/a><\/p><\/div><\/li>\n<li><a class=\"wp-block-latest-posts__post-title\" href=\"https:\/\/blogs.univ-tlse2.fr\/master-prehistoire-protohistoire\/2022\/12\/15\/modalites-controle-des-connaissances-2022-2023\/\">Modalit\u00e9s contr\u00f4le des connaissances 2022-2023<\/a><time datetime=\"2022-12-15T10:29:45+01:00\" class=\"wp-block-latest-posts__post-date\">15 d\u00e9cembre 2022<\/time><div class=\"wp-block-latest-posts__post-excerpt\"><\/div><\/li>\n<li><a class=\"wp-block-latest-posts__post-title\" href=\"https:\/\/blogs.univ-tlse2.fr\/master-prehistoire-protohistoire\/2022\/09\/01\/autorisation-de-diffusion-des-memoires-dante\/\">Autorisation de diffusion des m\u00e9moires (DANTE)<\/a><time datetime=\"2022-09-01T16:50:42+01:00\" class=\"wp-block-latest-posts__post-date\">1 septembre 2022<\/time><div class=\"wp-block-latest-posts__post-excerpt\"><\/div><\/li>\n<\/ul>\n\n\n<p><\/p>\n","protected":false},"excerpt":{"rendered":"<p>Le Master recherche \u00ab\u00a0Arts, Soci\u00e9t\u00e9s et Environnements de la Pr\u00e9histoire et de la Protohistoire : Europe, Afrique\u00a0\u00bb (ASE2P) forme \u00e0 l\u2019acquisition des connaissances, m\u00e9thodes et outils permettant d\u2019appr\u00e9hender de fa\u00e7on globale les soci\u00e9t\u00e9s pr\u00e9historiques et protohistoriques. Son ambition est de former des arch\u00e9ologues et des pal\u00e9o-environnementalistes, sp\u00e9cialistes de ces p\u00e9riodes ou de ces domaines d\u2019\u00e9tude, &hellip; <\/p>\n<p class=\"link-more\"><a href=\"https:\/\/blogs.univ-tlse2.fr\/master-prehistoire-protohistoire\/\" class=\"more-link\">Continuer la lecture<span class=\"screen-reader-text\"> de &laquo;&nbsp;Accueil&nbsp;&raquo;<\/span><\/a><\/p>\n","protected":false},"author":1566,"featured_media":0,"parent":0,"menu_order":0,"comment_status":"closed","ping_status":"closed","template":"","meta":{"footnotes":""},"class_list":["post-1668","page","type-page","status-publish","hentry"],"_links":{"self":[{"href":"https:\/\/blogs.univ-tlse2.fr\/master-prehistoire-protohistoire\/wp-json\/wp\/v2\/pages\/1668","targetHints":{"allow":["GET"]}}],"collection":[{"href":"https:\/\/blogs.univ-tlse2.fr\/master-prehistoire-protohistoire\/wp-json\/wp\/v2\/pages"}],"about":[{"href":"https:\/\/blogs.univ-tlse2.fr\/master-prehistoire-protohistoire\/wp-json\/wp\/v2\/types\/page"}],"author":[{"embeddable":true,"href":"https:\/\/blogs.univ-tlse2.fr\/master-prehistoire-protohistoire\/wp-json\/wp\/v2\/users\/1566"}],"replies":[{"embeddable":true,"href":"https:\/\/blogs.univ-tlse2.fr\/master-prehistoire-protohistoire\/wp-json\/wp\/v2\/comments?post=1668"}],"version-history":[{"count":8,"href":"https:\/\/blogs.univ-tlse2.fr\/master-prehistoire-protohistoire\/wp-json\/wp\/v2\/pages\/1668\/revisions"}],"predecessor-version":[{"id":1720,"href":"https:\/\/blogs.univ-tlse2.fr\/master-prehistoire-protohistoire\/wp-json\/wp\/v2\/pages\/1668\/revisions\/1720"}],"wp:attachment":[{"href":"https:\/\/blogs.univ-tlse2.fr\/master-prehistoire-protohistoire\/wp-json\/wp\/v2\/media?parent=1668"}],"curies":[{"name":"wp","href":"https:\/\/api.w.org\/{rel}","templated":true}]}}