 {"id":163,"date":"2016-09-18T13:26:32","date_gmt":"2016-09-18T11:26:32","guid":{"rendered":"https:\/\/blogs.univ-tlse2.fr\/master-psyphiecopolis\/?page_id=163"},"modified":"2016-09-18T23:32:19","modified_gmt":"2016-09-18T21:32:19","slug":"rentree-201617","status":"publish","type":"page","link":"https:\/\/blogs.univ-tlse2.fr\/master-psyphiecopolis\/rentree-201617\/","title":{"rendered":"Rentr\u00e9e 2016\/17"},"content":{"rendered":"<p>SEMAINE DE RENTR\u00c9E\u00a0: du mardi 20 au vendredi 23 septembre 2016<\/p>\n<p>&nbsp;<\/p>\n<p>S7\u00a0: 701. Psychanalyse dans la cit\u00e9 = semaine d\u2019introduction pluridisciplinaire.<\/p>\n<p>&nbsp;<\/p>\n<p>&nbsp;<\/p>\n<p>&nbsp;<\/p>\n<table width=\"601\">\n<tbody>\n<tr>\n<td width=\"64\">&nbsp;<\/td>\n<td width=\"129\">MARDI<\/p>\n<p>20\/09<\/td>\n<td width=\"125\">MERCREDI 21\/09<\/td>\n<td width=\"142\">JEUDI<\/p>\n<p>22\/09<\/td>\n<td width=\"142\">VENDREDI<\/p>\n<p>23\/09<\/td>\n<\/tr>\n<tr>\n<td width=\"64\">9h-<\/p>\n<p>12h (3h)<\/td>\n<td width=\"129\"><strong>Salle F315, (Maison de la recherche, 3\u00e8 \u00e9tage)<\/strong><\/p>\n<p>9h-9h30\u00a0: Accueil des \u00e9tudiants<\/p>\n<p>&nbsp;<\/p>\n<p>9h30-12h\u00a0:<\/p>\n<p>Cours de philosophie<\/p>\n<p>\u00ab\u00a0Marx, Freud, Figures et conjonctures du freudo-marxisme au XXe si\u00e8cle\u00a0\u00bb (Guillaume Sibertin-Blanc)<\/td>\n<td width=\"125\"><strong>Salle D155, (Maison de la recherche, 1er \u00e9tage)<\/strong><\/p>\n<p>Cours d\u2019\u00e9conomie\u00a0:<\/p>\n<p>\u00ab\u00a0La technoscience\u00a0\u00bb<\/p>\n<p>(Jacques Prades)<\/p>\n<p>&nbsp;<\/td>\n<td width=\"142\"><strong>Salle F315, (Maison de la recherche, 3\u00e8 \u00e9tage)<\/strong><\/p>\n<p>Cours de psychanalyse\u00a0:<\/p>\n<p>\u00ab\u00a0Le sujet de la psychanalyse\u00a0\u00bb<\/p>\n<p>(Pascale Macary-Garipuy)<\/td>\n<td width=\"142\"><strong>Salle E207, (Maison de la recherche, 2\u00e8 \u00e9tage)<\/strong><\/p>\n<p>Cours de psychanalyse\u00a0:<\/p>\n<p>\u00ab\u00a0Th\u00e9ories du lien social chez Freud et chez \u00a0 Lacan\u00a0\u00bb<\/p>\n<p>(Sidi Askofar\u00e9)<\/td>\n<\/tr>\n<tr>\n<td width=\"64\">14h-17h<\/td>\n<td width=\"129\"><strong>Salle E207, (Maison de la recherche, 2\u00e8 \u00e9tage)<\/strong><\/p>\n<p>Cours d\u2019\u00e9conomie\u00a0:<\/p>\n<p>L\u2019individu de l\u2019\u00e9conomie et la cr\u00e9ation de la valeur \u00e9conomique<\/p>\n<p>(Mireille Bruy\u00e8re)<\/td>\n<td width=\"125\"><strong>Salle D155, (Maison de la recherche, 1er \u00e9tage)<\/strong><\/p>\n<p>Projection du film \u00ab\u00a0eXistenZ de David Cronenberg\u00a0\u00bb. \u2013<\/p>\n<p>Discussions avec Pascale Macary-Garipuy et Mireille Bruy\u00e8re.<\/p>\n<p>&nbsp;<\/td>\n<td width=\"142\"><strong>Salle F315, (Maison de la recherche, 3\u00e8 \u00e9tage)<\/strong><\/p>\n<p>3 conf\u00e9rences.<\/p>\n<p>Marie-Jean Sauret<\/p>\n<p>Jacques Prades<\/p>\n<p>Norman Ajari<\/p>\n<p>&nbsp;<\/td>\n<td width=\"142\"><strong>Salle E207, (Maison de la recherche, 2\u00e8 \u00e9tage)<\/strong><\/p>\n<p>Cours de philosophie<\/p>\n<p>\u00ab\u00a0La honte de soi au prisme du genre et de la race\u00a0: le Moi assi\u00e9g\u00e9\u00a0\u00bb<\/p>\n<p>(Hourya Bentouhami)<\/p>\n<p>&nbsp;<\/td>\n<\/tr>\n<\/tbody>\n<\/table>\n<p>&nbsp;<\/p>\n<p>&nbsp;<\/p>\n<p><strong><u>\u00a0<\/u><\/strong><\/p>\n<p><strong><em>Psychanalyse\u00a0:<\/em><\/strong><\/p>\n<p><strong>Cours 1 : Pascale Macary-Garipuy<\/strong><\/p>\n<ol>\n<ol>\n<li>Le sujet de la psychanalyse. De la psychiatrie \u00e0 la psychanalyse.<\/li>\n<\/ol>\n<\/ol>\n<ul>\n<li><b>La d\u00e9couverte de l\u2019inconscient. Formations de l\u2019inconscient et sympt\u00f4me<\/b><\/li>\n<\/ul>\n<p>&nbsp;<\/p>\n<p><strong>Cours 2\u00a0: Sidi Askofar\u00e9 <\/strong><\/p>\n<ol>\n<li>Le sujet de la culture chez Freud<\/li>\n<li>Le lien social chez Lacan<\/li>\n<\/ol>\n<p><strong>Bibliographie\u00a0:<\/strong><\/p>\n<p>Freud S. <em>Cinq essais sur la th\u00e9orie de la sexualit\u00e9<\/em> (1905)<\/p>\n<p>Freud S. <em>Malaise dans la civilisation<\/em>. (1929)<\/p>\n<p>Lacan J. <em>L\u2019angoisse. <\/em>(S\u00e9minaire X. 1962-63)<\/p>\n<p>&nbsp;<\/p>\n<p><strong><em>Philosophie\u00a0:<\/em><\/strong><\/p>\n<p><strong>Cours 1\u00a0: Guillaume Sibertin-Blanc<\/strong><\/p>\n<p>Cette s\u00e9ance sera consacr\u00e9e \u00e0 une probl\u00e9matisation historique et conceptuelle des diff\u00e9rentes tentatives d\u2019articulation, voire de synth\u00e8se, entre freudisme et marxisme au fil du XXe si\u00e8cle, \u00e0 partir des deux figures pionni\u00e8res Wilhelm Reich et Georges Bataille.<\/p>\n<p><strong>Cours 2\u00a0: Hourya Bentouhami<\/strong><\/p>\n<p>La honte de soi au prisme du genre et de la race\u00a0: le Moi assi\u00e9g\u00e9.<\/p>\n<p>&nbsp;<\/p>\n<p><strong><em>Economie\u00a0:<\/em><\/strong><\/p>\n<p><strong>Cours 1\u00a0: Mireille Bruy\u00e8re<\/strong><\/p>\n<p>La valeur et la richesse. L&rsquo;Economie Politique s&rsquo;est constitu\u00e9e puis structur\u00e9e depuis la fin du 18e si\u00e8cle autour des d\u00e9bats sur la cr\u00e9ation de la valeur \u00e9conomique et ses liens avec la richesse. Apr\u00e8s avoir parcouru rapidement les diff\u00e9rentes fa\u00e7on dont l&rsquo;Economie Politique d\u00e9finit la valeur, nous verrons que la pens\u00e9e \u00e9conomique dominante qui r\u00e9duit toutes les notions de valeur \u00e0 celle du bien-\u00eatre, ne peut penser les tensions historiques entre la cr\u00e9ation de la valeur \u00e9conomique et les usages sociaux de la richesse.<\/p>\n<p><strong>Cours 2\u00a0:<\/strong> <strong>Jacques Prades<\/strong><\/p>\n<p>Nous essaierons de proposer une lecture crois\u00e9e de Karl Polanyi, r\u00e9f\u00e9rence massive pour qui s\u2019int\u00e9resse au sens de la modernit\u00e9, et \u00e0 Martin Heidegger sur la question technique. On tentera d\u2019expliquer pourquoi les philosophes de la technique (D. Janicaud, F. Tinland, G. Hottois, etc) ne s\u2019int\u00e9ressent pas aux faits \u00e9conomiques et pourquoi il n\u2019y a pas une ligne sur la technique dans les multiples publications de l\u2019historien hongrois de l\u2019\u00e9conomie.<\/p>\n<p>&nbsp;<\/p>\n","protected":false},"excerpt":{"rendered":"<p>SEMAINE DE RENTR\u00c9E\u00a0: du mardi 20 au vendredi 23 septembre 2016 &nbsp; S7\u00a0: 701. Psychanalyse dans la cit\u00e9 = semaine d\u2019introduction pluridisciplinaire. &nbsp; &nbsp; &nbsp; &nbsp; MARDI 20\/09 MERCREDI 21\/09 JEUDI 22\/09 VENDREDI 23\/09 9h- 12h (3h) Salle F315, (Maison&hellip;<\/p>\n<p class=\"more-link-p\"><a class=\"more-link\" href=\"https:\/\/blogs.univ-tlse2.fr\/master-psyphiecopolis\/rentree-201617\/\">Read more &rarr;<\/a><\/p>\n","protected":false},"author":298,"featured_media":0,"parent":0,"menu_order":0,"comment_status":"closed","ping_status":"closed","template":"","meta":{"footnotes":""},"class_list":["post-163","page","type-page","status-publish","hentry"],"_links":{"self":[{"href":"https:\/\/blogs.univ-tlse2.fr\/master-psyphiecopolis\/wp-json\/wp\/v2\/pages\/163","targetHints":{"allow":["GET"]}}],"collection":[{"href":"https:\/\/blogs.univ-tlse2.fr\/master-psyphiecopolis\/wp-json\/wp\/v2\/pages"}],"about":[{"href":"https:\/\/blogs.univ-tlse2.fr\/master-psyphiecopolis\/wp-json\/wp\/v2\/types\/page"}],"author":[{"embeddable":true,"href":"https:\/\/blogs.univ-tlse2.fr\/master-psyphiecopolis\/wp-json\/wp\/v2\/users\/298"}],"replies":[{"embeddable":true,"href":"https:\/\/blogs.univ-tlse2.fr\/master-psyphiecopolis\/wp-json\/wp\/v2\/comments?post=163"}],"version-history":[{"count":3,"href":"https:\/\/blogs.univ-tlse2.fr\/master-psyphiecopolis\/wp-json\/wp\/v2\/pages\/163\/revisions"}],"predecessor-version":[{"id":168,"href":"https:\/\/blogs.univ-tlse2.fr\/master-psyphiecopolis\/wp-json\/wp\/v2\/pages\/163\/revisions\/168"}],"wp:attachment":[{"href":"https:\/\/blogs.univ-tlse2.fr\/master-psyphiecopolis\/wp-json\/wp\/v2\/media?parent=163"}],"curies":[{"name":"wp","href":"https:\/\/api.w.org\/{rel}","templated":true}]}}

Rentrée 2016/17

<p>SEMAINE DE RENTRÉE : du mardi 20 au vendredi 23 septembre 2016</p>
<p>&nbsp;</p>
<p>S7 : 701. Psychanalyse dans la cité = semaine d’introduction pluridisciplinaire.</p>
<p>&nbsp;</p>
<p>&nbsp;</p>
<p>&nbsp;</p>
<table width="601">
<tbody>
<tr>
<td width="64">&nbsp;</td>
<td width="129">MARDI</p>
<p>20/09</td>
<td width="125">MERCREDI 21/09</td>
<td width="142">JEUDI</p>
<p>22/09</td>
<td width="142">VENDREDI</p>
<p>23/09</td>
</tr>
<tr>
<td width="64">9h-</p>
<p>12h (3h)</td>
<td width="129"><strong>Salle F315, (Maison de la recherche, 3è étage)</strong></p>
<p>9h-9h30 : Accueil des étudiants</p>
<p>&nbsp;</p>
<p>9h30-12h :</p>
<p>Cours de philosophie</p>
<p>« Marx, Freud, Figures et conjonctures du freudo-marxisme au XXe siècle » (Guillaume Sibertin-Blanc)</td>
<td width="125"><strong>Salle D155, (Maison de la recherche, 1er étage)</strong></p>
<p>Cours d’économie :</p>
<p>« La technoscience »</p>
<p>(Jacques Prades)</p>
<p>&nbsp;</td>
<td width="142"><strong>Salle F315, (Maison de la recherche, 3è étage)</strong></p>
<p>Cours de psychanalyse :</p>
<p>« Le sujet de la psychanalyse »</p>
<p>(Pascale Macary-Garipuy)</td>
<td width="142"><strong>Salle E207, (Maison de la recherche, 2è étage)</strong></p>
<p>Cours de psychanalyse :</p>
<p>« Théories du lien social chez Freud et chez   Lacan »</p>
<p>(Sidi Askofaré)</td>
</tr>
<tr>
<td width="64">14h-17h</td>
<td width="129"><strong>Salle E207, (Maison de la recherche, 2è étage)</strong></p>
<p>Cours d’économie :</p>
<p>L’individu de l’économie et la création de la valeur économique</p>
<p>(Mireille Bruyère)</td>
<td width="125"><strong>Salle D155, (Maison de la recherche, 1er étage)</strong></p>
<p>Projection du film « eXistenZ de David Cronenberg ». –</p>
<p>Discussions avec Pascale Macary-Garipuy et Mireille Bruyère.</p>
<p>&nbsp;</td>
<td width="142"><strong>Salle F315, (Maison de la recherche, 3è étage)</strong></p>
<p>3 conférences.</p>
<p>Marie-Jean Sauret</p>
<p>Jacques Prades</p>
<p>Norman Ajari</p>
<p>&nbsp;</td>
<td width="142"><strong>Salle E207, (Maison de la recherche, 2è étage)</strong></p>
<p>Cours de philosophie</p>
<p>« La honte de soi au prisme du genre et de la race : le Moi assiégé »</p>
<p>(Hourya Bentouhami)</p>
<p>&nbsp;</td>
</tr>
</tbody>
</table>
<p>&nbsp;</p>
<p>&nbsp;</p>
<p><strong><u> </u></strong></p>
<p><strong><em>Psychanalyse :</em></strong></p>
<p><strong>Cours 1 : Pascale Macary-Garipuy</strong></p>
<ol>
<ol>
<li>Le sujet de la psychanalyse. De la psychiatrie à la psychanalyse.</li>
</ol>
</ol>
<ul>
<li><b>La découverte de l’inconscient. Formations de l’inconscient et symptôme</b></li>
</ul>
<p>&nbsp;</p>
<p><strong>Cours 2 : Sidi Askofaré </strong></p>
<ol>
<li>Le sujet de la culture chez Freud</li>
<li>Le lien social chez Lacan</li>
</ol>
<p><strong>Bibliographie :</strong></p>
<p>Freud S. <em>Cinq essais sur la théorie de la sexualité</em> (1905)</p>
<p>Freud S. <em>Malaise dans la civilisation</em>. (1929)</p>
<p>Lacan J. <em>L’angoisse. </em>(Séminaire X. 1962-63)</p>
<p>&nbsp;</p>
<p><strong><em>Philosophie :</em></strong></p>
<p><strong>Cours 1 : Guillaume Sibertin-Blanc</strong></p>
<p>Cette séance sera consacrée à une problématisation historique et conceptuelle des différentes tentatives d’articulation, voire de synthèse, entre freudisme et marxisme au fil du XXe siècle, à partir des deux figures pionnières Wilhelm Reich et Georges Bataille.</p>
<p><strong>Cours 2 : Hourya Bentouhami</strong></p>
<p>La honte de soi au prisme du genre et de la race : le Moi assiégé.</p>
<p>&nbsp;</p>
<p><strong><em>Economie :</em></strong></p>
<p><strong>Cours 1 : Mireille Bruyère</strong></p>
<p>La valeur et la richesse. L&rsquo;Economie Politique s&rsquo;est constituée puis structurée depuis la fin du 18e siècle autour des débats sur la création de la valeur économique et ses liens avec la richesse. Après avoir parcouru rapidement les différentes façon dont l&rsquo;Economie Politique définit la valeur, nous verrons que la pensée économique dominante qui réduit toutes les notions de valeur à celle du bien-être, ne peut penser les tensions historiques entre la création de la valeur économique et les usages sociaux de la richesse.</p>
<p><strong>Cours 2 :</strong> <strong>Jacques Prades</strong></p>
<p>Nous essaierons de proposer une lecture croisée de Karl Polanyi, référence massive pour qui s’intéresse au sens de la modernité, et à Martin Heidegger sur la question technique. On tentera d’expliquer pourquoi les philosophes de la technique (D. Janicaud, F. Tinland, G. Hottois, etc) ne s’intéressent pas aux faits économiques et pourquoi il n’y a pas une ligne sur la technique dans les multiples publications de l’historien hongrois de l’économie.</p>
<p>&nbsp;</p>

<p>SEMAINE DE RENTRÉE : du mardi 20 au vendredi 23 septembre 2016 &nbsp; S7 : 701. Psychanalyse dans la cité = semaine d’introduction pluridisciplinaire. &nbsp; &nbsp; &nbsp; &nbsp; MARDI 20/09 MERCREDI 21/09 JEUDI 22/09 VENDREDI 23/09 9h- 12h (3h) Salle F315, (Maison&hellip;</p>
<p class="more-link-p"><a class="more-link" href="https://blogs.univ-tlse2.fr/master-psyphiecopolis/rentree-201617/">Read more &rarr;</a></p>
