 {"id":7,"date":"2023-02-09T19:48:37","date_gmt":"2023-02-09T18:48:37","guid":{"rendered":"https:\/\/blogs.univ-tlse2.fr\/masternes\/?page_id=7"},"modified":"2025-12-19T14:37:39","modified_gmt":"2025-12-19T13:37:39","slug":"presentation-du-master","status":"publish","type":"page","link":"https:\/\/blogs.univ-tlse2.fr\/masternes\/","title":{"rendered":"Master Nouvelle Economie Sociale"},"content":{"rendered":"\n<h2 class=\"wp-block-heading alignfull\">Qu&rsquo;est ce que la Nouvelle Economie sociale ?<\/h2>\n\n\n\n<div class=\"wp-block-media-text alignfull is-stacked-on-mobile\" style=\"grid-template-columns:35% auto\"><figure class=\"wp-block-media-text__media\"><img loading=\"lazy\" decoding=\"async\" width=\"724\" height=\"1024\" src=\"https:\/\/blogs.univ-tlse2.fr\/masternes\/files\/2025\/10\/PIGNOCCHI-NES-724x1024.jpg\" alt=\"\" class=\"wp-image-155 size-full\" srcset=\"https:\/\/blogs.univ-tlse2.fr\/masternes\/files\/2025\/10\/PIGNOCCHI-NES-724x1024.jpg 724w, https:\/\/blogs.univ-tlse2.fr\/masternes\/files\/2025\/10\/PIGNOCCHI-NES-212x300.jpg 212w, https:\/\/blogs.univ-tlse2.fr\/masternes\/files\/2025\/10\/PIGNOCCHI-NES-768x1086.jpg 768w, https:\/\/blogs.univ-tlse2.fr\/masternes\/files\/2025\/10\/PIGNOCCHI-NES.jpg 794w\" sizes=\"auto, (max-width: 724px) 100vw, 724px\" \/><\/figure><div class=\"wp-block-media-text__content\">\n<p>N\u00e9e en 2000, cette formation s\u2019inscrit dans une perspective polanyienne<a href=\"#sdfootnote1sym\" id=\"sdfootnote1anc\"><sup>1<\/sup><\/a>. Non seulement, elle consid\u00e8re que l\u2019\u00e9conomie n\u2019a historiquement pas toujours exist\u00e9, mais que les cat\u00e9gories de l\u2019\u00e9conomie doivent \u00eatre interrog\u00e9es et d\u00e9pass\u00e9es pour viser une \u00e9mancipation de l\u2019homme. Une des caract\u00e9ristiques majeures du monde contemporain est cristallis\u00e9e autour de l\u2019imaginaire d\u2019une ma\u00eetrise rationnelle du monde. Loin de chercher une telle ma\u00eetrise, la nouvelle \u00e9conomie sociale se veut une th\u00e9orie des limites : limite dans l\u2019extractivisme, dans le consum\u00e9risme, dans le productivisme, mais aussi plus micro \u00e9conomiquement, limite dans la taille des unit\u00e9s de production, des \u00e9carts de salaire, etc.<\/p>\n\n\n\n<p>Cette perspective est aussi pragmatique. La formation propose des outils d\u2019accompagnement et de sp\u00e9cialisation des promoteurs, des cadres, des consultants de l\u2019\u00e9conomie sociale et de l\u2019\u00e9conomie solidaire et permet aux \u00e9tudiants de devenir des experts de haut niveau ma\u00eetrisant les connaissances les plus r\u00e9centes dans le domaine de l\u2019\u00e9conomie sociale, de la m\u00e9thodologie de projets, de la gestion et des enjeux de l\u2019informatique en passant par le droit coop\u00e9ratif.<\/p>\n\n\n\n<p>Enfin, cette formation propose un tr\u00e8s vaste r\u00e9seau d\u2019acteurs cr\u00e9\u00e9 en 2000. En cela, elle est v\u00e9ritablement une socio-\u00e9conomie de territoire. Ces acteurs rel\u00e8vent de coop\u00e9ratives diverses, d\u2019entreprises d\u2019insertion, de r\u00e9gies de quartiers ou des mutualit\u00e9s.<\/p>\n\n\n\n<p>La formation est donc constitu\u00e9e d\u2019apports de trois types :<\/p>\n\n\n\n<ul class=\"wp-block-list\">\n<li>premi\u00e8rement, des outils th\u00e9oriques de type universitaire ;<\/li>\n\n\n\n<li>deuxi\u00e8mement, des apports m\u00e9thodologiques en relation avec les projets des \u00e9tudiants ;<\/li>\n\n\n\n<li>troisi\u00e8mement, l\u2019insertion dans un r\u00e9seau professionnel.<\/li>\n<\/ul>\n\n\n\n<p>Il s\u2019agit de conna\u00eetre les ressources financi\u00e8res mobilisables et les techniques d\u2019animation de projets de cr\u00e9ation d\u2019une entreprise sociale viable. Ces entreprises d\u00e9veloppent des formes de gestion collective qui associent producteurs et consommateurs, s\u2019appuient sur un ancrage territorial et luttent contre le saccage \u00e9cologique de la plan\u00e8te.<\/p>\n\n\n\n<p>Les \u00e9tudiants sont recrut\u00e9s \u00e0 partir de deux crit\u00e8res : le niveau universitaire et\/ou l\u2019exp\u00e9rience professionnelle, la qualit\u00e9 de leur projet de cr\u00e9ation, notamment sa dimension novatrice, son appartenance au champ de l\u2019\u00e9conomie sociale.<\/p>\n\n\n\n<p><a href=\"#sdfootnote1anc\" id=\"sdfootnote1sym\">1<\/a> <em>Karl Polanyi, n\u00e9 en 1866 \u00e0 Vienne et mort en 1964, est l\u2019auteur de r\u00e9f\u00e9rence de cette formation. Son livre principal \u00ab&nbsp;La grande transformation&nbsp;\u00bb, \u00e9crit en 1944 et traduit en fran\u00e7ais seulement en 1983, est indispensable \u00e0 la formation.<\/em><\/p>\n<\/div><\/div>\n\n\n\n<div class=\"wp-block-media-text alignfull has-media-on-the-right is-stacked-on-mobile\" style=\"grid-template-columns:auto 21%\"><div class=\"wp-block-media-text__content\">\n<h2 class=\"wp-block-heading\">Pr\u00e9sentation du master NES<\/h2>\n\n\n\n<p>Le master propose une r\u00e9flexion pluridisciplinaire sur l\u2019\u00e9conomie sociale depuis la r\u00e9volution industrielle. Nous prenons cette expression dans son sens originel, li\u00e9 \u00e0 l\u2019associationnisme et au coop\u00e9rativisme ouvriers au XIXe si\u00e8cle \u00a0: face \u00e0 l\u2019essor du capitalisme, des travailleurs s\u2019associent pour \u00eatre collectivement propri\u00e9taires de leurs instruments de travail afin de d\u00e9velopper des formes de coop\u00e9ration non hi\u00e9rarchiques, \u00e0 \u00e9gale distance des modes d\u2019organisation des entreprises priv\u00e9es et des services publics. L\u2019\u00e9conomie sociale qui nous int\u00e9resse est \u00ab\u00a0sociale\u00a0\u00bb au sens de la propri\u00e9t\u00e9 sociale (ni priv\u00e9e, ni publique), non au sens de l\u2019\u00c9tat social ou de \u00ab\u00a0l\u2019\u00e9conomie sociale et familiale\u00a0\u00bb. Elle ne constitue donc qu\u2019une petite partie (le socle historique) de ce que l\u2019on appelle aujourd\u2019hui \u00ab\u00a0l\u2019\u00e9conomie sociale et solidaire\u00a0\u00bb, laquelle inclut depuis 2014 l\u2019entreprenariat social et les fondations d\u2019entreprise auxquels le master NES ne forme pas.<\/p>\n\n\n\n<p>La formation revisite l\u2019histoire de l\u2019\u00e9conomie sociale depuis la monarchie de Juillet jusqu\u2019\u00e0 ses r\u00e9surgences actuelles et ses p\u00e9riodes plus sombres, o\u00f9 elle semblait vou\u00e9e \u00e0 dispara\u00eetre. Les structures de l\u2019\u00e9conomie sociale sont abord\u00e9es de mani\u00e8re comparative par l\u2019analyse des diff\u00e9rents mod\u00e8les europ\u00e9ens de coop\u00e9rative d\u2019associ\u00e9s ou d\u2019usagers \u00e0 partir d\u2019une matrice unique qui repose sur quatre \u00e9l\u00e9ments\u2009: le premier est un capital compos\u00e9 de parts sociales, et non d\u2019actions et d\u2019obligations, ce qui implique le partage de la fraction distribu\u00e9e de l\u2019exc\u00e9dent de gestion en fonction de la participation de chacun-e. Le deuxi\u00e8me est la constitution de r\u00e9serves impartageables. Le troisi\u00e8me est le principe de \u00ab&nbsp;double qualit\u00e9&nbsp;\u00bb&nbsp;: dans une coop\u00e9rative de production par exemple, chaque travailleur et chaque travailleuse est aussi soci\u00e9taire (d\u00e9tenteur d\u2019une partie du capital social). Le quatri\u00e8me est le principe formel \u00ab\u2009une personne = une voix\u2009\u00bb (contrairement \u00e0 l\u2019actionnariat capitaliste donnant plus de voix \u00e0 qui d\u00e9tient plus d\u2019actions).<\/p>\n\n\n\n<p>Une coop\u00e9rative est une structure \u00e9conomique dot\u00e9e d\u2019une dynamique politique. Pour comprendre l\u2019\u00e9conomie sociale, il faut donc saisir les interactions entre son versant instituant et son versant institu\u00e9. Le versant instituant est celui de l\u2019association de personnes unies par un d\u00e9sir politique de changement social&nbsp;; il peut prendre des formes aussi diverses que des r\u00e9unions informelles en bas des cages d\u2019escalier des cit\u00e9s, des grandes mobilisations sociales, des collectifs de travailleurs, des associations villageoises de fait ou des collectifs constitu\u00e9s contre de grands projets contest\u00e9s. Ces personnes peuvent se regrouper, ou pas, dans une association loi 1901. Elles sont l\u2019expression du mouvement social et de la soci\u00e9t\u00e9 civile. Le deuxi\u00e8me versant est l\u2019\u00e9conomie coop\u00e9rative dont le propre est d\u2019instituer des formes d\u2019organisation collective dans lesquelles le pouvoir est contr\u00f4l\u00e9 (coop\u00e9rative classique) ou partag\u00e9 (autogestion) par l\u2019ensemble des personnes impliqu\u00e9es. Les formes institu\u00e9es de l\u2019\u00e9conomie sociale sont le plus souvent issue de la force instituante que constitue le mouvement social&nbsp;: elles doivent \u00eatre comprises comme des tentatives pour r\u00e9aliser sous forme concr\u00e8te (souvent partielle ou r\u00e9duite) les aspirations au changement social et les utopies qui travaillent la soci\u00e9t\u00e9 civile, ou du moins de cr\u00e9er des espaces d\u2019organisation r\u00e9gis par des principes diff\u00e9rents que ceux de l\u2019ordre social contest\u00e9.<\/p>\n\n\n\n<p>On comprend donc l\u2019importance que nous attribuons, dans les enseignements, d\u2019un c\u00f4t\u00e9 \u00e0 l\u2019analyse des formes du changement social et de l\u2019autre \u00e0 la compr\u00e9hension des ph\u00e9nom\u00e8nes de pouvoir et des dynamiques de collaboration (philosophie politique, microsociologie des groupes, psychanalyse, \u00e9cof\u00e9minisme). Vu la mont\u00e9e des pr\u00e9occupations \u00e9cologiques dans la soci\u00e9t\u00e9 civile, notamment dans le monde de l\u2019ESS, nous proposons aussi un cours d\u2019\u00e9cologie politique.<\/p>\n\n\n\n<p>La formation propose aussi des outils d\u2019accompagnement et de sp\u00e9cialisation des promoteurs, des cadres, des consultant\u00b7es de l\u2019\u00e9conomie sociale et de l\u2019\u00e9conomie solidaire. Elle permet aux \u00e9tudiant\u00b7es de ma\u00eetriser les connaissances les plus r\u00e9centes dans le domaine de la m\u00e9thodologie de projets, de la gestion et de la comptabilit\u00e9, des enjeux de l\u2019informatique ainsi que du droit social et coop\u00e9ratif. Il s\u2019agit de montrer les sp\u00e9cificit\u00e9s de l\u2019\u00e9conomie sociale comme forme institu\u00e9e de coop\u00e9ration \u00e9conomique sur un territoire.<\/p>\n\n\n\n<p>La formation s\u2019appuie sur son r\u00e9seau construit depuis 2000. En cela, elle est v\u00e9ritablement une socio-\u00e9conomie de territoire. Les acteur\u00b7rice\u00b7s rel\u00e8vent de coop\u00e9ratives diverses, d\u2019entreprises d\u2019insertion, de r\u00e9gies de quartiers ou de mutuelles, mais aussi de coop\u00e9ratives cr\u00e9\u00e9es par d\u2019ancien\u00b7ne\u00b7s \u00e9tudiant\u00b7e\u00b7s\u2009: coop\u00e9rative de production, d\u2019habitat ou d\u2019autopartage, r\u00e9seaux de mutualisation, ressourcerie, caf\u00e9s culturels, auto-\u00e9cole sociale, fond de dotation, etc.<\/p>\n\n\n\n<p>Chaque mardi matin, le master NES accueille dans le cadre d\u2019une UE sp\u00e9cialement d\u00e9di\u00e9e (les \u00ab&nbsp;conf\u00e9rences praxis&nbsp;\u00bb) un\u00b7e invit\u00e9\u00b7e, acteur.ice de l\u2019\u00e9conomie sociale. Ce sont chaque ann\u00e9e une vingtaine d\u2019acteur\u00b7rice\u00b7s de l\u2019ESS qui viennent t\u00e9moigner de leurs pratiques et partager les questionnements les plus contemporains qui nous traversent. Ils\u00b7elles sont dirigeant\u00b7e\u00b7s de Scop, de Scic, d\u2019entreprise d\u2019insertion ou d\u2019organisme financier de l\u2019ESS, militant-e-s ou activistes dans les mouvements sociaux, responsables de r\u00e9seau ou chercheur\u00b7e\u00b7s.<\/p>\n<\/div><figure class=\"wp-block-media-text__media\"><img loading=\"lazy\" decoding=\"async\" width=\"588\" height=\"582\" src=\"https:\/\/blogs.univ-tlse2.fr\/masternes\/files\/2025\/10\/Logo-NES-1.png\" alt=\"\" class=\"wp-image-114 size-full\" srcset=\"https:\/\/blogs.univ-tlse2.fr\/masternes\/files\/2025\/10\/Logo-NES-1.png 588w, https:\/\/blogs.univ-tlse2.fr\/masternes\/files\/2025\/10\/Logo-NES-1-300x297.png 300w\" sizes=\"auto, (max-width: 588px) 100vw, 588px\" \/><\/figure><\/div>\n\n\n\n<div class=\"wp-block-group alignfull is-content-justification-center is-nowrap is-layout-flex wp-container-core-group-is-layout-94bc23d7 wp-block-group-is-layout-flex\">\n<p class=\"has-medium-font-size wp-container-content-9cfa9a5a\"><strong>Master Objecteur de conscience contre l&rsquo;IA g\u00e9n\u00e9rative, signataire du manifeste <a href=\"https:\/\/atecopol.hypotheses.org\/13082\">\u00ab\u00a0Face \u00e0 l\u2019IA g\u00e9n\u00e9rative, l\u2019objection de conscience.\u00a0\u00bb <\/a><\/strong><\/p>\n\n\n\n<figure class=\"wp-block-image size-full is-resized\"><img loading=\"lazy\" decoding=\"async\" width=\"296\" height=\"300\" src=\"https:\/\/blogs.univ-tlse2.fr\/masternes\/files\/2025\/12\/Logo-no-IAg-296x300-1.jpg\" alt=\"\" class=\"wp-image-402\" style=\"width:117px;height:auto\" \/><\/figure>\n<\/div>\n\n\n\n<div class=\"wp-block-media-text alignfull is-stacked-on-mobile\"><figure class=\"wp-block-media-text__media\"><img loading=\"lazy\" decoding=\"async\" width=\"1024\" height=\"147\" src=\"https:\/\/blogs.univ-tlse2.fr\/masternes\/files\/2024\/09\/cropped-bandeau-rubrique-presentation-des-campus-1024x147.png\" alt=\"\" class=\"wp-image-32 size-full\" srcset=\"https:\/\/blogs.univ-tlse2.fr\/masternes\/files\/2024\/09\/cropped-bandeau-rubrique-presentation-des-campus-1024x147.png 1024w, https:\/\/blogs.univ-tlse2.fr\/masternes\/files\/2024\/09\/cropped-bandeau-rubrique-presentation-des-campus-300x43.png 300w, https:\/\/blogs.univ-tlse2.fr\/masternes\/files\/2024\/09\/cropped-bandeau-rubrique-presentation-des-campus-768x110.png 768w, https:\/\/blogs.univ-tlse2.fr\/masternes\/files\/2024\/09\/cropped-bandeau-rubrique-presentation-des-campus-1536x221.png 1536w, https:\/\/blogs.univ-tlse2.fr\/masternes\/files\/2024\/09\/cropped-bandeau-rubrique-presentation-des-campus.png 1600w\" sizes=\"auto, (max-width: 1024px) 100vw, 1024px\" \/><\/figure><div class=\"wp-block-media-text__content\">\n<p><em>Ce site est administr\u00e9 et g\u00e9r\u00e9 par les responsables du master NES (Nouvelle \u00c9conomie Sociale) de l&rsquo;Universit\u00e9 de Toulouse Jean-Jaur\u00e8s. Il constitue le point d&rsquo;information le plus \u00e0 jour relativement au contenu et \u00e0 l&rsquo;actualit\u00e9 du master. Il est compl\u00e9t\u00e9 par la page web accessible via le site de l&rsquo;universit\u00e9 par le lien suivant : <a href=\"https:\/\/www.univ-tlse2.fr\/accueil\/formation-insertion\/master-nouvelle-economie-sociale-nes\">https:\/\/www.univ-tlse2.fr\/accueil\/formation-insertion\/master-nouvelle-economie-sociale-nes<\/a>.<\/em><\/p>\n<\/div><\/div>\n","protected":false},"excerpt":{"rendered":"<p>Qu&rsquo;est ce que la Nouvelle Economie sociale ? Pr\u00e9sentation du master NES Le master propose une r\u00e9flexion pluridisciplinaire sur l\u2019\u00e9conomie sociale depuis la r\u00e9volution industrielle. Nous prenons cette expression dans &hellip; <a href=\"https:\/\/blogs.univ-tlse2.fr\/masternes\/\" class=\"more-link\">Continuer la lecture de <span class=\"screen-reader-text\">Master Nouvelle Economie Sociale<\/span> <span class=\"meta-nav\">&rarr;<\/span><\/a><\/p>\n","protected":false},"author":1261,"featured_media":0,"parent":0,"menu_order":0,"comment_status":"closed","ping_status":"closed","template":"","meta":{"_price":"","_stock":"","_tribe_ticket_header":"","_tribe_default_ticket_provider":"","_tribe_ticket_capacity":"0","_ticket_start_date":"","_ticket_end_date":"","_tribe_ticket_show_description":"","_tribe_ticket_show_not_going":false,"_tribe_ticket_use_global_stock":"","_tribe_ticket_global_stock_level":"","_global_stock_mode":"","_global_stock_cap":"","_tribe_rsvp_for_event":"","_tribe_ticket_going_count":"","_tribe_ticket_not_going_count":"","_tribe_tickets_list":"[]","_tribe_ticket_has_attendee_info_fields":false,"footnotes":"","_tec_slr_enabled":"","_tec_slr_layout":""},"class_list":["post-7","page","type-page","status-publish","hentry"],"ticketed":false,"_links":{"self":[{"href":"https:\/\/blogs.univ-tlse2.fr\/masternes\/wp-json\/wp\/v2\/pages\/7","targetHints":{"allow":["GET"]}}],"collection":[{"href":"https:\/\/blogs.univ-tlse2.fr\/masternes\/wp-json\/wp\/v2\/pages"}],"about":[{"href":"https:\/\/blogs.univ-tlse2.fr\/masternes\/wp-json\/wp\/v2\/types\/page"}],"author":[{"embeddable":true,"href":"https:\/\/blogs.univ-tlse2.fr\/masternes\/wp-json\/wp\/v2\/users\/1261"}],"replies":[{"embeddable":true,"href":"https:\/\/blogs.univ-tlse2.fr\/masternes\/wp-json\/wp\/v2\/comments?post=7"}],"version-history":[{"count":26,"href":"https:\/\/blogs.univ-tlse2.fr\/masternes\/wp-json\/wp\/v2\/pages\/7\/revisions"}],"predecessor-version":[{"id":409,"href":"https:\/\/blogs.univ-tlse2.fr\/masternes\/wp-json\/wp\/v2\/pages\/7\/revisions\/409"}],"wp:attachment":[{"href":"https:\/\/blogs.univ-tlse2.fr\/masternes\/wp-json\/wp\/v2\/media?parent=7"}],"curies":[{"name":"wp","href":"https:\/\/api.w.org\/{rel}","templated":true}]}}