 {"id":81,"date":"2022-03-07T19:52:44","date_gmt":"2022-03-07T18:52:44","guid":{"rendered":"https:\/\/blogs.univ-tlse2.fr\/mediationdelamusique\/?page_id=81"},"modified":"2022-06-06T18:01:59","modified_gmt":"2022-06-06T16:01:59","slug":"toulouse-les-orgues","status":"publish","type":"page","link":"https:\/\/blogs.univ-tlse2.fr\/mediationdelamusique\/toulouse-les-orgues\/","title":{"rendered":"Toulouse les Orgues"},"content":{"rendered":"\n<p>Entrevues r\u00e9alis\u00e9es aupr\u00e8s des candidats au concours international d&rsquo;orgue, en octobre 2021, et dans le cadre de l&rsquo;UE Communication musicologique (semestre 7).\u00a0Ce concours est organis\u00e9 tous les trois ans et permet aux laur\u00e9ats de participer au festival de Toulouse les Orgues.<\/p>\n\n\n\n<p>Pour plus d&rsquo;information sur le concours : <a href=\"https:\/\/toulouse-les-orgues.org\/concours-2\/#:~:text=%2F%2F%2F%20Le%20concours%20%C3%A9volue%20en%202021%20!&amp;text=e.s%20devront%20choisir%20un%20instrument,et%20des%20concerts%20en%20Europe.\" data-type=\"URL\" data-id=\"https:\/\/toulouse-les-orgues.org\/concours-2\/#:~:text=%2F%2F%2F%20Le%20concours%20%C3%A9volue%20en%202021%20!&amp;text=e.s%20devront%20choisir%20un%20instrument,et%20des%20concerts%20en%20Europe.\" target=\"_blank\" rel=\"noreferrer noopener\">Cliquez ici<\/a> !<\/p>\n\n\n\n<figure class=\"wp-block-embed is-type-video is-provider-youtube wp-block-embed-youtube wp-embed-aspect-16-9 wp-has-aspect-ratio\"><div class=\"wp-block-embed__wrapper\">\n<iframe loading=\"lazy\" title=\"LE CONCOURS \u00c0 REBOURS #1 - AU COEUR DU 13e CONCOURS INTERNATIONAL D&#039;ORGUE DE TOULOUSE\" width=\"525\" height=\"295\" src=\"https:\/\/www.youtube.com\/embed\/iCG-UaVSqdM?list=PL6KmOrQya_vgsE7EfQzgAncVM6YdF4LnF\" frameborder=\"0\" allow=\"accelerometer; autoplay; clipboard-write; encrypted-media; gyroscope; picture-in-picture; web-share\" referrerpolicy=\"strict-origin-when-cross-origin\" allowfullscreen><\/iframe>\n<\/div><\/figure>\n\n\n\n<figure class=\"wp-block-embed is-type-video is-provider-youtube wp-block-embed-youtube wp-embed-aspect-16-9 wp-has-aspect-ratio\"><div class=\"wp-block-embed__wrapper\">\n<iframe loading=\"lazy\" title=\"LE CONCOURS \u00c0 REBOURS #2 - AU COEUR DU 13e CONCOURS INTERNATIONAL D&#039;ORGUE DE TOULOUSE\" width=\"525\" height=\"295\" src=\"https:\/\/www.youtube.com\/embed\/wWlY_oieb5I?start=41&#038;feature=oembed\" frameborder=\"0\" allow=\"accelerometer; autoplay; clipboard-write; encrypted-media; gyroscope; picture-in-picture; web-share\" referrerpolicy=\"strict-origin-when-cross-origin\" allowfullscreen><\/iframe>\n<\/div><\/figure>\n\n\n\n<figure class=\"wp-block-embed is-type-video is-provider-youtube wp-block-embed-youtube wp-embed-aspect-16-9 wp-has-aspect-ratio\"><div class=\"wp-block-embed__wrapper\">\n<iframe loading=\"lazy\" title=\"LE CONCOURS \u00c0 REBOURS #3 - AU COEUR DU 13E CONCOURS INTERNATIONAL D&#039;ORGUE DE TOULOUSE\" width=\"525\" height=\"295\" src=\"https:\/\/www.youtube.com\/embed\/041CG6-L_YM?feature=oembed\" frameborder=\"0\" allow=\"accelerometer; autoplay; clipboard-write; encrypted-media; gyroscope; picture-in-picture; web-share\" referrerpolicy=\"strict-origin-when-cross-origin\" allowfullscreen><\/iframe>\n<\/div><\/figure>\n\n\n\n<figure class=\"wp-block-embed is-type-video is-provider-youtube wp-block-embed-youtube wp-embed-aspect-16-9 wp-has-aspect-ratio\"><div class=\"wp-block-embed__wrapper\">\n<iframe loading=\"lazy\" title=\"CONCOURS \u00c0 REBOURS #4 - AU COEUR DU 13E CONCOURS INTERNATIONAL D&#039;ORGUE DE TOULOUSE\" width=\"525\" height=\"295\" src=\"https:\/\/www.youtube.com\/embed\/ZjyZ_lDsZS8?start=118&#038;feature=oembed\" frameborder=\"0\" allow=\"accelerometer; autoplay; clipboard-write; encrypted-media; gyroscope; picture-in-picture; web-share\" referrerpolicy=\"strict-origin-when-cross-origin\" allowfullscreen><\/iframe>\n<\/div><\/figure>\n\n\n\n<figure class=\"wp-block-embed is-type-video is-provider-youtube wp-block-embed-youtube wp-embed-aspect-16-9 wp-has-aspect-ratio\"><div class=\"wp-block-embed__wrapper\">\n<iframe loading=\"lazy\" title=\"LE CONCOURS \u00c0 REBOURS #5 - AU COEUR DU CONCOURS INTERNATIONAL D&#039;ORGUE DE TOULOUSE\" width=\"525\" height=\"295\" src=\"https:\/\/www.youtube.com\/embed\/cleF5RYtY4Y?start=48&#038;feature=oembed\" frameborder=\"0\" allow=\"accelerometer; autoplay; clipboard-write; encrypted-media; gyroscope; picture-in-picture; web-share\" referrerpolicy=\"strict-origin-when-cross-origin\" allowfullscreen><\/iframe>\n<\/div><\/figure>\n","protected":false},"excerpt":{"rendered":"<p>Entrevues r\u00e9alis\u00e9es aupr\u00e8s des candidats au concours international d&rsquo;orgue, en octobre 2021, et dans le cadre de l&rsquo;UE Communication musicologique (semestre 7).\u00a0Ce concours est organis\u00e9 tous les trois ans et permet aux laur\u00e9ats de participer au festival de Toulouse les Orgues. Pour plus d&rsquo;information sur le concours : Cliquez ici !<\/p>\n","protected":false},"author":1078,"featured_media":0,"parent":0,"menu_order":0,"comment_status":"closed","ping_status":"closed","template":"","meta":{"footnotes":""},"class_list":["post-81","page","type-page","status-publish","hentry"],"_links":{"self":[{"href":"https:\/\/blogs.univ-tlse2.fr\/mediationdelamusique\/wp-json\/wp\/v2\/pages\/81","targetHints":{"allow":["GET"]}}],"collection":[{"href":"https:\/\/blogs.univ-tlse2.fr\/mediationdelamusique\/wp-json\/wp\/v2\/pages"}],"about":[{"href":"https:\/\/blogs.univ-tlse2.fr\/mediationdelamusique\/wp-json\/wp\/v2\/types\/page"}],"author":[{"embeddable":true,"href":"https:\/\/blogs.univ-tlse2.fr\/mediationdelamusique\/wp-json\/wp\/v2\/users\/1078"}],"replies":[{"embeddable":true,"href":"https:\/\/blogs.univ-tlse2.fr\/mediationdelamusique\/wp-json\/wp\/v2\/comments?post=81"}],"version-history":[{"count":5,"href":"https:\/\/blogs.univ-tlse2.fr\/mediationdelamusique\/wp-json\/wp\/v2\/pages\/81\/revisions"}],"predecessor-version":[{"id":362,"href":"https:\/\/blogs.univ-tlse2.fr\/mediationdelamusique\/wp-json\/wp\/v2\/pages\/81\/revisions\/362"}],"wp:attachment":[{"href":"https:\/\/blogs.univ-tlse2.fr\/mediationdelamusique\/wp-json\/wp\/v2\/media?parent=81"}],"curies":[{"name":"wp","href":"https:\/\/api.w.org\/{rel}","templated":true}]}}