 {"id":2,"date":"2015-11-04T17:33:27","date_gmt":"2015-11-04T16:33:27","guid":{"rendered":"https:\/\/blogs.univ-tlse2.fr\/mediterranean\/?page_id=2"},"modified":"2016-05-01T13:28:16","modified_gmt":"2016-05-01T11:28:16","slug":"page-d-exemple","status":"publish","type":"page","link":"https:\/\/blogs.univ-tlse2.fr\/mediterranean\/","title":{"rendered":"Colloque international 2016"},"content":{"rendered":"<p>Le but de ce site Web est de faciliter la communication, tant scientifique que pratique, autour du colloque \u00ab\u00a0La M\u00e9diterran\u00e9e et son arri\u00e8re-pays\u00a0\u00bb qui aura lieu \u00e0 la Maison de la recherche, sur le campus de l&rsquo;universit\u00e9 de Toulouse- Jean Jaur\u00e8s, du 28 au 30 septembre 2016. Le site fonctionnera avant, pendant et apr\u00e8s le colloque.<\/p>\n<p>Le colloque est soutenu par l&rsquo;universit\u00e9 de Toulouse, la Facult\u00e9 de Langues et le D\u00e9partement des Etudes du Monde Anglophone, ainsi que le Conseil R\u00e9gional.<\/p>\n<p>Les organisatrices sont Helen Goethals (Pr) et Isabelle Keller-Privat (MCF habilit\u00e9).<\/p>\n<p>h&#x65;l&#101;&#x6e;&#46;&#x67;o&#101;&#x74;h&#x61;&#x6c;s&#x40;u&#110;&#x69;v&#x2d;&#x74;l&#x73;e&#50;&#x2e;f&#x72;<\/p>\n<p>i&#x73;a&#46;&#x6b;e&#x6c;&#x6c;e&#x72;p&#114;&#x69;v&#97;&#x74;&#64;&#x66;r&#101;&#x65;&#46;&#102;&#x72;<\/p>\n<p>&nbsp;<\/p>\n<p>La photographie du mont Etna depuis l&rsquo;amphith\u00e9\u00e2tre de Taormina a \u00e9t\u00e9 prise par Andrew McCrae en avril 2015. D&rsquo;autres photographies se trouvent sur ce <a href=\"http:\/\/www.macondo.smugmug.com\" target=\"_blank\">site web<\/a>.<\/p>\n<p>&nbsp;<\/p>","protected":false},"excerpt":{"rendered":"<p>Le but de ce site Web est de faciliter la communication, tant scientifique que pratique, autour du colloque \u00ab\u00a0La M\u00e9diterran\u00e9e et son arri\u00e8re-pays\u00a0\u00bb qui aura lieu \u00e0 la Maison de la recherche, sur le campus de l&rsquo;universit\u00e9 de Toulouse- Jean Jaur\u00e8s, du 28 au 30 septembre 2016. Le site fonctionnera avant, pendant et apr\u00e8s le [&hellip;]<\/p>\n","protected":false},"author":290,"featured_media":0,"parent":0,"menu_order":0,"comment_status":"closed","ping_status":"closed","template":"","meta":{"footnotes":""},"class_list":["post-2","page","type-page","status-publish","hentry"],"_links":{"self":[{"href":"https:\/\/blogs.univ-tlse2.fr\/mediterranean\/wp-json\/wp\/v2\/pages\/2","targetHints":{"allow":["GET"]}}],"collection":[{"href":"https:\/\/blogs.univ-tlse2.fr\/mediterranean\/wp-json\/wp\/v2\/pages"}],"about":[{"href":"https:\/\/blogs.univ-tlse2.fr\/mediterranean\/wp-json\/wp\/v2\/types\/page"}],"author":[{"embeddable":true,"href":"https:\/\/blogs.univ-tlse2.fr\/mediterranean\/wp-json\/wp\/v2\/users\/290"}],"replies":[{"embeddable":true,"href":"https:\/\/blogs.univ-tlse2.fr\/mediterranean\/wp-json\/wp\/v2\/comments?post=2"}],"version-history":[{"count":12,"href":"https:\/\/blogs.univ-tlse2.fr\/mediterranean\/wp-json\/wp\/v2\/pages\/2\/revisions"}],"predecessor-version":[{"id":59,"href":"https:\/\/blogs.univ-tlse2.fr\/mediterranean\/wp-json\/wp\/v2\/pages\/2\/revisions\/59"}],"wp:attachment":[{"href":"https:\/\/blogs.univ-tlse2.fr\/mediterranean\/wp-json\/wp\/v2\/media?parent=2"}],"curies":[{"name":"wp","href":"https:\/\/api.w.org\/{rel}","templated":true}]}}