 {"id":3169,"date":"2024-08-27T14:34:18","date_gmt":"2024-08-27T12:34:18","guid":{"rendered":"https:\/\/blogs.univ-tlse2.fr\/mes-premiers-pas\/?page_id=3169"},"modified":"2025-06-24T16:24:20","modified_gmt":"2025-06-24T14:24:20","slug":"trouver-sa-salle-de-cours","status":"publish","type":"page","link":"https:\/\/blogs.univ-tlse2.fr\/mes-premiers-pas\/trouver-sa-salle-de-cours\/","title":{"rendered":"Trouver sa salle de cours"},"content":{"rendered":"\n<div class=\"wp-block-atomic-blocks-ab-columns ab-layout-columns-1 one-column\"><div class=\"ab-layout-column-wrap ab-block-layout-column-gap-2 ab-is-responsive-column\">\n<div class=\"wp-block-atomic-blocks-ab-column ab-block-layout-column\"><div class=\"ab-block-layout-column-inner\">\n<h1 class=\"wp-block-heading has-text-align-center has-white-color has-text-color has-background has-link-color wp-elements-844f31046fec08a27ef9449e623f2238\" style=\"background-color:#2ea091\">O\u00f9 trouver sa salle de cours<\/h1>\n<\/div><\/div>\n<\/div><\/div>\n\n\n\n<div class=\"wp-block-atomic-blocks-ab-container ab-block-container\"><div class=\"ab-container-inside\"><div class=\"ab-container-content\">\n<p class=\"has-medium-font-size\"><strong><img loading=\"lazy\" decoding=\"async\" width=\"1084\" height=\"731\" class=\"wp-image-3185\" style=\"width: 25px\" src=\"https:\/\/blogs.univ-tlse2.fr\/mes-premiers-pas\/files\/2024\/08\/Puce-paragraphe-Bleu.png\" alt=\"\" srcset=\"https:\/\/blogs.univ-tlse2.fr\/mes-premiers-pas\/files\/2024\/08\/Puce-paragraphe-Bleu.png 1084w, https:\/\/blogs.univ-tlse2.fr\/mes-premiers-pas\/files\/2024\/08\/Puce-paragraphe-Bleu-300x202.png 300w, https:\/\/blogs.univ-tlse2.fr\/mes-premiers-pas\/files\/2024\/08\/Puce-paragraphe-Bleu-1024x691.png 1024w, https:\/\/blogs.univ-tlse2.fr\/mes-premiers-pas\/files\/2024\/08\/Puce-paragraphe-Bleu-768x518.png 768w, https:\/\/blogs.univ-tlse2.fr\/mes-premiers-pas\/files\/2024\/08\/Puce-paragraphe-Bleu-500x337.png 500w, https:\/\/blogs.univ-tlse2.fr\/mes-premiers-pas\/files\/2024\/08\/Puce-paragraphe-Bleu-800x539.png 800w\" sizes=\"auto, (max-width: 1084px) 100vw, 1084px\" \/> Si votre salle commence par\u2026RDV \u00e0 :<\/strong> <\/p>\n<\/div><\/div><\/div>\n\n\n\n<div class=\"wp-block-columns is-not-stacked-on-mobile is-layout-flex wp-container-core-columns-is-layout-9d6595d7 wp-block-columns-is-layout-flex\">\n<div class=\"wp-block-column is-layout-flow wp-block-column-is-layout-flow\" style=\"flex-basis:25%\">\n<p class=\"has-medium-font-size\"><mark style=\"background-color:#ffffff;color:#2ea091\" class=\"has-inline-color\"><strong> A, C ou D<\/strong><\/mark> _____<strong><br><\/strong><br><strong><mark style=\"background-color:#ffffff;color:#2ea091\" class=\"has-inline-color\"> AC<\/mark><\/strong> ___________<br><strong><br><mark style=\"background-color:#ffffff;color:#2ea091\" class=\"has-inline-color\">AR<\/mark><\/strong> ___________<br><strong><br><mark style=\"background-color:#ffffff;color:#2ea091\" class=\"has-inline-color\">B32<\/mark><\/strong> __________<br><strong><br><mark style=\"background-color:#ffffff;color:#2ea091\" class=\"has-inline-color\">CA<\/mark><\/strong> ____________<br><strong><br><\/strong><mark style=\"background-color:#ffffff;color:#2ea091\" class=\"has-inline-color\"><strong>FC<\/strong><\/mark> ____________<br><strong><br><mark style=\"background-color:#ffffff;color:#2ea091\" class=\"has-inline-color\">GA<\/mark><\/strong> ___________<br><strong><br><mark style=\"background-color:#ffffff;color:#2ea091\" class=\"has-inline-color\">GH, GS ou G<\/mark><\/strong> ___<br><strong><br><mark style=\"background-color:#ffffff;color:#2ea091\" class=\"has-inline-color\">LA<\/mark><\/strong> ____________<br><strong><br><mark style=\"background-color:#ffffff;color:#2ea091\" class=\"has-inline-color\">M ou MP<\/mark> <\/strong> ______<br><strong><br><mark style=\"background-color:#ffffff;color:#2ea091\" class=\"has-inline-color\">MDS<\/mark> <mark style=\"background-color:#ffffff;color:#2ea091\" class=\"has-inline-color\">ou MS<\/mark><\/strong> ____<br><strong><br><mark style=\"background-color:#ffffff;color:#2ea091\" class=\"has-inline-color\">UO<\/mark> <\/strong>___________<\/p>\n<\/div>\n\n\n\n<div class=\"wp-block-column is-layout-flow wp-block-column-is-layout-flow\" style=\"flex-basis:60.34%\">\n<p class=\"has-medium-font-size\"><a href=\"https:\/\/blogs.univ-tlse2.fr\/mes-premiers-pas\/localisation-la-maison-de-la-recherche\/\"><img loading=\"lazy\" decoding=\"async\" width=\"698\" height=\"731\" class=\"wp-image-3188\" style=\"width: 15px\" src=\"https:\/\/blogs.univ-tlse2.fr\/mes-premiers-pas\/files\/2024\/08\/Puce2-paragraphe-Vert.png\" alt=\"\" srcset=\"https:\/\/blogs.univ-tlse2.fr\/mes-premiers-pas\/files\/2024\/08\/Puce2-paragraphe-Vert.png 698w, https:\/\/blogs.univ-tlse2.fr\/mes-premiers-pas\/files\/2024\/08\/Puce2-paragraphe-Vert-286x300.png 286w, https:\/\/blogs.univ-tlse2.fr\/mes-premiers-pas\/files\/2024\/08\/Puce2-paragraphe-Vert-500x524.png 500w\" sizes=\"auto, (max-width: 698px) 100vw, 698px\" \/> <strong>La Maison de la Recherche<\/strong><\/a><br><br><a href=\"https:\/\/blogs.univ-tlse2.fr\/mes-premiers-pas\/localisation-accueil\/\"><img loading=\"lazy\" decoding=\"async\" width=\"698\" height=\"731\" class=\"wp-image-3188\" style=\"width: 15px\" src=\"https:\/\/blogs.univ-tlse2.fr\/mes-premiers-pas\/files\/2024\/08\/Puce2-paragraphe-Vert.png\" alt=\"\" srcset=\"https:\/\/blogs.univ-tlse2.fr\/mes-premiers-pas\/files\/2024\/08\/Puce2-paragraphe-Vert.png 698w, https:\/\/blogs.univ-tlse2.fr\/mes-premiers-pas\/files\/2024\/08\/Puce2-paragraphe-Vert-286x300.png 286w, https:\/\/blogs.univ-tlse2.fr\/mes-premiers-pas\/files\/2024\/08\/Puce2-paragraphe-Vert-500x524.png 500w\" sizes=\"auto, (max-width: 698px) 100vw, 698px\" \/> <strong>L\u2019Accueil<\/strong><\/a><br><br><strong><a href=\"https:\/\/blogs.univ-tlse2.fr\/mes-premiers-pas\/localisation-larche\/\"><img loading=\"lazy\" decoding=\"async\" width=\"698\" height=\"731\" class=\"wp-image-3188\" style=\"width: 15px\" src=\"https:\/\/blogs.univ-tlse2.fr\/mes-premiers-pas\/files\/2024\/08\/Puce2-paragraphe-Vert.png\" alt=\"\" srcset=\"https:\/\/blogs.univ-tlse2.fr\/mes-premiers-pas\/files\/2024\/08\/Puce2-paragraphe-Vert.png 698w, https:\/\/blogs.univ-tlse2.fr\/mes-premiers-pas\/files\/2024\/08\/Puce2-paragraphe-Vert-286x300.png 286w, https:\/\/blogs.univ-tlse2.fr\/mes-premiers-pas\/files\/2024\/08\/Puce2-paragraphe-Vert-500x524.png 500w\" sizes=\"auto, (max-width: 698px) 100vw, 698px\" \/> <mark style=\"background-color:#ffffff;color:#2ea091\" class=\"has-inline-color\"><\/mark>L\u2019Arche<\/a><\/strong><br><br><mark style=\"background-color:#ffffff;color:#2ea091\" class=\"has-inline-color\"><\/mark><img loading=\"lazy\" decoding=\"async\" width=\"698\" height=\"731\" class=\"wp-image-3188\" style=\"width: 15px\" src=\"https:\/\/blogs.univ-tlse2.fr\/mes-premiers-pas\/files\/2024\/08\/Puce2-paragraphe-Vert.png\" alt=\"\" srcset=\"https:\/\/blogs.univ-tlse2.fr\/mes-premiers-pas\/files\/2024\/08\/Puce2-paragraphe-Vert.png 698w, https:\/\/blogs.univ-tlse2.fr\/mes-premiers-pas\/files\/2024\/08\/Puce2-paragraphe-Vert-286x300.png 286w, https:\/\/blogs.univ-tlse2.fr\/mes-premiers-pas\/files\/2024\/08\/Puce2-paragraphe-Vert-500x524.png 500w\" sizes=\"auto, (max-width: 698px) 100vw, 698px\" \/> <mark style=\"background-color:#ffffff;color:#2ea091\" class=\"has-inline-color\"><\/mark><strong><a href=\"https:\/\/blogs.univ-tlse2.fr\/mes-premiers-pas\/localisation-henry-mayer\/\" data-type=\"page\" data-id=\"3526\">Henri Mayer<\/a><\/strong><br><br><strong><mark style=\"background-color:#ffffff;color:#2ea091\" class=\"has-inline-color\"><\/mark><a href=\"https:\/\/blogs.univ-tlse2.fr\/mes-premiers-pas\/localisation-georges-candilis\/\"><img loading=\"lazy\" decoding=\"async\" width=\"698\" height=\"731\" class=\"wp-image-3188\" style=\"width: 15px\" src=\"https:\/\/blogs.univ-tlse2.fr\/mes-premiers-pas\/files\/2024\/08\/Puce2-paragraphe-Vert.png\" alt=\"\" srcset=\"https:\/\/blogs.univ-tlse2.fr\/mes-premiers-pas\/files\/2024\/08\/Puce2-paragraphe-Vert.png 698w, https:\/\/blogs.univ-tlse2.fr\/mes-premiers-pas\/files\/2024\/08\/Puce2-paragraphe-Vert-286x300.png 286w, https:\/\/blogs.univ-tlse2.fr\/mes-premiers-pas\/files\/2024\/08\/Puce2-paragraphe-Vert-500x524.png 500w\" sizes=\"auto, (max-width: 698px) 100vw, 698px\" \/> Georges Candilis<\/a><\/strong><br><br><strong><img loading=\"lazy\" decoding=\"async\" width=\"698\" height=\"731\" class=\"wp-image-3188\" style=\"width: 15px\" src=\"https:\/\/blogs.univ-tlse2.fr\/mes-premiers-pas\/files\/2024\/08\/Puce2-paragraphe-Vert.png\" alt=\"\" srcset=\"https:\/\/blogs.univ-tlse2.fr\/mes-premiers-pas\/files\/2024\/08\/Puce2-paragraphe-Vert.png 698w, https:\/\/blogs.univ-tlse2.fr\/mes-premiers-pas\/files\/2024\/08\/Puce2-paragraphe-Vert-286x300.png 286w, https:\/\/blogs.univ-tlse2.fr\/mes-premiers-pas\/files\/2024\/08\/Puce2-paragraphe-Vert-500x524.png 500w\" sizes=\"auto, (max-width: 698px) 100vw, 698px\" \/> <a href=\"https:\/\/blogs.univ-tlse2.fr\/mes-premiers-pas\/localisation-la-fabrique-2\/\" data-type=\"page\" data-id=\"3522\">La Fabrique<\/a><\/strong><br><br><strong><mark style=\"background-color:#ffffff;color:#2ea091\" class=\"has-inline-color\"><\/mark><img loading=\"lazy\" decoding=\"async\" width=\"698\" height=\"731\" class=\"wp-image-3188\" style=\"width: 15px\" src=\"https:\/\/blogs.univ-tlse2.fr\/mes-premiers-pas\/files\/2024\/08\/Puce2-paragraphe-Vert.png\" alt=\"\" srcset=\"https:\/\/blogs.univ-tlse2.fr\/mes-premiers-pas\/files\/2024\/08\/Puce2-paragraphe-Vert.png 698w, https:\/\/blogs.univ-tlse2.fr\/mes-premiers-pas\/files\/2024\/08\/Puce2-paragraphe-Vert-286x300.png 286w, https:\/\/blogs.univ-tlse2.fr\/mes-premiers-pas\/files\/2024\/08\/Puce2-paragraphe-Vert-500x524.png 500w\" sizes=\"auto, (max-width: 698px) 100vw, 698px\" \/> <mark style=\"background-color:#ffffff;color:#2ea091\" class=\"has-inline-color\"><\/mark><a href=\"https:\/\/blogs.univ-tlse2.fr\/mes-premiers-pas\/localisation-le-gai-savoir\/\">Le Gai Savoir<\/a><\/strong><br><br><strong><img loading=\"lazy\" decoding=\"async\" width=\"698\" height=\"731\" class=\"wp-image-3188\" style=\"width: 15px\" src=\"https:\/\/blogs.univ-tlse2.fr\/mes-premiers-pas\/files\/2024\/08\/Puce2-paragraphe-Vert.png\" alt=\"\" srcset=\"https:\/\/blogs.univ-tlse2.fr\/mes-premiers-pas\/files\/2024\/08\/Puce2-paragraphe-Vert.png 698w, https:\/\/blogs.univ-tlse2.fr\/mes-premiers-pas\/files\/2024\/08\/Puce2-paragraphe-Vert-286x300.png 286w, https:\/\/blogs.univ-tlse2.fr\/mes-premiers-pas\/files\/2024\/08\/Puce2-paragraphe-Vert-500x524.png 500w\" sizes=\"auto, (max-width: 698px) 100vw, 698px\" \/> <a href=\"https:\/\/blogs.univ-tlse2.fr\/mes-premiers-pas\/localisation-olympe-de-gouges\/\" data-type=\"page\" data-id=\"3530\">Olympe de Gouges<\/a><\/strong><br><br><strong><img loading=\"lazy\" decoding=\"async\" width=\"698\" height=\"731\" class=\"wp-image-3188\" style=\"width: 15px\" src=\"https:\/\/blogs.univ-tlse2.fr\/mes-premiers-pas\/files\/2024\/08\/Puce2-paragraphe-Vert.png\" alt=\"\" srcset=\"https:\/\/blogs.univ-tlse2.fr\/mes-premiers-pas\/files\/2024\/08\/Puce2-paragraphe-Vert.png 698w, https:\/\/blogs.univ-tlse2.fr\/mes-premiers-pas\/files\/2024\/08\/Puce2-paragraphe-Vert-286x300.png 286w, https:\/\/blogs.univ-tlse2.fr\/mes-premiers-pas\/files\/2024\/08\/Puce2-paragraphe-Vert-500x524.png 500w\" sizes=\"auto, (max-width: 698px) 100vw, 698px\" \/> <a href=\"https:\/\/blogs.univ-tlse2.fr\/mes-premiers-pas\/localisation-ufr-langues-litteratures-et-civilisations-etrangeres\/\">\u00c9rasme<\/a><\/strong><br><br><strong><img loading=\"lazy\" decoding=\"async\" width=\"698\" height=\"731\" class=\"wp-image-3188\" style=\"width: 15px\" src=\"https:\/\/blogs.univ-tlse2.fr\/mes-premiers-pas\/files\/2024\/08\/Puce2-paragraphe-Vert.png\" alt=\"\" srcset=\"https:\/\/blogs.univ-tlse2.fr\/mes-premiers-pas\/files\/2024\/08\/Puce2-paragraphe-Vert.png 698w, https:\/\/blogs.univ-tlse2.fr\/mes-premiers-pas\/files\/2024\/08\/Puce2-paragraphe-Vert-286x300.png 286w, https:\/\/blogs.univ-tlse2.fr\/mes-premiers-pas\/files\/2024\/08\/Puce2-paragraphe-Vert-500x524.png 500w\" sizes=\"auto, (max-width: 698px) 100vw, 698px\" \/> <a href=\"https:\/\/blogs.univ-tlse2.fr\/mes-premiers-pas\/localisation-ufr-psychologie\/\">Philippe Malrieu<\/a><\/strong><br><br><strong><img loading=\"lazy\" decoding=\"async\" width=\"698\" height=\"731\" class=\"wp-image-3188\" style=\"width: 15px\" src=\"https:\/\/blogs.univ-tlse2.fr\/mes-premiers-pas\/files\/2024\/08\/Puce2-paragraphe-Vert.png\" alt=\"\" srcset=\"https:\/\/blogs.univ-tlse2.fr\/mes-premiers-pas\/files\/2024\/08\/Puce2-paragraphe-Vert.png 698w, https:\/\/blogs.univ-tlse2.fr\/mes-premiers-pas\/files\/2024\/08\/Puce2-paragraphe-Vert-286x300.png 286w, https:\/\/blogs.univ-tlse2.fr\/mes-premiers-pas\/files\/2024\/08\/Puce2-paragraphe-Vert-500x524.png 500w\" sizes=\"auto, (max-width: 698px) 100vw, 698px\" \/> <a href=\"https:\/\/blogs.univ-tlse2.fr\/mes-premiers-pas\/localisation-service-de-sante-etudiant\/\">La Maison des Solidarit\u00e9s<\/a><\/strong><br><br><strong><img loading=\"lazy\" decoding=\"async\" width=\"698\" height=\"731\" class=\"wp-image-3188\" style=\"width: 15px\" src=\"https:\/\/blogs.univ-tlse2.fr\/mes-premiers-pas\/files\/2024\/08\/Puce2-paragraphe-Vert.png\" alt=\"\" srcset=\"https:\/\/blogs.univ-tlse2.fr\/mes-premiers-pas\/files\/2024\/08\/Puce2-paragraphe-Vert.png 698w, https:\/\/blogs.univ-tlse2.fr\/mes-premiers-pas\/files\/2024\/08\/Puce2-paragraphe-Vert-286x300.png 286w, https:\/\/blogs.univ-tlse2.fr\/mes-premiers-pas\/files\/2024\/08\/Puce2-paragraphe-Vert-500x524.png 500w\" sizes=\"auto, (max-width: 698px) 100vw, 698px\" \/> <a href=\"https:\/\/blogs.univ-tlse2.fr\/mes-premiers-pas\/localisation-universite-ouverte\/\">Universit\u00e9 Ouverte<\/a><\/strong><\/p>\n<\/div>\n<\/div>\n\n\n\n<div style=\"height:45px\" aria-hidden=\"true\" class=\"wp-block-spacer\"><\/div>\n\n\n\n<p class=\"has-medium-font-size\"><strong><img loading=\"lazy\" decoding=\"async\" width=\"1084\" height=\"731\" class=\"wp-image-3185\" style=\"width: 25px\" src=\"https:\/\/blogs.univ-tlse2.fr\/mes-premiers-pas\/files\/2024\/08\/Puce-paragraphe-Bleu.png\" alt=\"\" srcset=\"https:\/\/blogs.univ-tlse2.fr\/mes-premiers-pas\/files\/2024\/08\/Puce-paragraphe-Bleu.png 1084w, https:\/\/blogs.univ-tlse2.fr\/mes-premiers-pas\/files\/2024\/08\/Puce-paragraphe-Bleu-300x202.png 300w, https:\/\/blogs.univ-tlse2.fr\/mes-premiers-pas\/files\/2024\/08\/Puce-paragraphe-Bleu-1024x691.png 1024w, https:\/\/blogs.univ-tlse2.fr\/mes-premiers-pas\/files\/2024\/08\/Puce-paragraphe-Bleu-768x518.png 768w, https:\/\/blogs.univ-tlse2.fr\/mes-premiers-pas\/files\/2024\/08\/Puce-paragraphe-Bleu-500x337.png 500w, https:\/\/blogs.univ-tlse2.fr\/mes-premiers-pas\/files\/2024\/08\/Puce-paragraphe-Bleu-800x539.png 800w\" sizes=\"auto, (max-width: 1084px) 100vw, 1084px\" \/> Et les amphis ?<\/strong><\/p>\n\n\n\n<ul class=\"wp-block-list\">\n<li class=\"has-medium-font-size\"><strong><mark style=\"background-color:#ffffff;color:#2ea091\" class=\"has-inline-color\">Les amphis A \u00e0 F<\/mark><\/strong> se situent dans la coursive entre <strong>Olympe de Gouges et Philippe Malrieu<\/strong><br><\/li>\n\n\n\n<li class=\"has-medium-font-size\"><strong><mark style=\"background-color:#ffffff;color:#2ea091\" class=\"has-inline-color\">L\u2019amphi GA1<\/mark><\/strong> est l\u2019amphith\u00e9\u00e2tre du <strong>Gai Savoir<\/strong><br><\/li>\n\n\n\n<li class=\"has-medium-font-size\"><mark style=\"background-color:#ffffff;color:#2ea091\" class=\"has-inline-color\"><strong>Les amphis ODG1 \u00e0 ODG4<\/strong><\/mark> sont \u00e0 <strong>Olympe de Gouges<\/strong><br><\/li>\n\n\n\n<li class=\"has-medium-font-size\"><strong><mark style=\"background-color:#ffffff;color:#2ea091\" class=\"has-inline-color\">Les amphis MDS1 et MDS2<\/mark><\/strong> sont \u00e0 <strong>La Maison des Solidarit\u00e9s<\/strong> (acc\u00e8s \u00e0 l\u2019arri\u00e8re du b\u00e2timent coursive entre le b\u00e2timent Pr\u00e9sidence et La Maison des solidarit\u00e9)<br><\/li>\n\n\n\n<li class=\"has-medium-font-size\"><strong><mark style=\"background-color:#ffffff;color:#2ea091\" class=\"has-inline-color\">L\u2019amphi 9<\/mark><\/strong> est \u00e0<strong> L\u2019Arche<\/strong><br><\/li>\n\n\n\n<li class=\"has-medium-font-size\"><mark style=\"background-color:#ffffff;color:#2ea091\" class=\"has-inline-color\"><strong>L\u2019amphi 12<\/strong><\/mark> est au b\u00e2timent <strong>\u00c9rasme<\/strong><br><\/li>\n\n\n\n<li class=\"has-medium-font-size\"><mark style=\"background-color:#ffffff;color:#2ea091\" class=\"has-inline-color\"><strong>L\u2019amphi Philippe Malrieu<\/strong><\/mark> est au b\u00e2timent <strong>Philippe Malrieu<\/strong><br><\/li>\n\n\n\n<li class=\"has-medium-font-size\"><strong><mark style=\"background-color:#ffffff;color:#2ea091\" class=\"has-inline-color\">Le Grand amphi<\/mark><\/strong> est au b\u00e2timent <strong>Accueil<\/strong><\/li>\n<\/ul>\n\n\n\n<div style=\"height:45px\" aria-hidden=\"true\" class=\"wp-block-spacer\"><\/div>\n\n\n\n<p class=\"has-medium-font-size\"><strong><img loading=\"lazy\" decoding=\"async\" width=\"1084\" height=\"731\" class=\"wp-image-3185\" style=\"width: 25px\" src=\"https:\/\/blogs.univ-tlse2.fr\/mes-premiers-pas\/files\/2024\/08\/Puce-paragraphe-Bleu.png\" alt=\"\" srcset=\"https:\/\/blogs.univ-tlse2.fr\/mes-premiers-pas\/files\/2024\/08\/Puce-paragraphe-Bleu.png 1084w, https:\/\/blogs.univ-tlse2.fr\/mes-premiers-pas\/files\/2024\/08\/Puce-paragraphe-Bleu-300x202.png 300w, https:\/\/blogs.univ-tlse2.fr\/mes-premiers-pas\/files\/2024\/08\/Puce-paragraphe-Bleu-1024x691.png 1024w, https:\/\/blogs.univ-tlse2.fr\/mes-premiers-pas\/files\/2024\/08\/Puce-paragraphe-Bleu-768x518.png 768w, https:\/\/blogs.univ-tlse2.fr\/mes-premiers-pas\/files\/2024\/08\/Puce-paragraphe-Bleu-500x337.png 500w, https:\/\/blogs.univ-tlse2.fr\/mes-premiers-pas\/files\/2024\/08\/Puce-paragraphe-Bleu-800x539.png 800w\" sizes=\"auto, (max-width: 1084px) 100vw, 1084px\" \/> Bon \u00e0 savoir<\/strong><\/p>\n\n\n\n<ul class=\"wp-block-list\">\n<li class=\"has-medium-font-size\">Ces lettres sont suivies d\u2019une s\u00e9rie de chiffres de <strong>001 \u00e0 399<\/strong>.<br><\/li>\n\n\n\n<li class=\"has-medium-font-size\">Le chiffre des centaines indique l\u2019\u00e9tage.<br><strong>Exemple :<\/strong> LA320 indique une salle situ\u00e9e au 3<sup>e<\/sup> \u00e9tage du b\u00e2timent \u00c9rasme.<\/li>\n<\/ul>\n","protected":false},"excerpt":{"rendered":"<p>A, C ou D _____ AC ___________AR ___________B32 __________CA ____________FC ____________GA ___________GH, GS ou G ___LA ____________M ou MP ______MDS ou MS ____UO ___________ La Maison de la Recherche L\u2019Accueil L\u2019Arche Henri Mayer Georges Candilis La Fabrique Le Gai Savoir Olympe de Gouges \u00c9rasme Philippe Malrieu La Maison des Solidarit\u00e9s Universit\u00e9 Ouverte Et les amphis [&hellip;]<\/p>\n","protected":false},"author":1145,"featured_media":0,"parent":0,"menu_order":0,"comment_status":"closed","ping_status":"closed","template":"","meta":{"_vp_format_video_url":"","_vp_image_focal_point":[],"footnotes":"","_links_to":"","_links_to_target":""},"class_list":["post-3169","page","type-page","status-publish","hentry","entry"],"featured_image_src":null,"featured_image_src_square":null,"_links":{"self":[{"href":"https:\/\/blogs.univ-tlse2.fr\/mes-premiers-pas\/wp-json\/wp\/v2\/pages\/3169","targetHints":{"allow":["GET"]}}],"collection":[{"href":"https:\/\/blogs.univ-tlse2.fr\/mes-premiers-pas\/wp-json\/wp\/v2\/pages"}],"about":[{"href":"https:\/\/blogs.univ-tlse2.fr\/mes-premiers-pas\/wp-json\/wp\/v2\/types\/page"}],"author":[{"embeddable":true,"href":"https:\/\/blogs.univ-tlse2.fr\/mes-premiers-pas\/wp-json\/wp\/v2\/users\/1145"}],"replies":[{"embeddable":true,"href":"https:\/\/blogs.univ-tlse2.fr\/mes-premiers-pas\/wp-json\/wp\/v2\/comments?post=3169"}],"version-history":[{"count":39,"href":"https:\/\/blogs.univ-tlse2.fr\/mes-premiers-pas\/wp-json\/wp\/v2\/pages\/3169\/revisions"}],"predecessor-version":[{"id":3621,"href":"https:\/\/blogs.univ-tlse2.fr\/mes-premiers-pas\/wp-json\/wp\/v2\/pages\/3169\/revisions\/3621"}],"wp:attachment":[{"href":"https:\/\/blogs.univ-tlse2.fr\/mes-premiers-pas\/wp-json\/wp\/v2\/media?parent=3169"}],"curies":[{"name":"wp","href":"https:\/\/api.w.org\/{rel}","templated":true}]}}