 {"id":3270,"date":"2024-08-29T12:22:52","date_gmt":"2024-08-29T10:22:52","guid":{"rendered":"https:\/\/blogs.univ-tlse2.fr\/mes-premiers-pas\/?page_id=3270"},"modified":"2024-09-03T10:26:42","modified_gmt":"2024-09-03T08:26:42","slug":"lobservatoire-de-la-vie-etudiante","status":"publish","type":"page","link":"https:\/\/blogs.univ-tlse2.fr\/mes-premiers-pas\/lobservatoire-de-la-vie-etudiante\/","title":{"rendered":"L&rsquo;Observatoire de la vie \u00e9tudiante"},"content":{"rendered":"\n<h1 class=\"wp-block-heading has-text-align-center has-white-color has-text-color has-background has-link-color wp-elements-da7c0266536794ef0768144526b81ac6\" style=\"background-color:#6b1486\"><strong>L&rsquo;Observatoire de la Vie \u00c9tudiante<\/strong> (OVE)<\/h1>\n\n\n\n<p class=\"has-medium-font-size\">L\u2019Observatoire de la Vie \u00c9tudiante est un service de l\u2019universit\u00e9 qui a pour mission de r<strong>ecueillir des informations qualitatives et quantitatives, au moyen d&rsquo;enqu\u00eates et d&rsquo;\u00e9tudes statistiques&nbsp;<\/strong>sur les th\u00e9matiques suivantes :<\/p>\n\n\n\n<ul class=\"wp-block-list has-medium-font-size\">\n<li class=\"has-medium-font-size\">la connaissances des publics \u00e9tudiants et leur r\u00e9ussite<\/li>\n\n\n\n<li class=\"has-medium-font-size\">les parcours \u00e9tudiants<\/li>\n\n\n\n<li class=\"has-medium-font-size\">l\u2019insertion professionnelle<\/li>\n\n\n\n<li class=\"has-medium-font-size\">l\u2019\u00e9valuation des formations<\/li>\n\n\n\n<li class=\"has-medium-font-size\">les conditions de vie des \u00e9tudiant\u00b7es<\/li>\n\n\n\n<li class=\"has-medium-font-size\">le devenir des dipl\u00f4m\u00e9\u00b7es<\/li>\n\n\n\n<li class=\"has-medium-font-size\">la satisfaction des usagers sur les services de l\u2019universit\u00e9<\/li>\n<\/ul>\n\n\n\n<p class=\"has-medium-font-size\"><strong>Pendant vos \u00e9tudes \u00e0 l\u2019UT2J et durant les ann\u00e9es qui suivent votre sortie de l\u2019universit\u00e9, l\u2019OVE vous sollicitera, \u00e0 plusieurs reprises, pour r\u00e9pondre \u00e0 des enqu\u00eates par questionnaire.<\/strong> <\/p>\n\n\n\n<p class=\"has-medium-font-size\">Vous serez contact\u00e9\u00b7e&nbsp;:<\/p>\n\n\n\n<ul class=\"wp-block-list has-medium-font-size\">\n<li class=\"has-medium-font-size\">par voie \u00e9lectronique via l\u2019ENT ou via votre adresse \u00e9lectronique personnelle, renseign\u00e9e lors de votre inscription<\/li>\n\n\n\n<li class=\"has-medium-font-size\">par t\u00e9l\u00e9phone gr\u00e2ce \u00e0 notre \u00e9quipe d\u2019\u00e9tudiant\u00b7e\u00b7s t\u00e9l\u00e9-enqu\u00eateurs\u00b7ices<\/li>\n<\/ul>\n\n\n\n<p class=\"has-medium-font-size\"><strong>Par votre participation aux enqu\u00eates, vous contribuerez \u00e0 l\u2019am\u00e9lioration des formations et des conditions d\u2019\u00e9tudes de l\u2019ensemble des \u00e9tudiant\u00b7es.<\/strong><\/p>\n\n\n\n<p class=\"has-medium-font-size\">Toutes les enqu\u00eates men\u00e9es sont r\u00e9alis\u00e9es dans le cadre du R\u00e8glement G\u00e9n\u00e9ral sur la Protection des Donn\u00e9es (RGPD). Pour chaque enqu\u00eate, vous pouvez acc\u00e9der aux donn\u00e9es vous concernant, les rectifier, demander leur effacement ou exercer votre droit \u00e0 la limitation du traitement de vos donn\u00e9es. Vous pouvez \u00e9galement, pour des motifs l\u00e9gitimes, vous opposer au traitement des donn\u00e9es vous concernant.<\/p>\n\n\n\n<p class=\"has-medium-font-size\">Pour exercer ces droits, ou pour toute question sur le traitement de vos donn\u00e9es dans le cadre des dispositifs d\u2019enqu\u00eates men\u00e9es par l\u2019OVE, vous pouvez contacter le service \u00e0 l&rsquo;adresse&nbsp;<a href=\"&#109;&#x61;&#105;&#x6c;&#116;&#x6f;&#58;&#x6f;&#118;&#x65;&#46;&#x72;&#103;&#x70;&#100;&#x40;&#117;&#x6e;&#105;&#x76;&#45;&#x74;&#108;&#x73;&#101;&#x32;&#46;&#x66;&#114;\">&#x6f;&#x76;&#x65;&#x2e;&#114;gpd&#64;&#x75;&#x6e;&#x69;&#x76;&#45;tlse&#x32;&#x2e;&#x66;&#x72;<\/a><em> <\/em>ou le d\u00e9l\u00e9gu\u00e9 \u00e0 la protection des donn\u00e9es de l\u2019UT2J \u00e0 l&rsquo;adresse <a href=\"m&#x61;&#x69;l&#116;&#x6f;:&#100;&#x70;&#x6f;&#64;&#x75;&#x6e;i&#118;&#x2d;t&#108;&#x73;&#x65;2&#x2e;&#x66;r\">&#100;&#x70;&#111;&#x40;u&#x6e;i&#x76;-&#x74;l&#x73;e&#x32;&#46;&#102;&#x72;<\/a>.<\/p>\n\n\n\n<p class=\"has-medium-font-size\"><img loading=\"lazy\" decoding=\"async\" width=\"1084\" height=\"731\" class=\"wp-image-3185\" style=\"width: 25px\" src=\"https:\/\/blogs.univ-tlse2.fr\/mes-premiers-pas\/files\/2024\/08\/Puce-paragraphe-Bleu.png\" alt=\"\" srcset=\"https:\/\/blogs.univ-tlse2.fr\/mes-premiers-pas\/files\/2024\/08\/Puce-paragraphe-Bleu.png 1084w, https:\/\/blogs.univ-tlse2.fr\/mes-premiers-pas\/files\/2024\/08\/Puce-paragraphe-Bleu-300x202.png 300w, https:\/\/blogs.univ-tlse2.fr\/mes-premiers-pas\/files\/2024\/08\/Puce-paragraphe-Bleu-1024x691.png 1024w, https:\/\/blogs.univ-tlse2.fr\/mes-premiers-pas\/files\/2024\/08\/Puce-paragraphe-Bleu-768x518.png 768w, https:\/\/blogs.univ-tlse2.fr\/mes-premiers-pas\/files\/2024\/08\/Puce-paragraphe-Bleu-500x337.png 500w, https:\/\/blogs.univ-tlse2.fr\/mes-premiers-pas\/files\/2024\/08\/Puce-paragraphe-Bleu-800x539.png 800w\" sizes=\"auto, (max-width: 1084px) 100vw, 1084px\" \/> <strong>Acc\u00e9dez aux donn\u00e9es chiffr\u00e9es de l&rsquo;UT2J : <a href=\"https:\/\/sphinx-analyses.univ-tlse2.fr\/OVE1\/New_site_OVE_internet\/report_New_Site_OVE_UT2J.htm\" data-type=\"link\" data-id=\"https:\/\/sphinx-enquetes.univ-tlse2.fr\/report\/(T(vq145kabvy))\/r.aspx\">La plateforme In-OVE<\/a><\/strong><\/p>\n\n\n\n<div class=\"wp-block-atomic-blocks-ab-accordion ab-block-accordion ab-font-size-24\"><details open><summary class=\"ab-accordion-title\"><sup><img loading=\"lazy\" decoding=\"async\" width=\"2116\" height=\"1701\" class=\"wp-image-3272\" style=\"width: 45px\" src=\"https:\/\/blogs.univ-tlse2.fr\/mes-premiers-pas\/files\/2024\/08\/Contact-service-1.png\" alt=\"\" srcset=\"https:\/\/blogs.univ-tlse2.fr\/mes-premiers-pas\/files\/2024\/08\/Contact-service-1.png 2116w, https:\/\/blogs.univ-tlse2.fr\/mes-premiers-pas\/files\/2024\/08\/Contact-service-1-300x241.png 300w, https:\/\/blogs.univ-tlse2.fr\/mes-premiers-pas\/files\/2024\/08\/Contact-service-1-1024x823.png 1024w, https:\/\/blogs.univ-tlse2.fr\/mes-premiers-pas\/files\/2024\/08\/Contact-service-1-768x617.png 768w, https:\/\/blogs.univ-tlse2.fr\/mes-premiers-pas\/files\/2024\/08\/Contact-service-1-1536x1235.png 1536w, https:\/\/blogs.univ-tlse2.fr\/mes-premiers-pas\/files\/2024\/08\/Contact-service-1-2048x1646.png 2048w, https:\/\/blogs.univ-tlse2.fr\/mes-premiers-pas\/files\/2024\/08\/Contact-service-1-500x402.png 500w, https:\/\/blogs.univ-tlse2.fr\/mes-premiers-pas\/files\/2024\/08\/Contact-service-1-800x643.png 800w, https:\/\/blogs.univ-tlse2.fr\/mes-premiers-pas\/files\/2024\/08\/Contact-service-1-1280x1029.png 1280w, https:\/\/blogs.univ-tlse2.fr\/mes-premiers-pas\/files\/2024\/08\/Contact-service-1-1920x1543.png 1920w\" sizes=\"auto, (max-width: 2116px) 100vw, 2116px\" \/><\/sup><strong> L&rsquo;Observatoire de la vie \u00e9tudiante<\/strong><\/summary><div class=\"ab-accordion-text\">\n<p class=\"has-medium-font-size\"><sup><img loading=\"lazy\" decoding=\"async\" width=\"2668\" height=\"2861\" class=\"wp-image-3273\" style=\"width: 25px\" src=\"https:\/\/blogs.univ-tlse2.fr\/mes-premiers-pas\/files\/2024\/08\/Lieu-PP2425.png\" alt=\"\" srcset=\"https:\/\/blogs.univ-tlse2.fr\/mes-premiers-pas\/files\/2024\/08\/Lieu-PP2425.png 2668w, https:\/\/blogs.univ-tlse2.fr\/mes-premiers-pas\/files\/2024\/08\/Lieu-PP2425-280x300.png 280w, https:\/\/blogs.univ-tlse2.fr\/mes-premiers-pas\/files\/2024\/08\/Lieu-PP2425-955x1024.png 955w, https:\/\/blogs.univ-tlse2.fr\/mes-premiers-pas\/files\/2024\/08\/Lieu-PP2425-768x824.png 768w, https:\/\/blogs.univ-tlse2.fr\/mes-premiers-pas\/files\/2024\/08\/Lieu-PP2425-1432x1536.png 1432w, https:\/\/blogs.univ-tlse2.fr\/mes-premiers-pas\/files\/2024\/08\/Lieu-PP2425-1910x2048.png 1910w, https:\/\/blogs.univ-tlse2.fr\/mes-premiers-pas\/files\/2024\/08\/Lieu-PP2425-500x536.png 500w, https:\/\/blogs.univ-tlse2.fr\/mes-premiers-pas\/files\/2024\/08\/Lieu-PP2425-800x858.png 800w, https:\/\/blogs.univ-tlse2.fr\/mes-premiers-pas\/files\/2024\/08\/Lieu-PP2425-1280x1373.png 1280w, https:\/\/blogs.univ-tlse2.fr\/mes-premiers-pas\/files\/2024\/08\/Lieu-PP2425-1920x2059.png 1920w\" sizes=\"auto, (max-width: 2668px) 100vw, 2668px\" \/><\/sup><strong>Campus Mirail, <\/strong><br><strong>b\u00e2timent Pr\u00e9sidence<\/strong><br>2<sup>e <\/sup>\u00e9tage<br><a href=\"&#x6d;&#x61;&#x69;&#x6c;&#116;&#111;:ov&#x65;&#x40;&#x75;&#x6e;&#x69;&#118;&#45;tls&#x65;&#x32;&#x2e;&#x66;&#x72;\" data-type=\"mailto\" data-id=\"mailto:&#111;&#118;&#101;&#64;&#x75;&#x6e;&#x69;&#x76;&#x2d;&#x74;&#x6c;&#x73;&#x65;2&#46;fr\" target=\"_blank\" rel=\"noreferrer noopener\">&#x6f;&#118;e&#x40;&#x75;&#110;i&#x76;&#x2d;&#116;l&#x73;&#x65;&#50;&#46;&#x66;&#x72;<\/a><br><\/p>\n<\/div><\/details><\/div>\n","protected":false},"excerpt":{"rendered":"<p>L&rsquo;Observatoire de la Vie \u00c9tudiante (OVE) L\u2019Observatoire de la Vie \u00c9tudiante est un service de l\u2019universit\u00e9 qui a pour mission de recueillir des informations qualitatives et quantitatives, au moyen d&rsquo;enqu\u00eates et d&rsquo;\u00e9tudes statistiques&nbsp;sur les th\u00e9matiques suivantes : Pendant vos \u00e9tudes \u00e0 l\u2019UT2J et durant les ann\u00e9es qui suivent votre sortie de l\u2019universit\u00e9, l\u2019OVE vous sollicitera, [&hellip;]<\/p>\n","protected":false},"author":1145,"featured_media":0,"parent":0,"menu_order":0,"comment_status":"closed","ping_status":"closed","template":"","meta":{"_vp_format_video_url":"","_vp_image_focal_point":[],"footnotes":"","_links_to":"","_links_to_target":""},"class_list":["post-3270","page","type-page","status-publish","hentry","entry"],"featured_image_src":null,"featured_image_src_square":null,"_links":{"self":[{"href":"https:\/\/blogs.univ-tlse2.fr\/mes-premiers-pas\/wp-json\/wp\/v2\/pages\/3270","targetHints":{"allow":["GET"]}}],"collection":[{"href":"https:\/\/blogs.univ-tlse2.fr\/mes-premiers-pas\/wp-json\/wp\/v2\/pages"}],"about":[{"href":"https:\/\/blogs.univ-tlse2.fr\/mes-premiers-pas\/wp-json\/wp\/v2\/types\/page"}],"author":[{"embeddable":true,"href":"https:\/\/blogs.univ-tlse2.fr\/mes-premiers-pas\/wp-json\/wp\/v2\/users\/1145"}],"replies":[{"embeddable":true,"href":"https:\/\/blogs.univ-tlse2.fr\/mes-premiers-pas\/wp-json\/wp\/v2\/comments?post=3270"}],"version-history":[{"count":2,"href":"https:\/\/blogs.univ-tlse2.fr\/mes-premiers-pas\/wp-json\/wp\/v2\/pages\/3270\/revisions"}],"predecessor-version":[{"id":3286,"href":"https:\/\/blogs.univ-tlse2.fr\/mes-premiers-pas\/wp-json\/wp\/v2\/pages\/3270\/revisions\/3286"}],"wp:attachment":[{"href":"https:\/\/blogs.univ-tlse2.fr\/mes-premiers-pas\/wp-json\/wp\/v2\/media?parent=3270"}],"curies":[{"name":"wp","href":"https:\/\/api.w.org\/{rel}","templated":true}]}}

L&rsquo;Observatoire de la vie étudiante

<h1 class="wp-block-heading has-text-align-center has-white-color has-text-color has-background has-link-color wp-elements-da7c0266536794ef0768144526b81ac6" style="background-color:#6b1486"><strong>L&rsquo;Observatoire de la Vie Étudiante</strong> (OVE)</h1>



<p class="has-medium-font-size">L’Observatoire de la Vie Étudiante est un service de l’université qui a pour mission de r<strong>ecueillir des informations qualitatives et quantitatives, au moyen d&rsquo;enquêtes et d&rsquo;études statistiques&nbsp;</strong>sur les thématiques suivantes :</p>



<ul class="wp-block-list has-medium-font-size">
<li class="has-medium-font-size">la connaissances des publics étudiants et leur réussite</li>



<li class="has-medium-font-size">les parcours étudiants</li>



<li class="has-medium-font-size">l’insertion professionnelle</li>



<li class="has-medium-font-size">l’évaluation des formations</li>



<li class="has-medium-font-size">les conditions de vie des étudiant·es</li>



<li class="has-medium-font-size">le devenir des diplômé·es</li>



<li class="has-medium-font-size">la satisfaction des usagers sur les services de l’université</li>
</ul>



<p class="has-medium-font-size"><strong>Pendant vos études à l’UT2J et durant les années qui suivent votre sortie de l’université, l’OVE vous sollicitera, à plusieurs reprises, pour répondre à des enquêtes par questionnaire.</strong> </p>



<p class="has-medium-font-size">Vous serez contacté·e&nbsp;:</p>



<ul class="wp-block-list has-medium-font-size">
<li class="has-medium-font-size">par voie électronique via l’ENT ou via votre adresse électronique personnelle, renseignée lors de votre inscription</li>



<li class="has-medium-font-size">par téléphone grâce à notre équipe d’étudiant·e·s télé-enquêteurs·ices</li>
</ul>



<p class="has-medium-font-size"><strong>Par votre participation aux enquêtes, vous contribuerez à l’amélioration des formations et des conditions d’études de l’ensemble des étudiant·es.</strong></p>



<p class="has-medium-font-size">Toutes les enquêtes menées sont réalisées dans le cadre du Règlement Général sur la Protection des Données (RGPD). Pour chaque enquête, vous pouvez accéder aux données vous concernant, les rectifier, demander leur effacement ou exercer votre droit à la limitation du traitement de vos données. Vous pouvez également, pour des motifs légitimes, vous opposer au traitement des données vous concernant.</p>



<p class="has-medium-font-size">Pour exercer ces droits, ou pour toute question sur le traitement de vos données dans le cadre des dispositifs d’enquêtes menées par l’OVE, vous pouvez contacter le service à l&rsquo;adresse&nbsp;<a href="&#109;&#x61;&#105;&#x6c;&#116;&#x6f;&#58;&#x6f;&#118;&#x65;&#46;&#x72;&#103;&#x70;&#100;&#x40;&#117;&#x6e;&#105;&#x76;&#45;&#x74;&#108;&#x73;&#101;&#x32;&#46;&#x66;&#114;">&#x6f;&#x76;&#x65;&#x2e;&#114;gpd&#64;&#x75;&#x6e;&#x69;&#x76;&#45;tlse&#x32;&#x2e;&#x66;&#x72;</a><em> </em>ou le délégué à la protection des données de l’UT2J à l&rsquo;adresse <a href="m&#x61;&#x69;l&#116;&#x6f;:&#100;&#x70;&#x6f;&#64;&#x75;&#x6e;i&#118;&#x2d;t&#108;&#x73;&#x65;2&#x2e;&#x66;r">&#100;&#x70;&#111;&#x40;u&#x6e;i&#x76;-&#x74;l&#x73;e&#x32;&#46;&#102;&#x72;</a>.</p>



<p class="has-medium-font-size"><img loading="lazy" decoding="async" width="1084" height="731" class="wp-image-3185" style="width: 25px" src="https://blogs.univ-tlse2.fr/mes-premiers-pas/files/2024/08/Puce-paragraphe-Bleu.png" alt="" srcset="https://blogs.univ-tlse2.fr/mes-premiers-pas/files/2024/08/Puce-paragraphe-Bleu.png 1084w, https://blogs.univ-tlse2.fr/mes-premiers-pas/files/2024/08/Puce-paragraphe-Bleu-300x202.png 300w, https://blogs.univ-tlse2.fr/mes-premiers-pas/files/2024/08/Puce-paragraphe-Bleu-1024x691.png 1024w, https://blogs.univ-tlse2.fr/mes-premiers-pas/files/2024/08/Puce-paragraphe-Bleu-768x518.png 768w, https://blogs.univ-tlse2.fr/mes-premiers-pas/files/2024/08/Puce-paragraphe-Bleu-500x337.png 500w, https://blogs.univ-tlse2.fr/mes-premiers-pas/files/2024/08/Puce-paragraphe-Bleu-800x539.png 800w" sizes="auto, (max-width: 1084px) 100vw, 1084px" /> <strong>Accédez aux données chiffrées de l&rsquo;UT2J : <a href="https://sphinx-analyses.univ-tlse2.fr/OVE1/New_site_OVE_internet/report_New_Site_OVE_UT2J.htm" data-type="link" data-id="https://sphinx-enquetes.univ-tlse2.fr/report/(T(vq145kabvy))/r.aspx">La plateforme In-OVE</a></strong></p>



<div class="wp-block-atomic-blocks-ab-accordion ab-block-accordion ab-font-size-24"><details open><summary class="ab-accordion-title"><sup><img loading="lazy" decoding="async" width="2116" height="1701" class="wp-image-3272" style="width: 45px" src="https://blogs.univ-tlse2.fr/mes-premiers-pas/files/2024/08/Contact-service-1.png" alt="" srcset="https://blogs.univ-tlse2.fr/mes-premiers-pas/files/2024/08/Contact-service-1.png 2116w, https://blogs.univ-tlse2.fr/mes-premiers-pas/files/2024/08/Contact-service-1-300x241.png 300w, https://blogs.univ-tlse2.fr/mes-premiers-pas/files/2024/08/Contact-service-1-1024x823.png 1024w, https://blogs.univ-tlse2.fr/mes-premiers-pas/files/2024/08/Contact-service-1-768x617.png 768w, https://blogs.univ-tlse2.fr/mes-premiers-pas/files/2024/08/Contact-service-1-1536x1235.png 1536w, https://blogs.univ-tlse2.fr/mes-premiers-pas/files/2024/08/Contact-service-1-2048x1646.png 2048w, https://blogs.univ-tlse2.fr/mes-premiers-pas/files/2024/08/Contact-service-1-500x402.png 500w, https://blogs.univ-tlse2.fr/mes-premiers-pas/files/2024/08/Contact-service-1-800x643.png 800w, https://blogs.univ-tlse2.fr/mes-premiers-pas/files/2024/08/Contact-service-1-1280x1029.png 1280w, https://blogs.univ-tlse2.fr/mes-premiers-pas/files/2024/08/Contact-service-1-1920x1543.png 1920w" sizes="auto, (max-width: 2116px) 100vw, 2116px" /></sup><strong> L&rsquo;Observatoire de la vie étudiante</strong></summary><div class="ab-accordion-text">
<p class="has-medium-font-size"><sup><img loading="lazy" decoding="async" width="2668" height="2861" class="wp-image-3273" style="width: 25px" src="https://blogs.univ-tlse2.fr/mes-premiers-pas/files/2024/08/Lieu-PP2425.png" alt="" srcset="https://blogs.univ-tlse2.fr/mes-premiers-pas/files/2024/08/Lieu-PP2425.png 2668w, https://blogs.univ-tlse2.fr/mes-premiers-pas/files/2024/08/Lieu-PP2425-280x300.png 280w, https://blogs.univ-tlse2.fr/mes-premiers-pas/files/2024/08/Lieu-PP2425-955x1024.png 955w, https://blogs.univ-tlse2.fr/mes-premiers-pas/files/2024/08/Lieu-PP2425-768x824.png 768w, https://blogs.univ-tlse2.fr/mes-premiers-pas/files/2024/08/Lieu-PP2425-1432x1536.png 1432w, https://blogs.univ-tlse2.fr/mes-premiers-pas/files/2024/08/Lieu-PP2425-1910x2048.png 1910w, https://blogs.univ-tlse2.fr/mes-premiers-pas/files/2024/08/Lieu-PP2425-500x536.png 500w, https://blogs.univ-tlse2.fr/mes-premiers-pas/files/2024/08/Lieu-PP2425-800x858.png 800w, https://blogs.univ-tlse2.fr/mes-premiers-pas/files/2024/08/Lieu-PP2425-1280x1373.png 1280w, https://blogs.univ-tlse2.fr/mes-premiers-pas/files/2024/08/Lieu-PP2425-1920x2059.png 1920w" sizes="auto, (max-width: 2668px) 100vw, 2668px" /></sup><strong>Campus Mirail, </strong><br><strong>bâtiment Présidence</strong><br>2<sup>e </sup>étage<br><a href="&#x6d;&#x61;&#x69;&#x6c;&#116;&#111;:ov&#x65;&#x40;&#x75;&#x6e;&#x69;&#118;&#45;tls&#x65;&#x32;&#x2e;&#x66;&#x72;" data-type="mailto" data-id="mailto:&#111;&#118;&#101;&#64;&#x75;&#x6e;&#x69;&#x76;&#x2d;&#x74;&#x6c;&#x73;&#x65;2&#46;fr" target="_blank" rel="noreferrer noopener">&#x6f;&#118;e&#x40;&#x75;&#110;i&#x76;&#x2d;&#116;l&#x73;&#x65;&#50;&#46;&#x66;&#x72;</a><br></p>
</div></details></div>

<p>L&rsquo;Observatoire de la Vie Étudiante (OVE) L’Observatoire de la Vie Étudiante est un service de l’université qui a pour mission de recueillir des informations qualitatives et quantitatives, au moyen d&rsquo;enquêtes et d&rsquo;études statistiques&nbsp;sur les thématiques suivantes : Pendant vos études à l’UT2J et durant les années qui suivent votre sortie de l’université, l’OVE vous sollicitera, [&hellip;]</p>
