 {"id":3448,"date":"2024-09-05T14:55:42","date_gmt":"2024-09-05T12:55:42","guid":{"rendered":"https:\/\/blogs.univ-tlse2.fr\/mes-premiers-pas\/?page_id=3448"},"modified":"2024-09-05T14:55:42","modified_gmt":"2024-09-05T12:55:42","slug":"localisation-ufr-langues-litteratures-et-civilisations-etrangeres","status":"publish","type":"page","link":"https:\/\/blogs.univ-tlse2.fr\/mes-premiers-pas\/localisation-ufr-langues-litteratures-et-civilisations-etrangeres\/","title":{"rendered":"Localisation UFR Langues, litt\u00e9ratures et civilisations \u00e9trang\u00e8res"},"content":{"rendered":"\n<mapplic-map id=\"mapplic-3449\" data-json=\"{&quot;settings&quot;:{&quot;mapWidth&quot;:1848,&quot;mapHeight&quot;:1313,&quot;zoom&quot;:true,&quot;hoverTooltip&quot;:true,&quot;maxZoom&quot;:3,&quot;layer&quot;:&quot;layer1&quot;,&quot;layerSwitcher&quot;:&quot;top-right&quot;,&quot;resetButton&quot;:&quot;bottom-right&quot;,&quot;zoomButtons&quot;:&quot;bottom-right&quot;,&quot;accessibility&quot;:true,&quot;geo&quot;:true,&quot;extent&quot;:&quot;&quot;,&quot;searchText&quot;:&quot;&quot;,&quot;css&quot;:&quot;&quot;,&quot;deeplinking&quot;:true,&quot;hoverAbout&quot;:true,&quot;legendHorizontal&quot;:false,&quot;legendTitle&quot;:&quot;Service d&#039;enseignement &agrave; distance (SED)&quot;,&quot;legendToggle&quot;:true,&quot;fullscreen&quot;:&quot;&quot;,&quot;closeReset&quot;:true,&quot;mouseWheel&quot;:false,&quot;scrollTop&quot;:null},&quot;locations&quot;:[{&quot;id&quot;:&quot;llce&quot;,&quot;title&quot;:&quot;UFR Langues, litt&eacute;ratures et civilisations &eacute;trang&egrave;res&quot;,&quot;desc&quot;:&quot;&lt;p&gt;&lt;em&gt;D&eacute;partements&lt;\/em&gt;&lt;\/p&gt;&lt;p&gt;&bull; Traduction, interpr&eacute;tation et m&eacute;diation linguistique (D-TIM)&lt;\/p&gt;&lt;p&gt;&bull; &Eacute;tudes du fran&ccedil;ais langue &eacute;trang&egrave;re (Defle)&lt;\/p&gt;&lt;p&gt;&bull; &Eacute;tudes du monde anglophone (DEMA)&lt;\/p&gt;&lt;p&gt;&bull; &Eacute;tudes hispaniques et hispano-am&eacute;ricaines (DEHHA)&lt;\/p&gt;&lt;p&gt;&bull; Langues &eacute;trang&egrave;res&lt;\/p&gt;&lt;p&gt;&bull; Langues &eacute;trang&egrave;res appliqu&eacute;es (LEA)&lt;\/p&gt;&lt;p&gt;&bull; Sciences du langage&lt;\/p&gt;&quot;,&quot;coord&quot;:[0.6566,0.5938],&quot;layer&quot;:&quot;layer1&quot;,&quot;scale&quot;:1.2,&quot;link&quot;:&quot;https:\/\/www.univ-tlse2.fr\/accueil\/universite\/organisation\/ufr-langues-litteratures-civilisations-etrangeres&quot;,&quot;phone&quot;:&quot;05 61 50 3792 &quot;,&quot;zoom&quot;:3,&quot;hide&quot;:true,&quot;sample&quot;:&quot;loc2&quot;,&quot;disable&quot;:false,&quot;type&quot;:&quot;circle&quot;,&quot;more&quot;:&quot;Savoir +&quot;,&quot;color&quot;:&quot;#f3004e&quot;,&quot;image&quot;:&quot;https:\/\/blogs.univ-tlse2.fr\/mes-premiers-pas\/files\/2024\/09\/Visuel_Plan_Interactif_UFR_LLCE.jpg&quot;},{&quot;id&quot;:&quot;def&quot;,&quot;title&quot;:&quot;Default values&quot;,&quot;group&quot;:[],&quot;sample&quot;:&quot;true&quot;}],&quot;layers&quot;:[{&quot;id&quot;:&quot;layer1&quot;,&quot;name&quot;:&quot;Layer 1&quot;,&quot;file&quot;:&quot;https:\/\/blogs.univ-tlse2.fr\/mes-premiers-pas\/files\/2024\/09\/PLAN-campus-BLEU-20_06_2024.png&quot;}],&quot;breakpoints&quot;:[{&quot;name&quot;:&quot;all-screens&quot;,&quot;below&quot;:9000,&quot;container&quot;:600},{&quot;name&quot;:&quot;mobile&quot;,&quot;below&quot;:480,&quot;container&quot;:400,&quot;portrait&quot;:true}],&quot;groups&quot;:[],&quot;styles&quot;:[],&quot;filters&quot;:[],&quot;routes&quot;:[],&quot;legend&quot;:[{&quot;id&quot;:&quot;itemNaN&quot;,&quot;text&quot;:&quot;service d&#039;enseignement &agrave; distance (SED)&quot;,&quot;color&quot;:&quot;#abef1c&quot;,&quot;scale&quot;:2.7,&quot;radius&quot;:27,&quot;disable&quot;:false,&quot;chosen&quot;:false,&quot;selected&quot;:false}]}\" data-path=\"https:\/\/blogs.univ-tlse2.fr\/mes-premiers-pas\/wp-content\/plugins\/mapplic-wp\/\/core\/\"><\/mapplic-map>\n","protected":false},"excerpt":{"rendered":"","protected":false},"author":1145,"featured_media":0,"parent":0,"menu_order":0,"comment_status":"closed","ping_status":"closed","template":"","meta":{"_vp_format_video_url":"","_vp_image_focal_point":[],"footnotes":"","_links_to":"","_links_to_target":""},"class_list":["post-3448","page","type-page","status-publish","hentry","entry"],"featured_image_src":null,"featured_image_src_square":null,"_links":{"self":[{"href":"https:\/\/blogs.univ-tlse2.fr\/mes-premiers-pas\/wp-json\/wp\/v2\/pages\/3448","targetHints":{"allow":["GET"]}}],"collection":[{"href":"https:\/\/blogs.univ-tlse2.fr\/mes-premiers-pas\/wp-json\/wp\/v2\/pages"}],"about":[{"href":"https:\/\/blogs.univ-tlse2.fr\/mes-premiers-pas\/wp-json\/wp\/v2\/types\/page"}],"author":[{"embeddable":true,"href":"https:\/\/blogs.univ-tlse2.fr\/mes-premiers-pas\/wp-json\/wp\/v2\/users\/1145"}],"replies":[{"embeddable":true,"href":"https:\/\/blogs.univ-tlse2.fr\/mes-premiers-pas\/wp-json\/wp\/v2\/comments?post=3448"}],"version-history":[{"count":1,"href":"https:\/\/blogs.univ-tlse2.fr\/mes-premiers-pas\/wp-json\/wp\/v2\/pages\/3448\/revisions"}],"predecessor-version":[{"id":3450,"href":"https:\/\/blogs.univ-tlse2.fr\/mes-premiers-pas\/wp-json\/wp\/v2\/pages\/3448\/revisions\/3450"}],"wp:attachment":[{"href":"https:\/\/blogs.univ-tlse2.fr\/mes-premiers-pas\/wp-json\/wp\/v2\/media?parent=3448"}],"curies":[{"name":"wp","href":"https:\/\/api.w.org\/{rel}","templated":true}]}}